{"id":3648,"date":"2020-04-29T13:05:10","date_gmt":"2020-04-29T16:05:10","guid":{"rendered":"https:\/\/www.ufsm.br\/pro-reitorias\/proplan\/?page_id=3648"},"modified":"2020-04-29T13:13:27","modified_gmt":"2020-04-29T16:13:27","slug":"resolucao-n-004-1985","status":"publish","type":"page","link":"https:\/\/www.ufsm.br\/pro-reitorias\/proplan\/resolucao-n-004-1985","title":{"rendered":"Resolu\u00e7\u00e3o N. 004\/1985"},"content":{"rendered":"\t\t<div data-elementor-type=\"wp-page\" data-elementor-id=\"3648\" class=\"elementor elementor-3648\">\n\t\t\t\t\t\t<section class=\"elementor-section elementor-top-section elementor-element elementor-element-9014da1 elementor-section-boxed elementor-section-height-default elementor-section-height-default\" data-id=\"9014da1\" data-element_type=\"section\">\n\t\t\t\t\t\t<div class=\"elementor-container elementor-column-gap-default\">\n\t\t\t\t\t<div class=\"elementor-column elementor-col-100 elementor-top-column elementor-element elementor-element-76cd670\" data-id=\"76cd670\" data-element_type=\"column\">\n\t\t\t<div class=\"elementor-widget-wrap elementor-element-populated\">\n\t\t\t\t\t\t<div class=\"elementor-element elementor-element-5ee7937 elementor-widget elementor-widget-html\" data-id=\"5ee7937\" data-element_type=\"widget\" data-widget_type=\"html.default\">\n\t\t\t\t<div class=\"elementor-widget-container\">\n\t\t\t\r\n\r\n\r\n<title><b>RESOLU\u00c7\u00c3O N. 004\/1985<\/b><\/title>\r\n\r\n\r\n<div align=\"center\"><img decoding=\"async\" src=\"https:\/\/www.ufsm.br\/pro-reitorias\/proplan\/wp-content\/uploads\/sites\/344\/2019\/09\/brasao-da-republica-do-brasil-logo.png\" alt=\"Bras\u00e3o Rep\u00fablica Federativa do Brasil\" width=\"6%\" height=\"6%\"><\/div>    \r\n<h1><font color=\"blue\"><font size=\"5\"><div align=\"center\">SERVI\u00c7O P\u00daBLICO FEDERAL<\/b><\/font><\/font><\/div><\/H1>\r\n<p><div align=\"center\"><b><a href=\"https:\/\/portal.ufsm.br\/documentos\/publico\/documento.html?id=5761868\" target=\"_blank\"><font color=\"blue\">RESOLU\u00c7\u00c3O N. 004\/1985<\/font><\/a><\/b><\/div><\/p>\r\n<br>\r\n<strike><p><div align=\"right\"><font color=\"800000\">Implanta, oficialmente, no Centro de Educa\u00e7\u00e3o, o Laborat\u00f3rio de Ensino e Instru\u00e7\u00e3o, LEICE, e d\u00e1 outras provid\u00eancias.<\/font><\/div><\/p><\/strike>\r\n<br>\r\n<p><u><a href=\"https:\/\/www.ufsm.br\/pro-reitorias\/proplan\/resolucao-n-007-1985\/\" target=\"_blank\"><font color=\"blue\">Revogada pela Resolu\u00e7\u00e3o N. 007\/1985<\/font><\/a><\/u><\/p>\r\n<br>\r\n<br><div align=\"justify\">\r\n<strike>\r\n<p>O REITOR DA UNIVERSIDADE FEDERAL DE SANTA MARIA, no uso de suas atribui\u00e7\u00f5es legais e estatut\u00e1rias e,<\/p>\r\n<p>- considerando a conveni\u00eancia de melhorar constantemente o processo de ensino-aprendizagem pela atualiza\u00e7\u00e3o de recursos t\u00e9cnicos e aplica\u00e7\u00e3o da Tecnologia Educacional;<\/p>\r\n<p>- considerando a necessidade de oportunizar aos alunos do Programa de Mestrado, na disciplina de Tecnologia Educacional TI, conhecimento t\u00e9cnico e aplica\u00e7\u00e3o pratica da referida disciplina na educa\u00e7\u00e3o:<\/p>\r\n<p>- considerando a conveni\u00eancia de proporcionar aos discentes da Gradua\u00e7\u00e3o apresenta\u00e7\u00f5es de programa\u00e7\u00f5es instrucionais facilitadoras da aprendizagem;<\/p>\r\n<p>- considerando a validade de assessoramento de docentes do Centro de Educa\u00e7\u00e3o e da UFSM na produ\u00e7\u00e3o e elabora\u00e7\u00e3o de materiais instrucionais;<\/p>\r\n<p>- considerando a necessidade da realiza\u00e7\u00e3o de pesquisas que se relacionem ao uso de metodologias e tecnologias diretamente vinculadas a Tecnologia Educacional:<\/p>\r\n<p>- considerando a validade de atender-se solicita\u00e7\u00f5es da comunidade \u00e0 medida em que for se desenvolvendo a capacidade de atendimento, e <\/p>\r\n<p>- considerando a manifesta\u00e7\u00e3o unanime do Egr\u00e9gio Conselho Universit\u00e1rio, tomada em sua 360a. sess\u00e3o, realizada no dia 03 de abril do ano corrente,<\/p>\r\n<br>\r\n<p><div align=\"center\">RESOLVE:<\/div><\/p>\r\n<br>\r\n<p>Art. 1\u00ba - Fica implantado, oficialmente, no Centro de Educa\u00e7\u00e3o da Universidade Federal de Santa Maria, o Laborat\u00f3rio de Ensino e Instru\u00e7\u00e3o-LEICE.<\/p>\r\n<p>Art. 2\u00ba - Esta Resolu\u00e7\u00e3o tem validade enquanto vigir o atual Estatuto da Universidade Federal de Santa Maria.<\/p>\r\n<p>Art. 3\u00ba - Revogadas as disposi\u00e7\u00f5es em contr\u00e1rio esta Resolu\u00e7\u00e3o entra em vigor nesta data.<\/p>\r\n<p>Gabinete do Reitor da Universidade Federal de Santa Maria, 29 de abril de 1985.<\/p>\r\n<\/div>\r\n<p>Prof. Prof. Armando Vallandro,<\/p>\r\n<p>Reitor.<\/p>\r\n<\/strike>\r\n<p><font color=\"red0000\">Este texto n\u00e3o substitui o documento original, publicado no Portal de Documentos.<\/font> Dispon\u00edvel em: <a href=\"https:\/\/portal.ufsm.br\/documentos\/publico\/documento.html?id=5761868\" target=\"_blank\"><font color=\"blue\">https:\/\/portal.ufsm.br\/documentos\/publico\/documento.html?id=5761868<\/font><\/a>\r\n\r\n\t\t<\/div>\n\t\t\t\t<\/div>\n\t\t\t\t\t<\/div>\n\t\t<\/div>\n\t\t\t\t\t<\/div>\n\t\t<\/section>\n\t\t\t\t<\/div>\n\t\t","protected":false},"excerpt":{"rendered":"<p>&lt;b&gt;RESOLU\u00c7\u00c3O N. 004\/1985&lt;\/b&gt; SERVI\u00c7O P\u00daBLICO FEDERAL RESOLU\u00c7\u00c3O N. 004\/1985 Implanta, oficialmente, no Centro de Educa\u00e7\u00e3o, o Laborat\u00f3rio de Ensino e Instru\u00e7\u00e3o, LEICE, e d\u00e1 outras provid\u00eancias. Revogada pela Resolu\u00e7\u00e3o N. 007\/1985 O REITOR DA UNIVERSIDADE FEDERAL DE SANTA MARIA, no uso de suas atribui\u00e7\u00f5es legais e estatut\u00e1rias e, &#8211; considerando a conveni\u00eancia de melhorar constantemente [&hellip;]<\/p>\n","protected":false},"author":205,"featured_media":0,"parent":0,"menu_order":0,"comment_status":"closed","ping_status":"closed","template":"","meta":{"footnotes":""},"categories":[],"tags":[],"class_list":["post-3648","page","type-page","status-publish","hentry"],"acf":[],"_links":{"self":[{"href":"https:\/\/www.ufsm.br\/pro-reitorias\/proplan\/wp-json\/wp\/v2\/pages\/3648","targetHints":{"allow":["GET"]}}],"collection":[{"href":"https:\/\/www.ufsm.br\/pro-reitorias\/proplan\/wp-json\/wp\/v2\/pages"}],"about":[{"href":"https:\/\/www.ufsm.br\/pro-reitorias\/proplan\/wp-json\/wp\/v2\/types\/page"}],"author":[{"embeddable":true,"href":"https:\/\/www.ufsm.br\/pro-reitorias\/proplan\/wp-json\/wp\/v2\/users\/205"}],"replies":[{"embeddable":true,"href":"https:\/\/www.ufsm.br\/pro-reitorias\/proplan\/wp-json\/wp\/v2\/comments?post=3648"}],"version-history":[{"count":0,"href":"https:\/\/www.ufsm.br\/pro-reitorias\/proplan\/wp-json\/wp\/v2\/pages\/3648\/revisions"}],"wp:attachment":[{"href":"https:\/\/www.ufsm.br\/pro-reitorias\/proplan\/wp-json\/wp\/v2\/media?parent=3648"}],"wp:term":[{"taxonomy":"category","embeddable":true,"href":"https:\/\/www.ufsm.br\/pro-reitorias\/proplan\/wp-json\/wp\/v2\/categories?post=3648"},{"taxonomy":"post_tag","embeddable":true,"href":"https:\/\/www.ufsm.br\/pro-reitorias\/proplan\/wp-json\/wp\/v2\/tags?post=3648"}],"curies":[{"name":"wp","href":"https:\/\/api.w.org\/{rel}","templated":true}]}}