{"id":3726,"date":"2020-05-11T17:01:00","date_gmt":"2020-05-11T20:01:00","guid":{"rendered":"https:\/\/www.ufsm.br\/pro-reitorias\/proplan\/?page_id=3726"},"modified":"2020-09-23T11:22:56","modified_gmt":"2020-09-23T14:22:56","slug":"resolucao-n-027-1983","status":"publish","type":"page","link":"https:\/\/www.ufsm.br\/pro-reitorias\/proplan\/resolucao-n-027-1983","title":{"rendered":"Resolu\u00e7\u00e3o N. 027\/1983"},"content":{"rendered":"\t\t<div data-elementor-type=\"wp-page\" data-elementor-id=\"3726\" class=\"elementor elementor-3726\">\n\t\t\t\t\t\t<section class=\"elementor-section elementor-top-section elementor-element elementor-element-612f177 elementor-section-boxed elementor-section-height-default elementor-section-height-default\" data-id=\"612f177\" data-element_type=\"section\">\n\t\t\t\t\t\t<div class=\"elementor-container elementor-column-gap-default\">\n\t\t\t\t\t<div class=\"elementor-column elementor-col-100 elementor-top-column elementor-element elementor-element-396f462\" data-id=\"396f462\" data-element_type=\"column\">\n\t\t\t<div class=\"elementor-widget-wrap elementor-element-populated\">\n\t\t\t\t\t\t<div class=\"elementor-element elementor-element-19e6988 elementor-widget elementor-widget-html\" data-id=\"19e6988\" data-element_type=\"widget\" data-widget_type=\"html.default\">\n\t\t\t\t<div class=\"elementor-widget-container\">\n\t\t\t\r\n\r\n\r\n<title><b>RESOLU\u00c7\u00c3O N. 027\/1983<\/b><\/title>\r\n\r\n\r\n<div align=\"center\"><img decoding=\"async\" src=\"https:\/\/www.ufsm.br\/pro-reitorias\/proplan\/wp-content\/uploads\/sites\/344\/2019\/09\/brasao-da-republica-do-brasil-logo.png\" alt=\"Bras\u00e3o Rep\u00fablica Federativa do Brasil\" width=\"6%\" height=\"6%\"><\/div>    \r\n<h1><font color=\"blue\"><font size=\"5\"><div align=\"center\">SERVI\u00c7O P\u00daBLICO FEDERAL<\/font><\/font><\/div><\/H1>\r\n<p><div align=\"center\"><b><a href=\"https:\/\/portal.ufsm.br\/documentos\/publico\/documento.html?id=5760001\" target=\"_blank\"><font color=\"blue\">RESOLU\u00c7\u00c3O N. 027\/1983<\/font><\/a><\/b><\/div><\/p>\r\n<br>\r\n<strike><p><div align=\"right\"><font color=\"800000\">D\u00e1 nova composi\u00e7\u00e3o \u00e0s Comiss\u00f5es de Acompanhamento e Avalia\u00e7\u00e3o do Desempenho Docente dos Departamentos (CAAD).<\/font><\/div><\/p><\/strike>\r\n<br>\r\n<p><u><a href=\"https:\/\/www.ufsm.br\/pro-reitorias\/proplan\/resolucao-n-020-2019\/\" target=\"_blank\"><font color=\"blue\">Revogada pela Resolu\u00e7\u00e3o N. 020\/2019<\/font><\/a><\/u><\/p>\r\n<br>\r\n<br><div align=\"justify\">\r\n<strike>\r\n<p>O REITOR DA UNIVERSIDADE FEDERAL DE SANTA MARIA, no uso de suas atribui\u00e7\u00f5es legais e estatut\u00e1rias, e considerando:\r\n<p>- uma das conclus\u00f5es da Comiss\u00e3o Central institu\u00edda pela <u><a href=\"https:\/\/www.ufsm.br\/pro-reitorias\/proplan\/resolucao-n-006-1983\/\" target=\"_blank\"><font color=\"blue\">Resolu\u00e7\u00e3o n\u00ba 06\/83 de 11 de abril de 1983<\/font><\/a><\/u>, que estudou a redefini\u00e7\u00e3o dos crit\u00e9rios de Acompanhamento e avalia\u00e7\u00e3o de Desempenho Docente; \r\n<p>- o aprovado pela Comiss\u00e3o Permanente de Pessoal Docente em reuni\u00e3o realizada em 14 de dezembro de 1983,<\/p>\r\n<br>\r\n<p><div align=\"center\">RESOLVE:<\/div><\/p>\r\n<br>\r\n<p>Art. 1\u00ba - A Comiss\u00e3o de Acompanhamento e Avalia\u00e7\u00e3o do Desempenho Docente (CAAD)\r\nde cada Departamento ser\u00e1 integrada por 02 (dois) professores como efetivos e 02 (dois) professores como suplentes e do Chefe do Departamento como seu presidente.<\/p>\r\n<p>Art. 2\u00ba - Os professores ser\u00e3o eleitos pelo Departamento para um per\u00edodo de 02 (dois) anos, podendo haver uma recondu\u00e7\u00e3o.<\/p>\r\n<p>Art. 3\u00ba - O Departamento fixar\u00e1 as horas de trabalho a serem deduzidas do regime de trabalho dos membros efetivos da CAAD, a t\u00edtulo de Encargos Adicionais para o cumprimento das atribui\u00e7\u00f5es inerentes \u00e0 participa\u00e7\u00e3o nas atividades da Comiss\u00e3o.<\/p>\r\n<p>Art. 4\u00ba - O Departamento, no prazo de 30 (trinta) dias, dever\u00e1 eleger a nova CAAD, nos moldes previstos no Art. 1\u00ba desta Resolu\u00e7\u00e3o, fazendo a imediata comunica\u00e7\u00e3o \u00e0 CPPD que providenciar\u00e1 na oficializa\u00e7\u00e3o das mesmas.<\/p>\r\n<p>Art. 5\u00ba - Ficam extintas \u00e0s Comiss\u00f5es de Acompanhamento e Avalia\u00e7\u00e3o do Desempenho Docente organizadas de acordo com a <u><a href=\"https:\/\/www.ufsm.br\/pro-reitorias\/proplan\/resolucao-n-018-1982\/\" target=\"_blank\"><font color=\"blue\">Resolu\u00e7\u00e3o n\u00ba 18\/82 de 21 de outubro de 1982<\/font><\/a><\/u>.<\/p>\r\n<p>GABINETE DO REITOR DA UNIVERSIDADE FEDERAL DE SANTA MARIA, aos dezesseis dias do m\u00eas de dezembro de mil novecentos e oitenta e tr\u00eas.<\/p>\r\n<\/div>\r\n<p>Prof. Armando Vallandro,<\/p>\r\n<p>Reitor.<\/p>\r\n<\/strike>\r\n<p><font color=\"red0000\">Este texto n\u00e3o substitui o documento original, publicado no Portal de Documentos.<\/font> Dispon\u00edvel em: <a href=\"https:\/\/portal.ufsm.br\/documentos\/publico\/documento.html?id=5760001\" target=\"_blank\"><font color=\"blue\">https:\/\/portal.ufsm.br\/documentos\/publico\/documento.html?id=5760001<\/font><\/a>\r\n\r\n\t\t<\/div>\n\t\t\t\t<\/div>\n\t\t\t\t\t<\/div>\n\t\t<\/div>\n\t\t\t\t\t<\/div>\n\t\t<\/section>\n\t\t\t\t<\/div>\n\t\t","protected":false},"excerpt":{"rendered":"<p>&lt;b&gt;RESOLU\u00c7\u00c3O N. 027\/1983&lt;\/b&gt; SERVI\u00c7O P\u00daBLICO FEDERAL RESOLU\u00c7\u00c3O N. 027\/1983 D\u00e1 nova composi\u00e7\u00e3o \u00e0s Comiss\u00f5es de Acompanhamento e Avalia\u00e7\u00e3o do Desempenho Docente dos Departamentos (CAAD). Revogada pela Resolu\u00e7\u00e3o N. 020\/2019 O REITOR DA UNIVERSIDADE FEDERAL DE SANTA MARIA, no uso de suas atribui\u00e7\u00f5es legais e estatut\u00e1rias, e considerando: &#8211; uma das conclus\u00f5es da Comiss\u00e3o Central institu\u00edda [&hellip;]<\/p>\n","protected":false},"author":205,"featured_media":0,"parent":0,"menu_order":0,"comment_status":"closed","ping_status":"closed","template":"","meta":{"footnotes":""},"categories":[],"tags":[],"class_list":["post-3726","page","type-page","status-publish","hentry"],"acf":[],"_links":{"self":[{"href":"https:\/\/www.ufsm.br\/pro-reitorias\/proplan\/wp-json\/wp\/v2\/pages\/3726","targetHints":{"allow":["GET"]}}],"collection":[{"href":"https:\/\/www.ufsm.br\/pro-reitorias\/proplan\/wp-json\/wp\/v2\/pages"}],"about":[{"href":"https:\/\/www.ufsm.br\/pro-reitorias\/proplan\/wp-json\/wp\/v2\/types\/page"}],"author":[{"embeddable":true,"href":"https:\/\/www.ufsm.br\/pro-reitorias\/proplan\/wp-json\/wp\/v2\/users\/205"}],"replies":[{"embeddable":true,"href":"https:\/\/www.ufsm.br\/pro-reitorias\/proplan\/wp-json\/wp\/v2\/comments?post=3726"}],"version-history":[{"count":0,"href":"https:\/\/www.ufsm.br\/pro-reitorias\/proplan\/wp-json\/wp\/v2\/pages\/3726\/revisions"}],"wp:attachment":[{"href":"https:\/\/www.ufsm.br\/pro-reitorias\/proplan\/wp-json\/wp\/v2\/media?parent=3726"}],"wp:term":[{"taxonomy":"category","embeddable":true,"href":"https:\/\/www.ufsm.br\/pro-reitorias\/proplan\/wp-json\/wp\/v2\/categories?post=3726"},{"taxonomy":"post_tag","embeddable":true,"href":"https:\/\/www.ufsm.br\/pro-reitorias\/proplan\/wp-json\/wp\/v2\/tags?post=3726"}],"curies":[{"name":"wp","href":"https:\/\/api.w.org\/{rel}","templated":true}]}}