{"id":3728,"date":"2020-05-13T08:02:07","date_gmt":"2020-05-13T11:02:07","guid":{"rendered":"https:\/\/www.ufsm.br\/pro-reitorias\/proplan\/?page_id=3728"},"modified":"2022-06-01T14:01:02","modified_gmt":"2022-06-01T17:01:02","slug":"resolucao-n-011-2020","status":"publish","type":"page","link":"https:\/\/www.ufsm.br\/pro-reitorias\/proplan\/resolucao-n-011-2020","title":{"rendered":"Resolu\u00e7\u00e3o N. 011\/2020"},"content":{"rendered":"\t\t<div data-elementor-type=\"wp-page\" data-elementor-id=\"3728\" class=\"elementor elementor-3728\">\n\t\t\t\t\t\t<section class=\"elementor-section elementor-top-section elementor-element elementor-element-5db9abd elementor-section-boxed elementor-section-height-default elementor-section-height-default\" data-id=\"5db9abd\" data-element_type=\"section\">\n\t\t\t\t\t\t<div class=\"elementor-container elementor-column-gap-default\">\n\t\t\t\t\t<div class=\"elementor-column elementor-col-100 elementor-top-column elementor-element elementor-element-787cea4\" data-id=\"787cea4\" data-element_type=\"column\">\n\t\t\t<div class=\"elementor-widget-wrap elementor-element-populated\">\n\t\t\t\t\t\t<div class=\"elementor-element elementor-element-3e4cda3 elementor-widget elementor-widget-html\" data-id=\"3e4cda3\" data-element_type=\"widget\" data-widget_type=\"html.default\">\n\t\t\t\t<div class=\"elementor-widget-container\">\n\t\t\t\ufeff\r\n\r\n\r\n<title><b>RESOLU\u00c7\u00c3O N. 011\/2020<\/b><\/title>\r\n\r\n\r\n<div align=\"center\"><img decoding=\"async\" src=\"https:\/\/www.ufsm.br\/pro-reitorias\/proplan\/wp-content\/uploads\/sites\/344\/2019\/09\/brasao-da-republica-do-brasil-logo.png\" alt=\"Bras\u00e3o Rep\u00fablica Federativa do Brasil\" width=\"6%\" height=\"6%\"><\/div>    \r\n<h1><font color=\"blue\"><font size=\"5\"><div align=\"center\">MINIST\u00c9RIO DA EDUCA\u00c7\u00c3O<\/b><\/font><\/font><\/div><\/H1>\r\n<p><b><font color=\"0000blue\"><div align=\"center\">UNIVERSIDADE FEDERAL DE SANTA MARIA<\/b><\/font><\/div><\/p>\r\n<p><div align=\"center\"><b><a href=\"https:\/\/portal.ufsm.br\/documentos\/publico\/documento.html?id=13058598\" target=\"_blank\"><font color=\"blue\">RESOLU\u00c7\u00c3O N. 011\/2020<\/font><\/a><\/b><\/div><\/p>\r\n<br>\r\n<p><div align=\"right\"><font color=\"800000\"><strike>Aprova a cria\u00e7\u00e3o do \u00f3rg\u00e3o colegiado denominado Comiss\u00e3o Permanente de Implanta\u00e7\u00e3o das Novas Diretrizes Curriculares Nacionais (DCN\u2019s) de Engenharia (CODCNEng), vinculada ao Centro de Tecnologia da estrutura organizacional da Universidade Federal de Santa Maria (UFSM).<\/strike><\/font><\/div><\/p>\r\n<br>\r\n<p><a href=\"https:\/\/www.ufsm.br\/pro-reitorias\/proplan\/resolucao-ufsm-n-094-2022\/\" target=\"_blank\"><font color=\"blue\">Revogada pela Resolu\u00e7\u00e3o UFSM N. 094\/2022<\/font><\/a>\r\n<br><div align=\"justify\">\r\n<strike>\r\n<p>O REITOR DA UNIVERSIDADE FEDERAL DE SANTA MARIA, no uso de suas atribui\u00e7\u00f5es legais e estatut\u00e1rias e considerando:<\/p>\r\n<p>- o Art. 56 da <u><a href=\"http:\/\/www.planalto.gov.br\/ccivil_03\/leis\/l9394.htm\" target=\"_blank\"><font color=\"blue\">Lei N. 9.394, de 20 de dezembro de 1996<\/font><\/a><\/u>, que estabelece as diretrizes e bases da educa\u00e7\u00e3o nacional;<\/p>\r\n<p>- o <a href=\"http:\/\/www.planalto.gov.br\/ccivil_03\/_ato2015-2018\/2017\/decreto\/D9191.htm\" target=\"_blank\"><font color=\"blue\"><u>Decreto N. 9.191, de 1\u00ba de novembro de 2017<\/u><\/font><\/a>, que estabelece as normas e as diretrizes para elabora\u00e7\u00e3o, reda\u00e7\u00e3o, altera\u00e7\u00e3o, consolida\u00e7\u00e3o e encaminhamento de propostas de atos normativos ao Presidente da Rep\u00fablica pelos Ministros de Estado;<\/p>\r\n<p>- o <u><a href=\"http:\/\/www.planalto.gov.br\/ccivil_03\/_ato2019-2022\/2019\/decreto\/D9759.htm\" target=\"_blank\"><font color=\"blue\">Decreto N. 9.759, de 11 de abril de 2019<\/font><\/a><\/u>, que extingue e estabelece diretrizes, regras e limita\u00e7\u00f5es para colegiados da administra\u00e7\u00e3o p\u00fablica federal;<\/p>\r\n<p>- a <u><a href=\"http:\/\/www.in.gov.br\/web\/dou\/-\/resolu%C3%87%C3%83o-n%C2%BA-2-de-24-de-abril-de-2019-85344528\" target=\"_blank\"><font color=\"blue\">Resolu\u00e7\u00e3o N. 002, de 24 de abril de 2019<\/font><\/a><\/u>, que institui as Diretrizes Curriculares Nacionais do Curso de Gradua\u00e7\u00e3o em Engenharia;<\/p>\r\n<p>- que sua cria\u00e7\u00e3o \u00e9 de extrema import\u00e2ncia para aprecia\u00e7\u00e3o, discuss\u00e3o e tomada de decis\u00e3o em rela\u00e7\u00e3o \u00e0s novas DCN\u2019s de Engenharia;<\/p>\r\n<p>- o Parecer N. 022\/2020 da Comiss\u00e3o de Legisla\u00e7\u00e3o e Regimentos (CLR), aprovado na 827\u00aa Sess\u00e3o do Conselho Universit\u00e1rio, de 30 de abril de 2020, referente ao <a href=\"https:\/\/portal.ufsm.br\/documentos\/publico\/processo\/documento.html?idDocumento=12878359\" target=\"_blank\"><font color=\"blue\">Processo N. 23081.064811\/2019-08<\/font><\/a>.<\/p>\r\n<br>\r\n<p>RESOLVE:<\/p>\r\n<br>\r\n<p>Art. 1\u00ba Aprovar a cria\u00e7\u00e3o do \u00f3rg\u00e3o colegiado denominado Comiss\u00e3o Permanente de Implanta\u00e7\u00e3o das Novas Diretrizes Curriculares Nacionais (DCN\u2019s) de Engenharia (CODCNEng), vinculado ao Centro de Tecnologia da estrutura organizacional da Universidade Federal de Santa Maria (UFSM).<\/p>\r\n<br>\r\n<p>T\u00cdTULO I<\/p>\r\n<p>DAS COMPET\u00caNCIAS<\/p>\r\n<br>\r\n<p>Art. 2\u00ba Caber\u00e1 \u00e0 Comiss\u00e3o Permanente de Implanta\u00e7\u00e3o das Novas DCN\u2019s de Engenharia (CODCNEng), um \u00f3rg\u00e3o representativo frente \u00e0 Comiss\u00e3o Nacional de Implanta\u00e7\u00e3o das Novas Diretrizes Curriculares Nacionais (Engenharias), a:<\/p>\r\n<p>I \u2013 proposi\u00e7\u00e3o de diretrizes para a Implanta\u00e7\u00e3o das novas DCNs de Engenharia na UFSM;<\/p>\r\n<p>II \u2013 mobiliza\u00e7\u00e3o para discutir e implantar as novas DCNs de Engenharia;<\/p>\r\n<p>III \u2013 elabora\u00e7\u00e3o de uma proposta de Avalia\u00e7\u00e3o (de cursos, de desempenho de estudantes e autoavalia\u00e7\u00e3o) para as Engenharias que contemple suas novas DCNs;<\/p>\r\n<p>IV \u2013 defini\u00e7\u00e3o de propostas para a cria\u00e7\u00e3o de uma pol\u00edtica de moderniza\u00e7\u00e3o cont\u00ednua na forma\u00e7\u00e3o em Engenharia a partir das novas DCNs;<\/p>\r\n<p>V \u2013 avalia\u00e7\u00e3o das condi\u00e7\u00f5es de implanta\u00e7\u00e3o das novas DCNs de Engenharia na UFSM com sugest\u00f5es de mudan\u00e7as de regulamenta\u00e7\u00e3o interna, se necess\u00e1rio;<\/p>\r\n<p>VI \u2013 realiza\u00e7\u00e3o de outras demandas que digam respeito \u00e0s novas DCN\u2019s de Engenharia.<\/p>\r\n<br>\r\n<p>T\u00cdTULO II<\/p>\r\n<p>DA COMPOSI\u00c7\u00c3O E AUTORIDADE<\/p>\r\n<br>\r\n<p>Art. 3\u00ba A Comiss\u00e3o Permanente de Implanta\u00e7\u00e3o das Novas DCN\u2019s de Engenharia ser\u00e1 constitu\u00edda por 8 (oito)membros, indicados pela Dire\u00e7\u00e3o do CT, pelos NDE\u2019s e pela PROGRAD, e nomeados pelo Reitor da UFSM, para mandato de 1 (um) ano, permitida a recondu\u00e7\u00e3o, sendo:<\/p>\r\n<p>I \u2013 1 (um) representante da Dire\u00e7\u00e3o do Centro de Tecnologia;<\/p>\r\n<p>II \u2013 1 (um) representante da Pr\u00f3-Reitoria de Gradua\u00e7\u00e3o (PROGRAD);<\/p>\r\n<p>III \u20131 (um) representante do corpo docente do Centro de Tecnologia;<\/p>\r\n<p>IV \u2013 4 (quatro) representantes dos N\u00facleos Docentes Estruturantes dos Cursos de Engenharia do Centro de Tecnologia;<\/p>\r\n<p>V \u2013 1 (um) representante da Comiss\u00e3o Setorial de Avalia\u00e7\u00e3o Institucional do Centro de Tecnologia.<\/p>\r\n<p>\u00a7 1\u00ba O presidente ser\u00e1 escolhido por seus pares.<\/p>\r\n<p>\u00a7 2\u00ba Cada membro poder\u00e1 ser substitu\u00eddo em qualquer \u00e9poca, sempre que houver consenso da maioria, por meio de uma solicita\u00e7\u00e3o escrita do respectivo segmento de representa\u00e7\u00e3o, ou se o pr\u00f3prio representante assim o desejar.<\/p>\r\n<p>\u00a7 3\u00ba Na composi\u00e7\u00e3o do referido \u00f3rg\u00e3o colegiado dever\u00e1 ser assegurado, pelo menos, 70% (setenta por cento) dos assentos para o segmento docente, conforme disposto no Art. 56 da <u><a href=\"http:\/\/www.planalto.gov.br\/ccivil_03\/leis\/l9394.htm\" target=\"_blank\"><font color=\"blue\">Lei N. 9.394, de 20 de dezembro de 1996<\/font><\/a><\/u>.<\/p> \r\n<p>\u00a7 4\u00ba A CODCNEn apresenta mais de sete membros em virtude da necessidade de representa\u00e7\u00e3o de servidores de diferentes setores envolvidos no objeto da Comiss\u00e3o.<\/p>\r\n<br>\r\n<p>T\u00cdTULO III<\/p>\r\n<p>DO QU\u00d3RUM DE REUNI\u00c3O E DE VOTA\u00c7\u00c3O E DA PERIODICIDADE DAS REUNI\u00d5ES<\/p>\r\n<br>\r\n<p>Art. 4\u00ba A Comiss\u00e3o Permanente de Implanta\u00e7\u00e3o das Novas DCN\u2019s de Engenharia reunir-se-\u00e1, ordinariamente, a cada 15 (quinze) dias ou, extraordinariamente, sempre que convocada pelo presidente ou maioria de seus membros.<\/p>\r\n<p>Par\u00e1grafo \u00fanico. As reuni\u00f5es, cujos membros, convidados ou participantes estejam em entes federativos diversos, ser\u00e3o realizadas por videoconfer\u00eancia, sem pagamento de di\u00e1rias, deslocamento.<\/p>\r\n<p>Art. 5\u00ba As sess\u00f5es da Comiss\u00e3o ser\u00e3o instaladas e funcionar\u00e3o com a presen\u00e7a m\u00ednima da maioria absoluta dos seus membros, considerando\u2013se esse o n\u00famero legal para a delibera\u00e7\u00e3o e vota\u00e7\u00e3o.<\/p>\r\n<p>Par\u00e1grafo \u00fanico. Quando da ocorr\u00eancia de empate na vota\u00e7\u00e3o, caber\u00e1 ao(\u00e0) Presidente da sess\u00e3o o voto qualificado.<\/p>\r\n<p>Art. 6\u00ba As convoca\u00e7\u00f5es, ordin\u00e1rias ou extraordin\u00e1rias, ser\u00e3o feitas via correio eletr\u00f4nico, pelo presidente da Comiss\u00e3o, com anteced\u00eancia m\u00ednima de 48 (quarenta e oito) horas, devendo constar da mesma a Ordem do Dia.<\/p>\r\n<p>Art. 7\u00ba Havendo n\u00famero legal e declarada aberta a sess\u00e3o, proceder\u2013se\u2013\u00e1 a discuss\u00e3o e vota\u00e7\u00e3o da Ordem do Dia.<\/p>\r\n<p>Par\u00e1grafo \u00fanico. N\u00e3o havendo qu\u00f3rum, os membros ser\u00e3o convocados para nova reuni\u00e3o 48 (quarenta e oito) horas depois, com a mesma pauta.<\/p>\r\n<br>\r\n<p>T\u00cdTULO IV<\/p>\r\n<p>DO \u00d3RG\u00c3O DE APOIO ADMINISTRATIVO<\/p>\r\n<br>\r\n<p>Art. 8\u00ba A Secretaria do Centro de Tecnologia ficar\u00e1 respons\u00e1vel por realizar o apoio administrativo necess\u00e1rio para o andamento dos trabalhos da Comiss\u00e3o Permanente de Implanta\u00e7\u00e3o das Novas DCN\u2019s de Engenharia.<\/p>\r\n<br>\r\n<p>T\u00cdTULO V<\/p>\r\n<p>DO REGIMENTO INTERNO<\/p>\r\n<br>\r\n<p>Art. 9\u00ba Por se tratar de uma comiss\u00e3o permanente interna do Centro de Tecnologia, que \u00e9 regido e regulamentado pelo Regimento Interno da Unidade, n\u00e3o h\u00e1 necessidade de um Regimento Interno espec\u00edfico.<\/p>\r\n<br>\r\n<p>T\u00cdTULO VI<\/p>\r\n<p>DOS MEMBROS N\u00c3O NATOS<\/p>\r\n<br>\r\n<p>Art. 10 Nas reuni\u00f5es da Comiss\u00e3o poder\u00e3o comparecer, quando convidados pelo presidente, servidores e, ou discentes, a fim de prestarem esclarecimentos sobre assuntos que lhes forem pertinentes.<\/p>\r\n<p>Par\u00e1grafo \u00fanico. As reuni\u00f5es, cujos membros, convidados ou participantes estejam em entes federativos diversos, ser\u00e3o realizadas por videoconfer\u00eancia, sem pagamento de di\u00e1rias, deslocamento.<\/p>\r\n<br>\r\n<p>T\u00cdTULO VII<\/p>\r\n<p>DOS RELAT\u00d3RIOS PERI\u00d3DICOS E DO RELAT\u00d3RIO FINAL<\/p>\r\n<br>\r\n<p>Art. 11 A Comiss\u00e3o emitir\u00e1 pareceres espec\u00edficos quando assim se fizer necess\u00e1rio em raz\u00e3o de suas decis\u00f5es tomadas, n\u00e3o havendo necessidades de emitir relat\u00f3rios peri\u00f3dicos e anuais.<\/p>\r\n<br>\r\n<p>T\u00cdTULO VIII<\/p>\r\n<p>DAS DISPOSI\u00c7\u00d5ES GERAIS E TRANSIT\u00d3RIAS<\/p>\r\n<br>\r\n<p>Art. 12 \u00c9 vedada a divulga\u00e7\u00e3o de discuss\u00f5es em curso sem a pr\u00e9via anu\u00eancia da Dire\u00e7\u00e3o do Centro de Tecnologia, ao qual este \u00f3rg\u00e3o colegiado est\u00e1 vinculado. <\/p>\r\n<p>Art. 13 A participa\u00e7\u00e3o dos membros deste \u00f3rg\u00e3o colegiado ser\u00e1 considerada presta\u00e7\u00e3o de servi\u00e7o p\u00fablico relevante, e n\u00e3o ser\u00e1 remunerada.<\/p> \r\n<p>Par\u00e1grafo \u00fanico. As atividades da Comiss\u00e3o e de seus membros n\u00e3o poder\u00e3o causar preju\u00edzo \u00e0 presta\u00e7\u00e3o do servi\u00e7o p\u00fablico pelo servidor membro do Colegiado.<\/p>\r\n<p>Art. 14 \u00c9 vedada a possibilidade de cria\u00e7\u00e3o de subcolegiados por ato deste colegiado.<\/p>\r\n<p>Par\u00e1grafo \u00fanico.  A mera necessidade de reuni\u00f5es eventuais para debate, articula\u00e7\u00e3o ou trabalho que envolva agentes p\u00fablicos da administra\u00e7\u00e3o p\u00fablica federal n\u00e3o ser\u00e1 admitida como fundamento para as propostas de que trata o caput.<\/p>\r\n<p>Art. 15 Esta resolu\u00e7\u00e3o entra em vigor uma semana ap\u00f3s a data de sua publica\u00e7\u00e3o e sempre no primeiro dia do m\u00eas ou em seu primeiro dia \u00fatil, revogando as disposi\u00e7\u00f5es em contr\u00e1rio.<\/p>\r\n<p>\u00a71\u00ba O disposto neste artigo n\u00e3o se aplica \u00e0s hip\u00f3teses de urg\u00eancia justi\ufb01cada no expediente administrativo.<\/p>\r\n<p>\u00a72\u00ba Havendo qualquer modifica\u00e7\u00e3o legislativa, ou ainda, havendo qualquer situa\u00e7\u00e3o legal que impacte na legalidade da presente Resolu\u00e7\u00e3o, a mesma se aplica de imediato.<\/p>\r\n<p>GABINETE DO REITOR DA UNIVERSIDADE FEDERAL DE SANTA MARIA, aos 07 dias do m\u00eas de maio do ano 2020.<\/p>\r\n<\/div>\r\n<p>Paulo Afonso Burmann,\r\n<p>Reitor.<\/p>\r\n<\/strike>\r\n<p><font color=\"red0000\">Este texto n\u00e3o substitui o documento original, publicado no DOU em 13-05-2020.<\/font> Dispon\u00edvel em: <a href=\"http:\/\/www.in.gov.br\/en\/web\/dou\/-\/resolucao-n-11-de-7-de-maio-de-2020-256527192\" target=\"_blank\"><font color=\"blue\">http:\/\/www.in.gov.br\/en\/web\/dou\/-\/resolucao-n-11-de-7-de-maio-de-2020-256527192<\/font><\/a> e no Portal de Documentos.<\/font> Dispon\u00edvel em: <a href=\"https:\/\/portal.ufsm.br\/documentos\/publico\/documento.html?id=13058598\" target=\"_blank\"><font color=\"blue\">https:\/\/portal.ufsm.br\/documentos\/publico\/documento.html?id=13058598<\/font><\/a>\r\n\r\n\t\t<\/div>\n\t\t\t\t<\/div>\n\t\t\t\t\t<\/div>\n\t\t<\/div>\n\t\t\t\t\t<\/div>\n\t\t<\/section>\n\t\t\t\t<\/div>\n\t\t","protected":false},"excerpt":{"rendered":"<p>\ufeff RESOLU\u00c7\u00c3O N. 011\/2020 MINIST\u00c9RIO DA EDUCA\u00c7\u00c3O UNIVERSIDADE FEDERAL DE SANTA MARIA RESOLU\u00c7\u00c3O N. 011\/2020 Aprova a cria\u00e7\u00e3o do \u00f3rg\u00e3o colegiado denominado Comiss\u00e3o Permanente de Implanta\u00e7\u00e3o das Novas Diretrizes Curriculares Nacionais (DCN\u2019s) de Engenharia (CODCNEng), vinculada ao Centro de Tecnologia da estrutura organizacional da Universidade Federal de Santa Maria (UFSM). Revogada pela Resolu\u00e7\u00e3o UFSM N. [&hellip;]<\/p>\n","protected":false},"author":205,"featured_media":0,"parent":0,"menu_order":0,"comment_status":"closed","ping_status":"closed","template":"","meta":{"footnotes":""},"categories":[],"tags":[],"class_list":["post-3728","page","type-page","status-publish","hentry"],"acf":[],"_links":{"self":[{"href":"https:\/\/www.ufsm.br\/pro-reitorias\/proplan\/wp-json\/wp\/v2\/pages\/3728","targetHints":{"allow":["GET"]}}],"collection":[{"href":"https:\/\/www.ufsm.br\/pro-reitorias\/proplan\/wp-json\/wp\/v2\/pages"}],"about":[{"href":"https:\/\/www.ufsm.br\/pro-reitorias\/proplan\/wp-json\/wp\/v2\/types\/page"}],"author":[{"embeddable":true,"href":"https:\/\/www.ufsm.br\/pro-reitorias\/proplan\/wp-json\/wp\/v2\/users\/205"}],"replies":[{"embeddable":true,"href":"https:\/\/www.ufsm.br\/pro-reitorias\/proplan\/wp-json\/wp\/v2\/comments?post=3728"}],"version-history":[{"count":0,"href":"https:\/\/www.ufsm.br\/pro-reitorias\/proplan\/wp-json\/wp\/v2\/pages\/3728\/revisions"}],"wp:attachment":[{"href":"https:\/\/www.ufsm.br\/pro-reitorias\/proplan\/wp-json\/wp\/v2\/media?parent=3728"}],"wp:term":[{"taxonomy":"category","embeddable":true,"href":"https:\/\/www.ufsm.br\/pro-reitorias\/proplan\/wp-json\/wp\/v2\/categories?post=3728"},{"taxonomy":"post_tag","embeddable":true,"href":"https:\/\/www.ufsm.br\/pro-reitorias\/proplan\/wp-json\/wp\/v2\/tags?post=3728"}],"curies":[{"name":"wp","href":"https:\/\/api.w.org\/{rel}","templated":true}]}}