{"id":3741,"date":"2020-05-20T18:24:06","date_gmt":"2020-05-20T21:24:06","guid":{"rendered":"https:\/\/www.ufsm.br\/pro-reitorias\/proplan\/?page_id=3741"},"modified":"2025-01-28T11:52:41","modified_gmt":"2025-01-28T14:52:41","slug":"resolucao-n-008-1982","status":"publish","type":"page","link":"https:\/\/www.ufsm.br\/pro-reitorias\/proplan\/resolucao-n-008-1982","title":{"rendered":"Resolu\u00e7\u00e3o N. 008\/1982"},"content":{"rendered":"\t\t<div data-elementor-type=\"wp-page\" data-elementor-id=\"3741\" class=\"elementor elementor-3741\">\n\t\t\t\t\t\t<section class=\"elementor-section elementor-top-section elementor-element elementor-element-67ba9a6 elementor-section-boxed elementor-section-height-default elementor-section-height-default\" data-id=\"67ba9a6\" data-element_type=\"section\">\n\t\t\t\t\t\t<div class=\"elementor-container elementor-column-gap-default\">\n\t\t\t\t\t<div class=\"elementor-column elementor-col-100 elementor-top-column elementor-element elementor-element-ab8dc14\" data-id=\"ab8dc14\" data-element_type=\"column\">\n\t\t\t<div class=\"elementor-widget-wrap elementor-element-populated\">\n\t\t\t\t\t\t<div class=\"elementor-element elementor-element-9b8880a elementor-widget elementor-widget-html\" data-id=\"9b8880a\" data-element_type=\"widget\" data-widget_type=\"html.default\">\n\t\t\t\t<div class=\"elementor-widget-container\">\n\t\t\t\r\n\r\n\r\n<title><b>RESOLU\u00c7\u00c3O N. 008\/1982<\/b><\/title>\r\n\r\n\r\n<div align=\"center\"><img decoding=\"async\" src=\"https:\/\/www.ufsm.br\/pro-reitorias\/proplan\/wp-content\/uploads\/sites\/344\/2019\/09\/brasao-da-republica-do-brasil-logo.png\" alt=\"Bras\u00e3o Rep\u00fablica Federativa do Brasil\" width=\"6%\" height=\"6%\"><\/div>    \r\n<h1><font color=\"blue\"><font size=\"5\"><div align=\"center\">MINIST\u00c9RIO DA EDUCA\u00c7\u00c3O E CULTURA<\/b><\/font><\/font><\/div><\/H1>\r\n<p><b><font color=\"0000blue\"><div align=\"center\">UNIVERSIDADE FEDERAL DE SANTA MARIA<\/b><\/font><\/div><\/p>\r\n<p><font color=\"blue\"><div align=\"center\"><b>GABINETE DO REITOR<\/b><\/font><\/font><\/div>\r\n<p><div align=\"center\"><b><a href=\"https:\/\/portal.ufsm.br\/documentos\/publico\/documento.html?id=5755005\" target=\"_blank\"><font color=\"blue\"><u>RESOLU\u00c7\u00c3O N\u00ba 8, de 07 de abril de 1982<\/u><\/font><\/a><\/b><\/div><\/p>\r\n<br>\r\n<p><div align=\"right\"><font color=\"800000\">Fixa o valor da retribui\u00e7\u00e3o pelo exerc\u00edcio das fun\u00e7\u00f5es de Monitor e o respectivo n\u00famero de Monitores por Centro.<\/font><\/div><\/p>\r\n<br>\r\n<br><div align=\"justify\">\r\n<p>O REITOR DA UNIVERSIDADE FEDERAL DE SANTA MARIA, no uso de suas atribui\u00e7\u00f5es legais e estatut\u00e1rias, e de acordo com o que estabelece a Portaria n\u00ba 112, de 17 de mar\u00e7o de 1982, do Minist\u00e9rio da Educa\u00e7\u00e3o e Cultura,<\/p> \r\n<br>\r\n<p><div align=\"center\">RESOLVE:<\/div><\/p>\r\n<br>\r\n<p>1 - Fixar o valor de Cr$ 8.000,00 (oito mil cruzeiros), como retribui\u00e7\u00e3o pelo exerc\u00edcio das fun\u00e7\u00f5es de monitor, prevista no artigo 41 da <a href=\"http:\/\/www.planalto.gov.br\/ccivil_03\/leis\/L5540.htm\" target=\"_blank\"><font color=\"blue\"><u>Lei n\u00ba 5.540, de 28 de novembro de 1968<\/u><\/font><\/a>;<\/p> \r\n<p>2 - Fixar, tamb\u00e9m, o n\u00famero de monitores por Centro, de conformidade com a seguinte distribui\u00e7\u00e3o, para o 1\u00ba semestre de 1982;<\/p> \r\n<p>Centro de Artes e Letras ................................................................................................ 22<\/p> \r\n<p>Centro de Ci\u00eancias Naturais e Exatas .................................................................. 56<\/p> \r\n<p>Centro de Ci\u00eancias Rurais ............................................................................................. 25<\/p> \r\n<p>Centro de Ci\u00eancias da Sa\u00fade ..................................................................................... 67<\/p> \r\n<p>Centro de Ci\u00eancias Sociais e Humanas ............................................................. 25<\/p> \r\n<p>Centro de Educa\u00e7\u00e3o ......................................................................................................... 02<\/p> \r\n<p>Centro de Educa\u00e7\u00e3o F\u00edsica e Desportos ............................................................ 08<\/p> \r\n<p>Centro de Tecnologia ........................................................................................................ 28<\/p> \r\n<p>3 - A admiss\u00e3o dos novos monitores ser\u00e1 a partir de 15 de abril do corrente ano;<\/p> \r\n<p>4 - Para o 2\u00ba semestre as vagas ser\u00e3o distribu\u00eddas por Centro, de acordo com a an\u00e1lise realizada pelo CEPE, conforme consta no artigo 26 da Resolu\u00e7\u00e3o n\u00ba 110;<\/p> \r\n<p>5 - A freq\u00fc\u00eancia dever\u00e1 ser remetida mensalmente at\u00e9 o dia 25, ao Departamento de Pessoal; e<\/p> \r\n<p>6 - Revogam-se as disposi\u00e7\u00f5es em contr\u00e1rio.<\/p>\r\n<\/div>\r\n<p>Prof. Armando Vallandro,<\/p> \r\n<p>Reitor.<\/p>\r\n<p><font color=\"red0000\">Este texto n\u00e3o substitui o documento original, publicado no Portal de Documentos.<\/font> Dispon\u00edvel em: <a href=\"https:\/\/portal.ufsm.br\/documentos\/publico\/documento.html?id=5755005\" target=\"_blank\"><font color=\"blue\">https:\/\/portal.ufsm.br\/documentos\/publico\/documento.html?id=5755005<\/font><\/a>\r\n\r\n\t\t<\/div>\n\t\t\t\t<\/div>\n\t\t\t\t\t<\/div>\n\t\t<\/div>\n\t\t\t\t\t<\/div>\n\t\t<\/section>\n\t\t\t\t<\/div>\n\t\t","protected":false},"excerpt":{"rendered":"<p>RESOLU\u00c7\u00c3O N. 008\/1982 MINIST\u00c9RIO DA EDUCA\u00c7\u00c3O E CULTURA UNIVERSIDADE FEDERAL DE SANTA MARIA GABINETE DO REITOR RESOLU\u00c7\u00c3O N\u00ba 8, de 07 de abril de 1982 Fixa o valor da retribui\u00e7\u00e3o pelo exerc\u00edcio das fun\u00e7\u00f5es de Monitor e o respectivo n\u00famero de Monitores por Centro. O REITOR DA UNIVERSIDADE FEDERAL DE SANTA MARIA, no uso de [&hellip;]<\/p>\n","protected":false},"author":205,"featured_media":0,"parent":0,"menu_order":0,"comment_status":"closed","ping_status":"closed","template":"","meta":{"footnotes":""},"categories":[],"tags":[],"class_list":["post-3741","page","type-page","status-publish","hentry"],"acf":[],"_links":{"self":[{"href":"https:\/\/www.ufsm.br\/pro-reitorias\/proplan\/wp-json\/wp\/v2\/pages\/3741","targetHints":{"allow":["GET"]}}],"collection":[{"href":"https:\/\/www.ufsm.br\/pro-reitorias\/proplan\/wp-json\/wp\/v2\/pages"}],"about":[{"href":"https:\/\/www.ufsm.br\/pro-reitorias\/proplan\/wp-json\/wp\/v2\/types\/page"}],"author":[{"embeddable":true,"href":"https:\/\/www.ufsm.br\/pro-reitorias\/proplan\/wp-json\/wp\/v2\/users\/205"}],"replies":[{"embeddable":true,"href":"https:\/\/www.ufsm.br\/pro-reitorias\/proplan\/wp-json\/wp\/v2\/comments?post=3741"}],"version-history":[{"count":0,"href":"https:\/\/www.ufsm.br\/pro-reitorias\/proplan\/wp-json\/wp\/v2\/pages\/3741\/revisions"}],"wp:attachment":[{"href":"https:\/\/www.ufsm.br\/pro-reitorias\/proplan\/wp-json\/wp\/v2\/media?parent=3741"}],"wp:term":[{"taxonomy":"category","embeddable":true,"href":"https:\/\/www.ufsm.br\/pro-reitorias\/proplan\/wp-json\/wp\/v2\/categories?post=3741"},{"taxonomy":"post_tag","embeddable":true,"href":"https:\/\/www.ufsm.br\/pro-reitorias\/proplan\/wp-json\/wp\/v2\/tags?post=3741"}],"curies":[{"name":"wp","href":"https:\/\/api.w.org\/{rel}","templated":true}]}}