{"id":3821,"date":"2020-05-27T17:41:19","date_gmt":"2020-05-27T20:41:19","guid":{"rendered":"https:\/\/www.ufsm.br\/pro-reitorias\/proplan\/?page_id=3821"},"modified":"2020-05-27T17:45:58","modified_gmt":"2020-05-27T20:45:58","slug":"resolucao-n-091-1980","status":"publish","type":"page","link":"https:\/\/www.ufsm.br\/pro-reitorias\/proplan\/resolucao-n-091-1980","title":{"rendered":"Resolu\u00e7\u00e3o N. 091\/1980"},"content":{"rendered":"\t\t<div data-elementor-type=\"wp-page\" data-elementor-id=\"3821\" class=\"elementor elementor-3821\">\n\t\t\t\t\t\t<section class=\"elementor-section elementor-top-section elementor-element elementor-element-d4170dc elementor-section-boxed elementor-section-height-default elementor-section-height-default\" data-id=\"d4170dc\" data-element_type=\"section\">\n\t\t\t\t\t\t<div class=\"elementor-container elementor-column-gap-default\">\n\t\t\t\t\t<div class=\"elementor-column elementor-col-100 elementor-top-column elementor-element elementor-element-b6a1239\" data-id=\"b6a1239\" data-element_type=\"column\">\n\t\t\t<div class=\"elementor-widget-wrap elementor-element-populated\">\n\t\t\t\t\t\t<div class=\"elementor-element elementor-element-4a3d845 elementor-widget elementor-widget-html\" data-id=\"4a3d845\" data-element_type=\"widget\" data-widget_type=\"html.default\">\n\t\t\t\t<div class=\"elementor-widget-container\">\n\t\t\t\r\n\r\n\r\n<title><b>RESOLU\u00c7\u00c3O N. 090\/1980<\/b><\/title>\r\n\r\n\r\n<div align=\"center\"><img decoding=\"async\" src=\"https:\/\/www.ufsm.br\/pro-reitorias\/proplan\/wp-content\/uploads\/sites\/344\/2019\/09\/brasao-da-republica-do-brasil-logo.png\" alt=\"Bras\u00e3o Rep\u00fablica Federativa do Brasil\" width=\"6%\" height=\"6%\"><\/div>    \r\n<h1><font color=\"blue\"><font size=\"5\"><div align=\"center\">SERVI\u00c7O P\u00daBLICO FEDERAL<\/font><\/font><\/div><\/H1>\r\n<p><div align=\"center\"><b><a href=\"https:\/\/portal.ufsm.br\/documentos\/publico\/documento.html?id=5760011\" target=\"_blank\"><font color=\"blue\"><u>RESOLU\u00c7\u00c3O N\u00ba 91, de 18 de Dezembro de 1980<\/u><\/font><\/a><\/b><\/div><\/p>\r\n<br>\r\n<p><u><a href=\"https:\/\/www.ufsm.br\/pro-reitorias\/proplan\/resolucao-n-118-1981\/\" target=\"_blank\"><font color=\"blue\">Revogada pela Resolu\u00e7\u00e3o N. 118\/1981<\/font><\/a><\/u><\/p>\r\n<br>\r\n<p><strike><div align=\"right\"><font color=\"800000\">ESTABELECE HOR\u00c1RIO DE VER\u00c3O.<\/font><\/div><\/strike><\/p>\r\n<br>\r\n<strike>\r\n<br><div align=\"justify\">\r\n<p>O REITOR DA UNIVERSIDADE FEDERAL DE SANTA MARIA, no uso de suas atribui\u00e7\u00f5es legais, e<\/p> \r\n<p>- considerando que anualmente a Reitoria da UFSM fixa um hor\u00e1rio especial de funcionamento para o per\u00edodo de ver\u00e3o, e<\/p> \r\n<p>- considerando que a Universidade Federal de Santa Maria deve integrar-se \u00e0 campanha do Governo Federal visando a economia de combust\u00edveis,<\/p>\r\n<br>\r\n<p><div align=\"center\">RESOLVE:<\/div><\/p>\r\n<br>\r\n<p>1 - Estabelecer, a partir de 02 (dois) de janeiro de 1981 - at\u00e9 20 de fevereiro de 1981, o seguinte hor\u00e1rio de trabalho a ser cumprido pelos diferentes \u00d3rg\u00e3os desta Universidade:<\/p>\r\n<p><u> - das 7hl5min \u00e0s 13h15min<\/u><\/p> \r\n<p>2 - Nos dias 05, 06, 07, 12, 19 e 26 de janeiro de 1981 e 02, 09 e 16 de fevereiro de 1981, fica estabelecido, em car\u00e1ter excepcional o seguinte hor\u00e1rio:<\/p> \r\n<p><u>- das 13 horas \u00e0s 19 horas.<\/u><\/p> \r\n<p>3 - Ficam exclu\u00eddos das normas da presente Resolu\u00e7\u00e3o, dadas as suas caracter\u00edsticas especiais de funcionamento, permanecendo assim, com seus hor\u00e1rios de trabalho inalterados, os seguintes \u00d3rg\u00e3os:<\/p> \r\n<p>- Hospital Universit\u00e1rio da Universidade Federal de Santa Maria;<\/p> \r\n<p>- Hospital Veterin\u00e1rio - C.C.R.;<\/p> \r\n<p>- Biot\u00e9rio - C.C.R., e<\/p> \r\n<p>- os demais \u00f3rg\u00e3os que necessitarem de prorroga\u00e7\u00e3o de hor\u00e1rio, dadas a natureza e a necessidade do trabalho que cumprem.<\/p> \r\n<p>4 - N\u00e3o ser\u00e3o autorizadas as solicita\u00e7\u00f5es para presta\u00e7\u00e3o de servi\u00e7os extraordin\u00e1rios durante o per\u00edodo estabelecido para o Hor\u00e1rio de Ver\u00e3o.<\/p> \r\n<p>5 - Fica revogada a partir de 09\/12\/80, a <u><a href=\"https:\/\/www.ufsm.br\/pro-reitorias\/proplan\/resolucao-n-087-1980\/\" target=\"_blank\"><font color=\"blue\">Resolu\u00e7\u00e3o n\u00ba 87, de 08 de outubro de 1980<\/font><\/a><\/u> e demais disposi\u00e7\u00f5es que colidam com a presente Resolu\u00e7\u00e3o.<\/p> \r\n<\/div>\r\n<p>Derblay Galv\u00e3o,<\/p> \r\n<p>Reitor.<\/p> \r\n<\/strike>\r\n<br>\r\n<p><font color=\"red0000\">Este texto n\u00e3o substitui o documento original, publicado no Portal de Documentos.<\/font> Dispon\u00edvel em: <a href=\"https:\/\/portal.ufsm.br\/documentos\/publico\/documento.html?id=5760011\" target=\"_blank\"><font color=\"blue\">https:\/\/portal.ufsm.br\/documentos\/publico\/documento.html?id=5760011<\/font><\/a>\r\n\r\n\t\t<\/div>\n\t\t\t\t<\/div>\n\t\t\t\t\t<\/div>\n\t\t<\/div>\n\t\t\t\t\t<\/div>\n\t\t<\/section>\n\t\t\t\t<\/div>\n\t\t","protected":false},"excerpt":{"rendered":"<p>RESOLU\u00c7\u00c3O N. 090\/1980 SERVI\u00c7O P\u00daBLICO FEDERAL RESOLU\u00c7\u00c3O N\u00ba 91, de 18 de Dezembro de 1980 Revogada pela Resolu\u00e7\u00e3o N. 118\/1981 ESTABELECE HOR\u00c1RIO DE VER\u00c3O. O REITOR DA UNIVERSIDADE FEDERAL DE SANTA MARIA, no uso de suas atribui\u00e7\u00f5es legais, e &#8211; considerando que anualmente a Reitoria da UFSM fixa um hor\u00e1rio especial de funcionamento para o [&hellip;]<\/p>\n","protected":false},"author":205,"featured_media":0,"parent":0,"menu_order":0,"comment_status":"closed","ping_status":"closed","template":"","meta":{"footnotes":""},"categories":[],"tags":[],"class_list":["post-3821","page","type-page","status-publish","hentry"],"acf":[],"_links":{"self":[{"href":"https:\/\/www.ufsm.br\/pro-reitorias\/proplan\/wp-json\/wp\/v2\/pages\/3821","targetHints":{"allow":["GET"]}}],"collection":[{"href":"https:\/\/www.ufsm.br\/pro-reitorias\/proplan\/wp-json\/wp\/v2\/pages"}],"about":[{"href":"https:\/\/www.ufsm.br\/pro-reitorias\/proplan\/wp-json\/wp\/v2\/types\/page"}],"author":[{"embeddable":true,"href":"https:\/\/www.ufsm.br\/pro-reitorias\/proplan\/wp-json\/wp\/v2\/users\/205"}],"replies":[{"embeddable":true,"href":"https:\/\/www.ufsm.br\/pro-reitorias\/proplan\/wp-json\/wp\/v2\/comments?post=3821"}],"version-history":[{"count":0,"href":"https:\/\/www.ufsm.br\/pro-reitorias\/proplan\/wp-json\/wp\/v2\/pages\/3821\/revisions"}],"wp:attachment":[{"href":"https:\/\/www.ufsm.br\/pro-reitorias\/proplan\/wp-json\/wp\/v2\/media?parent=3821"}],"wp:term":[{"taxonomy":"category","embeddable":true,"href":"https:\/\/www.ufsm.br\/pro-reitorias\/proplan\/wp-json\/wp\/v2\/categories?post=3821"},{"taxonomy":"post_tag","embeddable":true,"href":"https:\/\/www.ufsm.br\/pro-reitorias\/proplan\/wp-json\/wp\/v2\/tags?post=3821"}],"curies":[{"name":"wp","href":"https:\/\/api.w.org\/{rel}","templated":true}]}}