{"id":3856,"date":"2020-06-08T10:14:03","date_gmt":"2020-06-08T13:14:03","guid":{"rendered":"https:\/\/www.ufsm.br\/pro-reitorias\/proplan\/?page_id=3856"},"modified":"2021-07-01T13:26:11","modified_gmt":"2021-07-01T16:26:11","slug":"resolucao-n-066-1979","status":"publish","type":"page","link":"https:\/\/www.ufsm.br\/pro-reitorias\/proplan\/resolucao-n-066-1979","title":{"rendered":"Resolu\u00e7\u00e3o N. 066\/1979"},"content":{"rendered":"\t\t<div data-elementor-type=\"wp-page\" data-elementor-id=\"3856\" class=\"elementor elementor-3856\">\n\t\t\t\t\t\t<section class=\"elementor-section elementor-top-section elementor-element elementor-element-4a4a40d elementor-section-boxed elementor-section-height-default elementor-section-height-default\" data-id=\"4a4a40d\" data-element_type=\"section\">\n\t\t\t\t\t\t<div class=\"elementor-container elementor-column-gap-default\">\n\t\t\t\t\t<div class=\"elementor-column elementor-col-100 elementor-top-column elementor-element elementor-element-6ab7452\" data-id=\"6ab7452\" data-element_type=\"column\">\n\t\t\t<div class=\"elementor-widget-wrap elementor-element-populated\">\n\t\t\t\t\t\t<div class=\"elementor-element elementor-element-022d2e4 elementor-widget elementor-widget-html\" data-id=\"022d2e4\" data-element_type=\"widget\" data-widget_type=\"html.default\">\n\t\t\t\t<div class=\"elementor-widget-container\">\n\t\t\t\n\n\n<title><b>RESOLU\u00c7\u00c3O N. 066\/1979<\/b><\/title>\n\n\n<div align=\"center\"><img decoding=\"async\" src=\"https:\/\/www.ufsm.br\/pro-reitorias\/proplan\/wp-content\/uploads\/sites\/344\/2019\/09\/brasao-da-republica-do-brasil-logo.png\" alt=\"Bras\u00e3o Rep\u00fablica Federativa do Brasil\" width=\"6%\" height=\"6%\"><\/div>    \n<h1><font color=\"blue\"><font size=\"5\"><div align=\"center\">UNIVERSIDADE FEDERAL DE SANTA MARIA<\/font><\/font><\/div><\/H1>\n<p><div align=\"center\"><b><a href=\"https:\/\/portal.ufsm.br\/documentos\/publico\/documento.html?id=5753563\" target=\"_blank\"><font color=\"blue\"><u>RESOLU\u00c7\u00c3O N\u00ba 66, DE 05 de SETEMBRO DE 1979<\/u><\/font><\/a><\/b><\/div><\/p>\n<br>\n<br><div align=\"justify\">\n<p><a href=\"https:\/\/www.ufsm.br\/pro-reitorias\/proplan\/resolucao-ufsm-n-055-2021\/\"><font color=\"blue\">Revogado pela Resolu\u00e7\u00e3o N. 055\/2021<\/font><\/a><\/p><\/p>\n<br>\n<strike>\n<p>O REITOR DA UNIVERSIDADE FEDERAL DE SANTA MARIA, na sua condi\u00e7\u00e3o de Presidente do Conselho de Ensino, Pesquisa e Extens\u00e3o;<p>\n<p>- considerando o que foi aprovado na 163\u00aa Sess\u00e3o do Conselho de Ensino, Pesquisa e Extens\u00e3o, e considerando a necessidade de sistematizar as normas para realiza\u00e7\u00e3o de Cursos Extracurriculares e\/ou de Extens\u00e3o Universit\u00e1ria,<\/p>\n<br>\n<p><div align=\"center\">RESOLVE:<\/div><\/p>\n<br>\n<p>Expedir a presente Resolu\u00e7\u00e3o para tornar p\u00fablicas as normas para a realiza\u00e7\u00e3o de CURSOS EXTRACURRICULARES E\/OU DE EXTENS\u00c3O, na conformidade do que se segue:<p>     \n<p>1. os Cursos Extracurriculares e\/ou de Extens\u00e3o s\u00e3o os que, de acordo com seus programas, dura\u00e7\u00e3o e qualifica\u00e7\u00e3o dos ministrantes, n\u00e3o constam dos curr\u00edculos j\u00e1 estabelecidos para cursos de Gradua\u00e7\u00e3o e P\u00f3s-Gradua\u00e7\u00e3o;<p> \n<p>2. podem os Cursos Extracurriculares e\/ou de Extens\u00e3o atingir clientela da pr\u00f3pria Institui\u00e7\u00e3o e\/ou Comunidade, visando, especialmente, enriquecer conhecimentos, difundir e atualizar tecnologias, procurando elevar o padr\u00e3o s\u00f3cio-econ\u00f4mico da Comunidade;<p> \n<p>3. s\u00e3o considerados Cursos Extracurriculares os que visam o enriquecimento de conhecimentos do Corpo Discente e\/ou Docente da Universidade;<p>   \n<p>4. consideram-se Cursos de Extens\u00e3o os que visam  difundir e atualizar conhecimentos e t\u00e9cnicas de trabalho para elevar a efici\u00eancia e padr\u00f5es culturais da comunidade;<p> \n<p>5. a proposi\u00e7\u00e3o de Curso Extracurricular ter\u00e1 sua origem em n\u00edvel de Departamento ou de Curso; j\u00e1 os de Extens\u00e3o poder\u00e3o ser propostos por Departamentos Did\u00e1ticos, Cursos, Diret\u00f3rios Acad\u00eamicos e Institui\u00e7\u00f5es P\u00fablicas e Privadas;<p> \n<p>6. o Calend\u00e1rio Escolar poder\u00e1 prever uma semana para, preferencialmente, realizar promo\u00e7\u00f5es dessa natureza, e os hor\u00e1rios dos cursos n\u00e3o devem coincidir com os das atividades did\u00e1ticas;<p> \n<p>7. s\u00f3 ser\u00e3o registrados no DERCA os cursos que tiverem seu in\u00edcio ap\u00f3s a aprova\u00e7\u00e3o pelo Conselho de Ensino, Pesquisa e Extens\u00e3o;<p> \n<p>8. os certificados de Cursos de Extens\u00e3o ou Extracurriculares ser\u00e3o emitidos conforme modelo vigente na Universidade Federal de Santa Maria e registrados no DERCA;<p>\n<p>9. todos as taxas a serem cobradas nas inscri\u00e7\u00f5es para os cursos dever\u00e3o ser recolhidas \u00e0 conta da Universidade e ter\u00e3o os seus valores fixados pelos \u00f3rg\u00e3os promotores e executores;<p>\n<p>10. nas promo\u00e7\u00f5es estudantis, ou de outras entidades, o Plano de Aplica\u00e7\u00e3o e a Presta\u00e7\u00e3o de Contas poder\u00e3o ser de acordo com as normas pr\u00f3prias e finalidades dessas Institui\u00e7\u00f5es;<p>\n<p>11. os crit\u00e9rios de avalia\u00e7\u00e3o ser\u00e3o determinados pelas caracter\u00edsticas da promo\u00e7\u00e3o;<p>\n<p>12. os procedimentos relativos \u00e0 proposi\u00e7\u00e3o dos Cursos Extracurriculares e\/ou de Extens\u00e3o Universit\u00e1ria v\u00e3o descritos em documentos anexo a presente Resolu\u00e7\u00e3o, e<p> \n<p>13. Os casos omissos ser\u00e3o dirimidos pelo Conselho de Ensino, Pesquisa e Extens\u00e3o.<p> \n<br>\n<\/div>\n<p>Derblay Galv\u00e3o<\/p> \n<p>Reitor.<\/p>\n<br>\n<p><font color=\"red0000\">Este texto n\u00e3o substitui o documento original, publicado no Portal de Documentos.<\/font> Dispon\u00edvel em: <a href=\"https:\/\/portal.ufsm.br\/documentos\/publico\/documento.html?id=5753563\" target=\"_blank\"><font color=\"blue\">https:\/\/portal.ufsm.br\/documentos\/publico\/documento.html?id=5753563<\/font><\/a>\n<\/strike>\n\n\t\t<\/div>\n\t\t\t\t<\/div>\n\t\t\t\t\t<\/div>\n\t\t<\/div>\n\t\t\t\t\t<\/div>\n\t\t<\/section>\n\t\t\t\t<\/div>\n\t\t","protected":false},"excerpt":{"rendered":"<p>RESOLU\u00c7\u00c3O N. 066\/1979 UNIVERSIDADE FEDERAL DE SANTA MARIA RESOLU\u00c7\u00c3O N\u00ba 66, DE 05 de SETEMBRO DE 1979 Revogado pela Resolu\u00e7\u00e3o N. 055\/2021 O REITOR DA UNIVERSIDADE FEDERAL DE SANTA MARIA, na sua condi\u00e7\u00e3o de Presidente do Conselho de Ensino, Pesquisa e Extens\u00e3o; &#8211; considerando o que foi aprovado na 163\u00aa Sess\u00e3o do Conselho de Ensino, [&hellip;]<\/p>\n","protected":false},"author":205,"featured_media":0,"parent":0,"menu_order":0,"comment_status":"closed","ping_status":"closed","template":"","meta":{"footnotes":""},"categories":[],"tags":[],"class_list":["post-3856","page","type-page","status-publish","hentry"],"acf":[],"_links":{"self":[{"href":"https:\/\/www.ufsm.br\/pro-reitorias\/proplan\/wp-json\/wp\/v2\/pages\/3856","targetHints":{"allow":["GET"]}}],"collection":[{"href":"https:\/\/www.ufsm.br\/pro-reitorias\/proplan\/wp-json\/wp\/v2\/pages"}],"about":[{"href":"https:\/\/www.ufsm.br\/pro-reitorias\/proplan\/wp-json\/wp\/v2\/types\/page"}],"author":[{"embeddable":true,"href":"https:\/\/www.ufsm.br\/pro-reitorias\/proplan\/wp-json\/wp\/v2\/users\/205"}],"replies":[{"embeddable":true,"href":"https:\/\/www.ufsm.br\/pro-reitorias\/proplan\/wp-json\/wp\/v2\/comments?post=3856"}],"version-history":[{"count":0,"href":"https:\/\/www.ufsm.br\/pro-reitorias\/proplan\/wp-json\/wp\/v2\/pages\/3856\/revisions"}],"wp:attachment":[{"href":"https:\/\/www.ufsm.br\/pro-reitorias\/proplan\/wp-json\/wp\/v2\/media?parent=3856"}],"wp:term":[{"taxonomy":"category","embeddable":true,"href":"https:\/\/www.ufsm.br\/pro-reitorias\/proplan\/wp-json\/wp\/v2\/categories?post=3856"},{"taxonomy":"post_tag","embeddable":true,"href":"https:\/\/www.ufsm.br\/pro-reitorias\/proplan\/wp-json\/wp\/v2\/tags?post=3856"}],"curies":[{"name":"wp","href":"https:\/\/api.w.org\/{rel}","templated":true}]}}