{"id":3869,"date":"2020-06-15T10:18:37","date_gmt":"2020-06-15T13:18:37","guid":{"rendered":"https:\/\/www.ufsm.br\/pro-reitorias\/proplan\/?page_id=3869"},"modified":"2020-07-17T08:58:04","modified_gmt":"2020-07-17T11:58:04","slug":"resolucao-n-004-1978","status":"publish","type":"page","link":"https:\/\/www.ufsm.br\/pro-reitorias\/proplan\/resolucao-n-004-1978","title":{"rendered":"Resolu\u00e7\u00e3o N. 004\/1978"},"content":{"rendered":"\t\t<div data-elementor-type=\"wp-page\" data-elementor-id=\"3869\" class=\"elementor elementor-3869\">\n\t\t\t\t\t\t<section class=\"elementor-section elementor-top-section elementor-element elementor-element-d53e9e4 elementor-section-boxed elementor-section-height-default elementor-section-height-default\" data-id=\"d53e9e4\" data-element_type=\"section\">\n\t\t\t\t\t\t<div class=\"elementor-container elementor-column-gap-default\">\n\t\t\t\t\t<div class=\"elementor-column elementor-col-100 elementor-top-column elementor-element elementor-element-ad25d79\" data-id=\"ad25d79\" data-element_type=\"column\">\n\t\t\t<div class=\"elementor-widget-wrap elementor-element-populated\">\n\t\t\t\t\t\t<div class=\"elementor-element elementor-element-e39e033 elementor-widget elementor-widget-html\" data-id=\"e39e033\" data-element_type=\"widget\" data-widget_type=\"html.default\">\n\t\t\t\t<div class=\"elementor-widget-container\">\n\t\t\t\r\n\r\n\r\n<title><b>RESOLU\u00c7\u00c3O N. 004\/1978<\/b><\/title>\r\n\r\n\r\n<div align=\"center\"><img decoding=\"async\" src=\"https:\/\/www.ufsm.br\/pro-reitorias\/proplan\/wp-content\/uploads\/sites\/344\/2019\/09\/brasao-da-republica-do-brasil-logo.png\" alt=\"Bras\u00e3o Rep\u00fablica Federativa do Brasil\" width=\"6%\" height=\"6%\"><\/div>    \r\n<h1><font color=\"blue\"><font size=\"5\"><div align=\"center\">UNIVERSIDADE FEDERAL DE SANTA MARIA<\/font><\/font><\/div><\/H1>\r\n<p><div align=\"center\"><b><a href=\"https:\/\/portal.ufsm.br\/documentos\/publico\/documento.html?id=5742091\" target=\"_blank\"><font color=\"blue\"><u>RESOLU\u00c7\u00c3O N\u00ba 04\/78<\/u><\/font><\/a><\/b><\/div><\/p>\r\n<br>\r\n<p><a href=\"https:\/\/www.ufsm.br\/pro-reitorias\/proplan\/resolucao-n-022-2020\/\" target=\"_blank\"><font color=\"blue\">Revogada pela Resolu\u00e7\u00e3o N. 022\/2020<\/font><\/a><\/p>\r\n<br>\r\n<br><div align=\"justify\">\r\n<strike>\r\n<p>O REITOR DA UNIVERSIDADE FEDERAL DE SANTA MARIA no uso de suas atribui\u00e7\u00f5es legais, tendo em vista o que consta do Processo n\u00ba 36.036\/77, e<\/p>\r\n<p>- Considerando a exist\u00eancia, na regi\u00e3o de Santa Maria de jazigos f\u00f3sseis com afloramentos sujeitos \u00e0 depreda\u00e7\u00e3o urbana;<\/p>\r\n<p>- Considerando que a Universidade Federal de Santa Maria adquiriu, recentemente, a \u00e1rea denominada \"Sanga do Arm\u00e1rio\u201d, com aproximadamente 20.000 m\u00b2 visando preservar parte deste patrim\u00f4nio de inestim\u00e1vel valor cient\u00edfico;<\/p>\r\n<p>- Considerando que a nossa cidade \u00e9 internacionalmente conhecida pelos seus jazigos fosseis, atraindo com isso a vir da regular de pesquisadores e cientistas;<\/p>\r\n<p>- Considerando a necessidade de alocar administrativamente a um \u00d3rg\u00e3o, as responsabilidades na preserva\u00e7\u00e3o e conserva\u00e7\u00e3o destes f\u00f3sseis;<\/p>\r\n<br>\r\n<p><div align=\"center\">RESOLVE:<\/div><\/p>\r\n<br>\r\n<p>I - Criar, junto ao Departamento de Geoci\u00eancias do Centro de Estudos B\u00e1sicos, desta Universidade, o \"N\u00facleo de Paleontologia\" com o objetivo de preservar e centralizar as pe\u00e7as coletadas para ministra\u00e7\u00e3o de cursos e estudos cient\u00edficos, bem como apoiar e manter interc\u00e2mbio com pesquisadores e cientistas nacionais e internacionais.<\/p>\r\n<p>II - Compete ao \"N\u00facleo de Paleontologia\" a guarda e o uso da \u00e1rea denominada \"Sanga do Arm\u00e1rio\", bem como de outras \u00e1reas que vierem a serem adquiridas ou recebidas pela Universidade Federal de Santa Maria, destinadas a preserva\u00e7\u00e3o paleontol\u00f3gica.<\/p>\r\n<p>IIl - O \"N\u00facleo de Paleontologia\u201d dever\u00e1 dispor de um grupo de trabalho espec\u00edfico, que executara tarefas descritas no projeto de cria\u00e7\u00e3o do mencionado n\u00facleo, anexo ao processo n\u00ba 36036\/77.<\/p>\r\n<p>GABINETE DO REITOR, aos oito dias do m\u00eas de junho do ano de mil novecentos e setenta e oito.<\/p> \r\n<\/div>\r\n<p>Prof. DERBLAY GALV\u00c3O<\/p> \r\n<p>- Reitor -<\/p>\r\n<\/strike>\r\n<br>\r\n<p><font color=\"red0000\">Este texto n\u00e3o substitui o documento original, publicado no Portal de Documentos.<\/font> Dispon\u00edvel em: <a href=\"https:\/\/portal.ufsm.br\/documentos\/publico\/documento.html?id=5742091\" target=\"_blank\"><font color=\"blue\">https:\/\/portal.ufsm.br\/documentos\/publico\/documento.html?id=5742091<\/font><\/a>\r\n\r\n\t\t<\/div>\n\t\t\t\t<\/div>\n\t\t\t\t\t<\/div>\n\t\t<\/div>\n\t\t\t\t\t<\/div>\n\t\t<\/section>\n\t\t\t\t<\/div>\n\t\t","protected":false},"excerpt":{"rendered":"<p>RESOLU\u00c7\u00c3O N. 004\/1978 UNIVERSIDADE FEDERAL DE SANTA MARIA RESOLU\u00c7\u00c3O N\u00ba 04\/78 Revogada pela Resolu\u00e7\u00e3o N. 022\/2020 O REITOR DA UNIVERSIDADE FEDERAL DE SANTA MARIA no uso de suas atribui\u00e7\u00f5es legais, tendo em vista o que consta do Processo n\u00ba 36.036\/77, e &#8211; Considerando a exist\u00eancia, na regi\u00e3o de Santa Maria de jazigos f\u00f3sseis com afloramentos [&hellip;]<\/p>\n","protected":false},"author":205,"featured_media":0,"parent":0,"menu_order":0,"comment_status":"closed","ping_status":"closed","template":"","meta":{"footnotes":""},"categories":[],"tags":[],"class_list":["post-3869","page","type-page","status-publish","hentry"],"acf":[],"_links":{"self":[{"href":"https:\/\/www.ufsm.br\/pro-reitorias\/proplan\/wp-json\/wp\/v2\/pages\/3869","targetHints":{"allow":["GET"]}}],"collection":[{"href":"https:\/\/www.ufsm.br\/pro-reitorias\/proplan\/wp-json\/wp\/v2\/pages"}],"about":[{"href":"https:\/\/www.ufsm.br\/pro-reitorias\/proplan\/wp-json\/wp\/v2\/types\/page"}],"author":[{"embeddable":true,"href":"https:\/\/www.ufsm.br\/pro-reitorias\/proplan\/wp-json\/wp\/v2\/users\/205"}],"replies":[{"embeddable":true,"href":"https:\/\/www.ufsm.br\/pro-reitorias\/proplan\/wp-json\/wp\/v2\/comments?post=3869"}],"version-history":[{"count":0,"href":"https:\/\/www.ufsm.br\/pro-reitorias\/proplan\/wp-json\/wp\/v2\/pages\/3869\/revisions"}],"wp:attachment":[{"href":"https:\/\/www.ufsm.br\/pro-reitorias\/proplan\/wp-json\/wp\/v2\/media?parent=3869"}],"wp:term":[{"taxonomy":"category","embeddable":true,"href":"https:\/\/www.ufsm.br\/pro-reitorias\/proplan\/wp-json\/wp\/v2\/categories?post=3869"},{"taxonomy":"post_tag","embeddable":true,"href":"https:\/\/www.ufsm.br\/pro-reitorias\/proplan\/wp-json\/wp\/v2\/tags?post=3869"}],"curies":[{"name":"wp","href":"https:\/\/api.w.org\/{rel}","templated":true}]}}