{"id":3870,"date":"2020-06-15T10:18:41","date_gmt":"2020-06-15T13:18:41","guid":{"rendered":"https:\/\/www.ufsm.br\/pro-reitorias\/proplan\/?page_id=3870"},"modified":"2020-07-17T09:01:17","modified_gmt":"2020-07-17T12:01:17","slug":"resolucao-n-005-1978","status":"publish","type":"page","link":"https:\/\/www.ufsm.br\/pro-reitorias\/proplan\/resolucao-n-005-1978","title":{"rendered":"Resolu\u00e7\u00e3o N. 005\/1978"},"content":{"rendered":"\t\t<div data-elementor-type=\"wp-page\" data-elementor-id=\"3870\" class=\"elementor elementor-3870\">\n\t\t\t\t\t\t<section class=\"elementor-section elementor-top-section elementor-element elementor-element-dcebe74 elementor-section-boxed elementor-section-height-default elementor-section-height-default\" data-id=\"dcebe74\" data-element_type=\"section\">\n\t\t\t\t\t\t<div class=\"elementor-container elementor-column-gap-default\">\n\t\t\t\t\t<div class=\"elementor-column elementor-col-100 elementor-top-column elementor-element elementor-element-e3fb43d\" data-id=\"e3fb43d\" data-element_type=\"column\">\n\t\t\t<div class=\"elementor-widget-wrap elementor-element-populated\">\n\t\t\t\t\t\t<div class=\"elementor-element elementor-element-686ed6a elementor-widget elementor-widget-html\" data-id=\"686ed6a\" data-element_type=\"widget\" data-widget_type=\"html.default\">\n\t\t\t\t<div class=\"elementor-widget-container\">\n\t\t\t\r\n\r\n\r\n<title><b>RESOLU\u00c7\u00c3O N. 005\/1978<\/b><\/title>\r\n\r\n\r\n<p><div align=\"center\"><b><a href=\"https:\/\/portal.ufsm.br\/documentos\/publico\/documento.html?id=5744085\" target=\"_blank\"><font color=\"blue\"><u>RESOLU\u00c7\u00c3O N\u00ba 05\/78<\/u><\/font><\/a><\/b><\/div><\/p>\r\n<br>\r\n<p><u><a href=\"https:\/\/www.ufsm.br\/pro-reitorias\/proplan\/resolucao-n-006-1978\/\" target=\"_blank\"><font color=\"blue\">Complementada pela Resolu\u00e7\u00e3o N. 006\/1978<\/font><\/a><\/u><\/p>\r\n<br>\r\n<p><u><a href=\"https:\/\/www.ufsm.br\/pro-reitorias\/proplan\/resolucao-n-022-2020\/\" target=\"_blank\"><font color=\"blue\">Revogada pela Resolu\u00e7\u00e3o N. 022\/2020<\/font><\/a><\/u><\/p>\r\n<br>\r\n<br><div align=\"justify\">\r\n<strike>\r\n<p>O REITOR DA UNIVERSIDADE FEDERAL DE SANTA MARIA, NO USO DF SUAS ATRIBUI\u00c7\u00d5ES LEGAIS E,<\/p>\r\n<p>- CONSIDERANDO QUE NA EXECU\u00c7\u00c3O, POR TR\u00caS ANOS CONSECUTIVOS DO PROGRAMA INSTITUCIONAL DE CAPACITA\u00c7\u00c3O DE DOCENTES PICD, NA UNIVERSIDADE FEDERAL DE SANTA MARIA, LEVARAM \u00c0 CONCLUIR HAVER NECESSIDADE DE, PARA O PR\u00d3XIMO PLANO OPERATIVO, SER DISCIPLINADA A INSCRI\u00c7\u00c3O DE CANDIDATOS, DOCENTES OU N\u00c3O, NO PICD\/UFSM\/1979;<\/p>\r\n<p>- CONSIDERANDO QUE \u00c9 DE REAL SIGNIFICA\u00c7\u00c3O QUE O PICD\/UFSM\/1979 VENHA ABRANGER O DISTRITO GEOEDUCACIONAL N\u00ba 37, RECEBENDO INDICA\u00c7\u00d5ES DE CANDIDATOS DE OUTRAS INSTITUI\u00c7\u00d5ES DE ENSINO SUPERIOR E LOCALIZADAS NO REFERIDO DISTRITO;<\/p>\r\n<p>- CONSIDERANDO QUE POR J\u00c1 SER O PLANO OPERATIVO 1979, O QUARTO PROGRAMA SUBSEQUENTE, SER\u00c3O, RELATIVAMENTE, POUCOS OS CANDIDATOS DOCENTES VINCULADOS \u00c0 UFSM, RAZ\u00c3O DE AJUIZAR-SE \u00c0 PARTICIPA\u00c7\u00c3O DE RECURSOS HUMANOS DE TODO O DISTRITO GEOEDUCACIONAL N\u00ba 37;<\/p>\r\n<p>- CONSIDERANDO AINDA, O CONTIDO NO PROCESSO N\u00ba 50.069\/78\/UFSM;<\/p>\r\n<br>\r\n<p><div align=\"center\">RESOLVE:<\/div><\/p>\r\n<br>\r\n<p>EXPEDIR A PRESENTE RESOLU\u00c7\u00c3O PARA APROVAR E DIVULGAR AS NORMAS ABAIXO DISCPIMINADAS OBJETIVANDO ELABORAR O PICD\/UFSM\/1979, TENDO POR PASE AS SITUA\u00c7\u00d5ES-CONDI\u00c7\u00d5ES SEGUINTES:<\/p>\r\n<p>1 - O PROFESSOR TITULAR SOMENTE PODER\u00c1 OBTER LICEN\u00c7A DE AFASTAMENTO PARA REALIZAR TREINAMENTO (CURSO OU EST\u00c1GIO) EM N\u00cdVEL DE P\u00d3S-DOUTORADO E, EXCEPECIONALMENTE, CURSO DE DOUTORADO.<\/p>\r\n<p>2 - O PROFESSOE ADJUNTO SOMENTE PODER\u00c1 OBTER LICEN\u00c7A DE AFASTAMENTO PARA REALIZAR CURSO DE DOUTORADO E, EXCEPCIONALMENTE, DE MESTRADO.<\/p>\r\n<p>3 - O PROFESSOR ASSISTENTE SOMENTE PODER\u00c1 OBTER LICEN\u00c7A DF AFASTAMENTO PARA REALIZAR CURSO DE DOUTORADO E, EXCEPCIONALMENTE, DE MESTRADO.<\/p>\r\n<p>4 - O AUXILIAR DE ENSINO SOMENTE PODER\u00c1 OBTER LICEN\u00c7A DE AFASTAMENTO PARA REALIZAR CURSO DE MESTRADO E, EXCEPCIONALMENTE, DE DOUTORADO.<\/p>\r\n<p>5 - DOCENTES, DE QUALQUER N\u00cdVEL, PORTADORES DO T\u00cdTULO DE LIVRE-DOCENTE, E DE DOUTOR POR CONSEQU\u00caNCIA, PODER\u00c3O OBTER LICEN\u00c7A DE AFASTAMENTO PARA REALIZAR TREINAMENTO (CURSO OU EST\u00c1GIO) EM N\u00cdVEL DE P\u00d3S-DOUTORADO E, FXCEPCIONALMENTE, CURSO DE DOUTORADO.<\/p>\r\n<p>6 - O PROFESSOR COLABORADOR, PODER\u00c1 OBTER LICEN\u00c7A DE AFASTAMENTO DESDE QUE ATENDA UMA DAS CIRCUNST\u00c2NCIAS SEGUINTES:<\/p>\r\n<p>a) DE CADA CENTRO DE ENSINO PODER\u00c1 SER AFASTADO UM CONTINGENTE DE PROFESSORES COLABORADORES EM N\u00daMERO IGUAL A 10% (DEZ PORCENTO) DO TOTAL DE PROFESSORES COLABORADORES EXISTENTES NO CENTRO, NA DATA DE 30.06.78, CONSOANTE INFORMA\u00c7\u00c3O NUM\u00c9RICA A SER PRESTADA PELO DEPARTAMENTO DE PESSOAL, DESTA UNIVERSIDADE. A CHEFIA DO (S) DEPARTAMENTO (S) CONTEMPLADO (S) DEVER\u00c1 (\u00c3O) ELABORAR A (S) INDICA\u00c7\u00c3O (OES), \u00c0 COMISS\u00c3O PICD\/UFSM, DO(S) PROFESSOR(ES) COLABORADOR (ES) QUE PODER\u00c1 (\u00c3O) OBTER A LICEN\u00c7A DE AFASTAMENTO. NO CASO DO VALOR PERCENTUAL, EM RELA\u00c7\u00c3O AO TOTAL DE PROFESSORES COLABORADORES EXISTENTES NO CENTRO, SER FRACION\u00c1RIO, DEVE HAVER ARREDONDAMENTO PARA MAIS QUANDO O DECIMAL FOR IGUAL OU SUPERIOR A 5 E PARA MENOS QUANDO INFERIOR \u00c0 5.<\/p>\r\n<p>b) SER CONTRATADO \u00c0 CONTA DE CONV\u00caNIO E DO QUAL CONSTE CL\u00c1USULA ESPEC\u00cdFICA REFERENTE AO TREINAMENTO ATRAV\u00c9S DA P\u00d3S-GRADUA\u00c7\u00c3O \"SENSUSTRICTO\" (MESTRADO-DOUTORADO) E QUE SEJA ASSEGURADA A SUBSTITUI\u00c7\u00c3O \u00c0 CONTA DE RECURSOS DO MESMO CONV\u00caNIO.<\/p>\r\n<p>c) SER INDICADO, ATRAV\u00c9S DO EXECUTOR DE CONV\u00caNIO, A FIM DE DAR CUMPRIMENTO, PELA UFSM, \u00c0 CL\u00c1USULA QUE ESTABELECE O TREINAMENTO ATRAV\u00c9S DA P\u00d3S-GRADUA\u00c7\u00c3O, SEJA \"SENSUSTRICTO\u201d (MESTRADO-DOUTORADO) SEJA \u201cSENSU LATO\" (APERFEI\u00c7OAMENTO ESPECIALIZA\u00c7\u00c3O) DESDE QUE SEJA ASSEGURADA, EM CL\u00c1USULA ESPEC\u00cdFICA DO CONV\u00caNIO, A SUBSTITUI\u00c7\u00c3O \u00c0 CONTA DO MESMO CONV\u00caNIO E HAJA INDICA\u00c7\u00c3O JUSTIFICADA DO CHEFE DO DEPARTAMENTO DE LOTA\u00c7\u00c3O E EXERC\u00cdCIO DO INTERESSADO.<\/p>\r\n<p>d) SOLICITAR, SE CONTRATADO PELA UFSM, AT\u00c9 30.06.79, ALTERA\u00c7\u00c3O NO REGIME DE TRABALHO, PASSANDO-O DE 40 PARA 20 HONAS\/SEMANAIS.<\/p>\r\n<p>e) SOLICITAR, SE CONTRATADO PELA UFSM, EM REGIME DE 20 HORAS\/SEMANAIS, EM QUALQUER TEMPO E, OS CONTRATADOS EM REGIME DE 40 HORAS\/SEMANAIS, A PARTIR DE 01.07.78, RESCIS\u00c3O DE CONTRATO, PASSANDO A CANDIDATAR-SE COMO \"REC\u00c9M-GRADUADOS\".<\/p>\r\n<p>7 - OBSERVAR AINDA: QUE REC\u00c9M-GRADUADO \u00c9 O ELEMENTO DIPLOMADO AT\u00c9 5 (CINCO) ANOS ATR\u00c1S, ISTO \u00c9, GRADUADO EM, OU AP\u00d3S 1974.<\/p>\r\n<p>8 - AS D\u00daVIDAS QUE PORVENTURA EXISTIREM NA EXECU\u00c7\u00c3O DA. PRESENTE RESOLU\u00c7\u00c3O SER\u00c3O DIRIMIDAS PELO PR\u00d3-REITOR DE P\u00d3S-GRADUA\u00c7\u00c3O E PRESIDENTE DA CPCD\/UPEM, PROFESSOR ADJUNTO DR. ZOSYMO LOPES DOS SANTOS, FICANDO AINDA, POR ESTE ATO, REVOGADA A PORTARIA N\u00ba 10.603\/78.<\/p>\r\n<p>GABINETE DO REITOR AOS VINTE E SEIS DIAS DO M\u00caS DE JUNHO DO ANO DE UM MIL NOVECENTOS E SETENTA E OITO.<\/p> \r\n<\/div>\r\n<p>Prof. DERBLAY GALV\u00c3O<\/p> \r\n<p>- REITOR -<\/p>\r\n<\/strike>\r\n<br>\r\n<p><font color=\"red0000\">Este texto n\u00e3o substitui o documento original, publicado no Portal de Documentos.<\/font> Dispon\u00edvel em: <a href=\"https:\/\/portal.ufsm.br\/documentos\/publico\/documento.html?id=5744085\" target=\"_blank\"><font color=\"blue\">https:\/\/portal.ufsm.br\/documentos\/publico\/documento.html?id=5744085<\/font><\/a>\r\n\r\n\t\t<\/div>\n\t\t\t\t<\/div>\n\t\t\t\t\t<\/div>\n\t\t<\/div>\n\t\t\t\t\t<\/div>\n\t\t<\/section>\n\t\t\t\t<\/div>\n\t\t","protected":false},"excerpt":{"rendered":"<p>RESOLU\u00c7\u00c3O N. 005\/1978 RESOLU\u00c7\u00c3O N\u00ba 05\/78 Complementada pela Resolu\u00e7\u00e3o N. 006\/1978 Revogada pela Resolu\u00e7\u00e3o N. 022\/2020 O REITOR DA UNIVERSIDADE FEDERAL DE SANTA MARIA, NO USO DF SUAS ATRIBUI\u00c7\u00d5ES LEGAIS E, &#8211; CONSIDERANDO QUE NA EXECU\u00c7\u00c3O, POR TR\u00caS ANOS CONSECUTIVOS DO PROGRAMA INSTITUCIONAL DE CAPACITA\u00c7\u00c3O DE DOCENTES PICD, NA UNIVERSIDADE FEDERAL DE SANTA MARIA, LEVARAM [&hellip;]<\/p>\n","protected":false},"author":205,"featured_media":0,"parent":0,"menu_order":0,"comment_status":"closed","ping_status":"closed","template":"","meta":{"footnotes":""},"categories":[],"tags":[],"class_list":["post-3870","page","type-page","status-publish","hentry"],"acf":[],"_links":{"self":[{"href":"https:\/\/www.ufsm.br\/pro-reitorias\/proplan\/wp-json\/wp\/v2\/pages\/3870","targetHints":{"allow":["GET"]}}],"collection":[{"href":"https:\/\/www.ufsm.br\/pro-reitorias\/proplan\/wp-json\/wp\/v2\/pages"}],"about":[{"href":"https:\/\/www.ufsm.br\/pro-reitorias\/proplan\/wp-json\/wp\/v2\/types\/page"}],"author":[{"embeddable":true,"href":"https:\/\/www.ufsm.br\/pro-reitorias\/proplan\/wp-json\/wp\/v2\/users\/205"}],"replies":[{"embeddable":true,"href":"https:\/\/www.ufsm.br\/pro-reitorias\/proplan\/wp-json\/wp\/v2\/comments?post=3870"}],"version-history":[{"count":0,"href":"https:\/\/www.ufsm.br\/pro-reitorias\/proplan\/wp-json\/wp\/v2\/pages\/3870\/revisions"}],"wp:attachment":[{"href":"https:\/\/www.ufsm.br\/pro-reitorias\/proplan\/wp-json\/wp\/v2\/media?parent=3870"}],"wp:term":[{"taxonomy":"category","embeddable":true,"href":"https:\/\/www.ufsm.br\/pro-reitorias\/proplan\/wp-json\/wp\/v2\/categories?post=3870"},{"taxonomy":"post_tag","embeddable":true,"href":"https:\/\/www.ufsm.br\/pro-reitorias\/proplan\/wp-json\/wp\/v2\/tags?post=3870"}],"curies":[{"name":"wp","href":"https:\/\/api.w.org\/{rel}","templated":true}]}}