{"id":3875,"date":"2020-06-15T10:19:01","date_gmt":"2020-06-15T13:19:01","guid":{"rendered":"https:\/\/www.ufsm.br\/pro-reitorias\/proplan\/?page_id=3875"},"modified":"2022-06-01T10:25:26","modified_gmt":"2022-06-01T13:25:26","slug":"resolucao-n-010-1978","status":"publish","type":"page","link":"https:\/\/www.ufsm.br\/pro-reitorias\/proplan\/resolucao-n-010-1978","title":{"rendered":"Resolu\u00e7\u00e3o N. 010\/1978"},"content":{"rendered":"\t\t<div data-elementor-type=\"wp-page\" data-elementor-id=\"3875\" class=\"elementor elementor-3875\">\n\t\t\t\t\t\t<section class=\"elementor-section elementor-top-section elementor-element elementor-element-8583c4b elementor-section-boxed elementor-section-height-default elementor-section-height-default\" data-id=\"8583c4b\" data-element_type=\"section\">\n\t\t\t\t\t\t<div class=\"elementor-container elementor-column-gap-default\">\n\t\t\t\t\t<div class=\"elementor-column elementor-col-100 elementor-top-column elementor-element elementor-element-ed6099a\" data-id=\"ed6099a\" data-element_type=\"column\">\n\t\t\t<div class=\"elementor-widget-wrap elementor-element-populated\">\n\t\t\t\t\t\t<div class=\"elementor-element elementor-element-0b8282c elementor-widget elementor-widget-html\" data-id=\"0b8282c\" data-element_type=\"widget\" data-widget_type=\"html.default\">\n\t\t\t\t<div class=\"elementor-widget-container\">\n\t\t\t\r\n\r\n\r\n<title><b>RESOLU\u00c7\u00c3O N. 010\/1978<\/b><\/title>\r\n\r\n\r\n<div align=\"center\"><img decoding=\"async\" src=\"https:\/\/www.ufsm.br\/pro-reitorias\/proplan\/wp-content\/uploads\/sites\/344\/2019\/09\/brasao-da-republica-do-brasil-logo.png\" alt=\"Bras\u00e3o Rep\u00fablica Federativa do Brasil\" width=\"6%\" height=\"6%\"><\/div>    \r\n<h1><font color=\"blue\"><font size=\"5\"><div align=\"center\">UNIVERSIDADE FEDERAL DE SANTA MARIA<\/font><\/font><\/div><\/H1>\r\n<p><div align=\"center\"><b><a href=\"https:\/\/portal.ufsm.br\/documentos\/publico\/documento.html?id=5745055\" target=\"_blank\"><font color=\"blue\"><u>RESOLU\u00c7\u00c3O N\u00ba 010\/78<\/u><\/font><\/a><\/b><\/div><\/p>\r\n<br>\r\n<br>\r\n<p>Alterada pelo <a href=\"http:\/\/www.planalto.gov.br\/ccivil_03\/_ato2019-2022\/2019\/decreto\/D9725.htm\"><font color=\"blue\"> Decreto N. 9.725, de 12 de mar\u00e7o de 2019<\/font><\/a>, pelas Resolu\u00e7\u00f5es <a href=\"https:\/\/www.ufsm.br\/pro-reitorias\/proplan\/resolucao-n-006-1992\/\" target=\"_blank\"><font color=\"blue\">N. 006\/1992<\/font><\/a>; <a href=\"https:\/\/www.ufsm.br\/pro-reitorias\/proplan\/resolucao-n-003-2012\/\" target=\"_blank\"><font color=\"blue\">N. 003\/2012<\/font><\/a>; <a href=\"https:\/\/www.ufsm.br\/pro-reitorias\/proplan\/resolucao-n-022-2012\/\" target=\"_blank\"><font color=\"blue\">N. 022\/2012<\/font><\/a>; <a href=\"https:\/\/www.ufsm.br\/pro-reitorias\/proplan\/resolucao-n-001-2014\/\" target=\"_blank\"><font color=\"blue\">N. 001\/2014<\/font><\/a>; <a href=\"https:\/\/www.ufsm.br\/pro-reitorias\/proplan\/resolucao-n-025-2015\/\" target=\"_blank\"><font color=\"blue\">N. 025\/2015<\/font><\/a>; <a href=\"https:\/\/www.ufsm.br\/pro-reitorias\/proplan\/resolucao-n-029-2020\/\" target=\"_blank\"><font color=\"blue\">N. 029\/2020<\/font><\/a> e, <a href=\"https:\/\/www.ufsm.br\/pro-reitorias\/proplan\/resolucao-ufsm-n-076-2022\/\" target=\"_blank\"><font color=\"blue\">N. 076\/2022<\/font><\/a> e Revogada pela <a href=\"https:\/\/www.ufsm.br\/pro-reitorias\/proplan\/resolucao-ufsm-n-093-2022\/\" target=\"_blank\"><font color=\"blue\">Resolu\u00e7\u00e3o UFSM N. 093\/2022<\/font><\/a><\/p>\r\n\r\n<br><div align=\"justify\">\r\n<strike>\r\n<p>O REITOR DA UNIVERSIDADE FEDERAL DE SANTA MARIA, no uso de suas atribui\u00e7\u00f5es legais, e<\/p>\r\n<p>- considerando a publica\u00e7\u00e3o ocorrida no \"DI\u00c1RIO OFICIAL DA UNI\u00c3O\", de 23 de maio de 1978, do novo Estatuto da Universidade Federal de Santa Maria;<\/p>\r\n<p>- considerando a necessidade imediata de adapta\u00e7\u00e3o da Universidade \u00e0s normas preceituadas nesse documento;<\/p>\r\n<p>- considerando que para tanto se fazem precisas medidas por parte dos diferentes setores da Universidade; e<\/p>\r\n<p>- considerando o que consta da manifesta\u00e7\u00e3o Egr\u00e9gio Conselho Universit\u00e1rio, na sess\u00e3o n\u00ba 240, do dia 29 de junho de 1978, conforme Processo n\u00ba 51.476\/78;<\/p>\r\n<br>\r\n<p><div align=\"center\">RESOLVE:<\/div><\/p>\r\n<br>\r\n<p>expedir a presente RESOLU\u00c7\u00c3O, visando as seguintes provid\u00eancias, relativas ao CENTRO DE EDUCA\u00c7\u00c3O F\u00cdSICA E DESPORTOS:<\/p>\r\n<p>1 - O Centro de Educa\u00e7\u00e3o F\u00edsica passa a denominar-se CENTRO DE EDUCA\u00c7\u00c3O F\u00cdSICA E DESPORTOS, com a constitui\u00e7\u00e3o que se segue:<\/p>\r\n<p>I) - DIRE\u00c7\u00c3O:<\/p>\r\n<p>Conselho do Centro;<\/p>\r\n<p>Diretor; e<\/p>\r\n<p>Vice-Diretor.<\/p>\r\n\r\n<p>II) - CURSOS:<\/p> \r\n<p>A) <u>GRADUA\u00c7\u00c3O<\/u>:<\/p>\r\n<p><strike>a) Educa\u00e7\u00e3o F\u00edsica.<\/p>\r\n<p>b) Dan\u00e7a-Licenciatura.<a href=\"https:\/\/www.ufsm.br\/pro-reitorias\/proplan\/resolucao-n-022-2012\/\" target=\"_blank\"><font color=\"blue\"><u>(Inclu\u00eddo pelo artigo 1\u00ba da Resolu\u00e7\u00e3o N. 022\/2012)<\/u><\/font><\/a> <a href=\"https:\/\/www.ufsm.br\/pro-reitorias\/proplan\/resolucao-n-029-2020\/\" target=\"_blank\"><font color=\"blue\"><u>(Reda\u00e7\u00e3o alterada pela Resolu\u00e7\u00e3o N. 029\/2020)<\/u><\/font><\/a><\/p>\r\n\r\n\r\n<p>I - Dan\u00e7a \u2013 Licenciatura;<\/p>\r\n<p>II - Educa\u00e7\u00e3o F\u00edsica \u2013 Bacharelado; e,<\/p>\r\n<p>III - Educa\u00e7\u00e3o F\u00edsica \u2013 Licenciatura. <a href=\"https:\/\/www.ufsm.br\/pro-reitorias\/proplan\/resolucao-n-029-2020\/\" target=\"_blank\"><font color=\"blue\"><u>(Reda\u00e7\u00e3o dada pela Resolu\u00e7\u00e3o N. 029\/2020)<\/u><\/font><\/a><\/p>\r\n\r\n<p>B)<s> <u>ESPECIALIZA\u00c7\u00c3O<\/u>:<\/p><\/s>\r\n<p>a)<s> T\u00e9cnicas Desportivas.<\/p><\/s>\r\nC) P\u00d3S-GRADUA\u00c7\u00c3O<\/p>\r\n<p><s>a) Curso-Programa de P\u00f3s-Gradua\u00e7\u00e3o em Educa\u00e7\u00e3o F\u00edsica - Mestrado Acad\u00eamico. <a href=\"https:\/\/www.ufsm.br\/pro-reitorias\/proplan\/resolucao-n-003-2012\/\" target=\"_blank\"><font color=\"blue\"><u>(Inclu\u00eddo pelo artigo 1\u00ba da Resolu\u00e7\u00e3o N. 003\/2012)<\/u><\/font><\/a><\/p><\/s>\r\n<p><s>b) Curso-Programa de P\u00f3s-Gradua\u00e7\u00e3o em Gerontologia - Mestrado Acad\u00eamico. <a href=\"https:\/\/www.ufsm.br\/pro-reitorias\/proplan\/resolucao-n-001-2014\/\" target=\"_blank\"><font color=\"blue\"><u>(Inclu\u00eddo pelo artigo 1\u00ba da Resolu\u00e7\u00e3o N. 001\/2014)<\/u><\/font><\/a><\/p><\/s> <a href=\"https:\/\/www.ufsm.br\/pro-reitorias\/proplan\/resolucao-ufsm-n-076-2022\/\" target=\"_blank\"><font color=\"blue\"><u>(Reda\u00e7\u00e3o alterada pela Resolu\u00e7\u00e3o N. 076\/2022)<\/u><\/font><\/a><\/p>\r\n<p>I - Doc\u00eancia na Educa\u00e7\u00e3o Infantil, em n\u00edvel de Especializa\u00e7\u00e3o;<\/p>\r\n<p>II - Educa\u00e7\u00e3o, em n\u00edveis de Mestrado e Doutorado Acad\u00eamicos;<\/p>\r\n<p>III - Educa\u00e7\u00e3o Especial: D\u00e9ficit Cognitivo e Educa\u00e7\u00e3o de Surdos\/EAD, em n\u00edvel de Especializa\u00e7\u00e3o;<\/p>\r\n<p>IV - Gest\u00e3o Educacional, em n\u00edvel de Especializa\u00e7\u00e3o;<\/p>\r\n<p>V - Gest\u00e3o Educacional\/EAD, em n\u00edvel de Especializa\u00e7\u00e3o.<\/p>\r\n<p>VI \u2013 Ensino de Hist\u00f3ria em Rede Nacional, em n\u00edvel de Mestrado Profissional;<\/p>\r\n<p>VII - Pol\u00edticas P\u00fablicas e Gest\u00e3o Educacional, em n\u00edvel de Mestrado Profissional; e,<\/p>\r\n<p>VIII - Tecnologias Educacionais em Rede, em n\u00edvel de Mestrado Profissional.<\/p>\r\nPar\u00e1grafo \u00fanico. Consideram-se extintos os seguintes cursos:<\/p>\r\n<p>I - Educa\u00e7\u00e3o Profissional Integrada a Educa\u00e7\u00e3o B\u00e1sica na Modalidade Educa\u00e7\u00e3o de Jovens e Adultos, em n\u00edvel de Especializa\u00e7\u00e3o;<\/p>\r\n<p>II - Educa\u00e7\u00e3o Especial: Altas Habilidades\/Superdota\u00e7\u00e3o, em n\u00edvel de Especializa\u00e7\u00e3o; e,<\/p>\r\n<p>III - Gest\u00e3o da Educa\u00e7\u00e3o Municipal\/EAD, em n\u00edvel de Especializa\u00e7\u00e3o.<\/p>\r\n<a href=\"https:\/\/www.ufsm.br\/pro-reitorias\/proplan\/resolucao-ufsm-n-076-2022\/\" target=\"_blank\"><font color=\"blue\"><u> (Inclu\u00eddo pelo artigo 5\u00ba da Resolu\u00e7\u00e3o N. 076\/2022)<\/u><\/font><\/a><\/p>\r\n\r\n<p>III) - \u00d3RG\u00c3O SUPLEMENTAR:<\/p>\r\n<p>a) Divis\u00e3o de Atividades Esportivas.<\/p>\r\n\r\n<p>IV) - DEPARTAMENTOS:<\/p>\r\n<p>a) Desportos Coletivos;<\/p>\r\n<p>b) Desportos Individuais; e<\/p>\r\n<p>c) M\u00e9todos e T\u00e9cnicas Desportivas.<\/p>\r\n\r\n<p>V - \u00d3RG\u00c3OS DE APOIO: <a href=\"https:\/\/www.ufsm.br\/pro-reitorias\/proplan\/resolucao-n-006-1992\/\" target=\"_blank\"><font color=\"blue\"><u>(Inclu\u00eddo pelo inciso II da Resolu\u00e7\u00e3o N. 006\/1992)<\/u><\/font><\/a><\/p>\r\n<p>a) Gabinete de Projetos. <a href=\"https:\/\/www.ufsm.br\/pro-reitorias\/proplan\/resolucao-n-006-1992\/\" target=\"_blank\"><font color=\"blue\"><u>(Inclu\u00eddo pelo inciso II da Resolu\u00e7\u00e3o N. 006\/1992)<\/u><\/font><\/a><\/p>\r\n<p><strike>b) Unidade de Tecnologia de Informa\u00e7\u00e3o. <a href=\"https:\/\/www.ufsm.br\/pro-reitorias\/proplan\/resolucao-n-025-2015\/\" target=\"_blank\"><font color=\"blue\"><u>(Inclu\u00eddo pelo \u00a7 1\u00ba do artigo 9\u00ba da Resolu\u00e7\u00e3o N. 025\/2015)<\/u><\/font><\/a> <a href=\"http:\/\/www.planalto.gov.br\/ccivil_03\/_ato2019-2022\/2019\/decreto\/D9725.htm\"><font color=\"blue\"><u> (Reda\u00e7\u00e3o alterada pelo Decreto N. 9.725\/2019)<\/u><\/font><\/a>.<\/p>\r\n\r\n<p><strike>c) Unidade de Apoio Pedag\u00f3gico. <a href=\"https:\/\/www.ufsm.br\/pro-reitorias\/proplan\/resolucao-n-025-2015\/\" target=\"_blank\"><font color=\"blue\"><u>(Inclu\u00eddo pelo \u00a7 1\u00ba do artigo 9\u00ba da Resolu\u00e7\u00e3o N. 025\/2015)<\/u><\/font><\/a><\/strike> <a href=\"http:\/\/www.planalto.gov.br\/ccivil_03\/_ato2019-2022\/2019\/decreto\/D9725.htm\"><font color=\"blue\"><u> (Reda\u00e7\u00e3o alterada pelo Decreto N. 9.725\/2019)<\/u><\/font><\/a>.<\/p>\r\n\r\n<p>VI - SECRETARIA DO CENTRO: <a href=\"https:\/\/www.ufsm.br\/pro-reitorias\/proplan\/resolucao-n-025-2015\/\" target=\"_blank\"><font color=\"blue\"><u>(Reda\u00e7\u00e3o dada pelo inciso II, do \u00a7 2\u00ba do artigo 9\u00ba da Resolu\u00e7\u00e3o N. 025\/2015)<\/u><\/font><\/a><\/strike>\r\n<p>a)N\u00facleo de Infraestrutura <a href=\"https:\/\/www.ufsm.br\/pro-reitorias\/proplan\/resolucao-n-025-2015\/\" target=\"_blank\"><font color=\"blue\"><u>(Reda\u00e7\u00e3o dada pelo inciso II, do \u00a7 2\u00ba do artigo 9\u00ba da Resolu\u00e7\u00e3o N. 025\/2015)<\/u><\/font><\/a><\/strike>\r\n<p>a.1)Divis\u00e3o de Manuten\u00e7\u00e3o e Controle de Material Did\u00e1tico <a href=\"https:\/\/www.ufsm.br\/pro-reitorias\/proplan\/resolucao-n-025-2015\/\" target=\"_blank\"><font color=\"blue\"><u>(Reda\u00e7\u00e3o dada pelo inciso III, do \u00a7 2\u00ba do artigo 9\u00ba da Resolu\u00e7\u00e3o N. 025\/2015)<\/u><\/font><\/a><\/strike>\r\n\r\n<p>VI - N\u00facleo de Divulga\u00e7\u00e3o Institucional <a href=\"https:\/\/www.ufsm.br\/pro-reitorias\/proplan\/resolucao-n-025-2015\/\" target=\"_blank\"><font color=\"blue\"><u>(Inclu\u00eddo pelo \u00a7 1\u00ba do artigo 9\u00ba da Resolu\u00e7\u00e3o N. 025\/2015)<\/u><\/font><\/a><\/strike>\r\n\r\n<p><strike>VII - N\u00facleo de Patrim\u00f4nio <a href=\"https:\/\/www.ufsm.br\/pro-reitorias\/proplan\/resolucao-n-025-2015\/\" target=\"_blank\"><font color=\"blue\"><u>(Inclu\u00eddo pelo \u00a71\u00ba do artigo 9\u00ba da Resolu\u00e7\u00e3o N. 025\/2015)<\/u><\/font><\/a> <\/strike><a href=\"http:\/\/www.planalto.gov.br\/ccivil_03\/_ato2019-2022\/2019\/decreto\/D9725.htm\"><font color=\"blue\"><u> (Reda\u00e7\u00e3o alterada pelo Decreto N. 9.725\/2019)<\/u><\/font><\/a>.<\/p>\r\n\r\n<p>VIII - N\u00facleo de Execu\u00e7\u00e3o e Controle Or\u00e7ament\u00e1rio <a href=\"https:\/\/www.ufsm.br\/pro-reitorias\/proplan\/resolucao-n-025-2015\/\" target=\"_blank\"><font color=\"blue\"><u>(Reda\u00e7\u00e3o dada pelo inciso I, do \u00a72\u00ba do artigo 9\u00ba da Resolu\u00e7\u00e3o N. 025\/2015)<\/u><\/font><\/a>\r\n\r\n<p>IX) - \u00d3RG\u00c3OS SUPLEMENTARES: <a href=\"https:\/\/www.ufsm.br\/pro-reitorias\/proplan\/resolucao-n-025-2015\/\" target=\"_blank\"><font color=\"blue\"><u>(Reda\u00e7\u00e3o dada pelo \u00a73\u00ba do artigo 9\u00ba da Resolu\u00e7\u00e3o N. 025\/2015)<\/u><\/font><\/a><\/strike>\r\n<p>a) Biblioteca Setorial<a href=\"https:\/\/www.ufsm.br\/pro-reitorias\/proplan\/resolucao-n-025-2015\/\" target=\"_blank\"><font color=\"blue\"><u>(Reda\u00e7\u00e3o dada pelo \u00a73\u00ba do artigo 9\u00ba da Resolu\u00e7\u00e3o N. 025\/2015)<\/u><\/font><\/a><\/strike>\r\n\r\n<p>2 - Ser\u00e1 a seguinte a composi\u00e7\u00e3o do Conselho do Centro, de acordo com o disposto no artigo 31 do Estatuto:<\/p>\r\n<p>a) o Diretor do Centro, como seu Presidente;<\/p>\r\n<p>b) o Vice-Diretor do Centro;<\/p>\r\n<p>c) o Coordenador de cada colegiado dos Cursos de Gradua\u00e7\u00e3o;<\/p>\r\n<p>d) dos Chefes de Departamento;<\/p>\r\n<p>e) um representante do corpo discente, eleito na forma da lei.<\/p>\r\n<p>3 - O mandato do atual Decano do Centro de Educa\u00e7\u00e3o F\u00edsica, Professor Assistente Haimo Hartmuth Fensterselfer, ser\u00e1 completado como Diretor do Centro de Educa\u00e7\u00e3o F\u00edsica e Desportos, de ac\u00f4rdo com o disposto no artigo 112 do Estatuto.<\/p>\r\n<p>4 - <u>No prazo de 15 dias<\/u>, o Diretor do Centro dever\u00e1 remeter ao Reitor as Listas Tr\u00edplice para a escolha e designa\u00e7\u00e3o dos Chefes \"PR\u00d3-TEMPORE\" dos seguintes Departamentos: Desportos Coletivos, Desportos Individuais e M\u00e9todos e T\u00e9cnicas Desportivas, atendendo o que determina o artigo 39, \u00a7 2\u00ba, do Estatuto, os quais, mesmo nestas fun\u00e7\u00f5es, integram o Conselho do Centro.<\/p>\r\n<p>5 - Compete aos Chefes designados na forma do item 4, em conson\u00e2ncia cor o Diretor do Centro e demais Departamentos envolvidos, a elabora\u00e7\u00e3o das propostas de organiza\u00e7\u00e3o dos Departamentos, devendo constar das mesmas, as rela\u00e7\u00f5es das disciplinas, materiais e equipamentos existentes, bem como a rela\u00e7\u00e3o dos Docentes e Servidores que integrar\u00e3o os respectivos Departamentos.<\/p>\r\n<p>5.1 - Uma comiss\u00e3o institucional examinar\u00e1 a proposta apresentada pelo Centro, destinada \u00e0 implanta\u00e7\u00e3o definitiva dos Departamentos, conforme consta no artigo 37, \u00a7 \u00fanico.<\/p>\r\n<p>6 - Os Departamentos de Educa\u00e7\u00e3o F\u00edsica e Desporto Universit\u00e1rio existentes na estrutura do extinto Centro de Educa\u00e7\u00e3o F\u00edsica, permanecem, administrativa e didaticamente, vinculados ao Centro de Educa\u00e7\u00e3o F\u00edsica e Desportos, com suas respectivas Chefias, at\u00e9 a completa absor\u00e7\u00e3o pelas demais Sub-Unidades, sem direito, no entanto, a representa\u00e7\u00e3o no Conselho do Centro, podendo seus Chefes ser nomeados \"PR\u00d3-TEMPORE\" dos novos Departamentos.<\/p>\r\n<p>7 - <u>No prazo de 20 dias<\/u>, o Diretor do Centro dever\u00e1 remeter ao Reitor as Listas Tr\u00edplice para escolha do Diretor respons\u00e1vel pelo \u00f3rg\u00e3o Suplementar do Centro.<\/p>\r\n<p>8 - Logo ap\u00f3s a constitui\u00e7\u00e3o definitiva do Conselho do Centro, o Diretor dever\u00e1 convocar as reuni\u00f5es espec\u00edficas necess\u00e1rias para atender o que preceituam os artigos 18, \u00a7 1\u00ba e 34, do Estatuto.<\/p>\r\n<p>9 - De ac\u00f4rdo com os artigos 57 e 58 do Estatuto, os mandatos dos atuais Coordenadores dos Cursos de Gradua\u00e7\u00e3o e Especializa\u00e7\u00e3o, ficam fixados er: dois anos, contados a partir de 23 de maio de 1978.<\/p>\r\n<p>10 - As d\u00favidas existentes na execu\u00e7\u00e3o da presente Resolu\u00e7\u00e3o ser\u00e3o encaminhadas, <p>POR ESCRITO<\/u>, diretamente ao Reitor, atrav\u00e9s do Diretor do Centro, para analise e decis\u00e3o.<\/p>\r\n<p>Gabinete do Reitor aos trinta dias do m\u00eas de junho do ano de hum mil novecentos e setenta e oito.<\/p> \r\n<\/div>\r\n<p>Prof. DERBLAY GALV\u00c3O<\/p> \r\n<p>- REITOR -<\/p>\r\n<\/strike>\r\n<br>\r\n<p><font color=\"red0000\">Este texto n\u00e3o substitui o documento original, publicado no Portal de Documentos.<\/font> Dispon\u00edvel em: <a href=\"https:\/\/portal.ufsm.br\/documentos\/publico\/documento.html?id=5745055\" target=\"_blank\"><font color=\"blue\">https:\/\/portal.ufsm.br\/documentos\/publico\/documento.html?id=5745055<\/font><\/a>\r\n\r\n\t\t<\/div>\n\t\t\t\t<\/div>\n\t\t\t\t\t<\/div>\n\t\t<\/div>\n\t\t\t\t\t<\/div>\n\t\t<\/section>\n\t\t\t\t<\/div>\n\t\t","protected":false},"excerpt":{"rendered":"<p>RESOLU\u00c7\u00c3O N. 010\/1978 UNIVERSIDADE FEDERAL DE SANTA MARIA RESOLU\u00c7\u00c3O N\u00ba 010\/78 Alterada pelo Decreto N. 9.725, de 12 de mar\u00e7o de 2019, pelas Resolu\u00e7\u00f5es N. 006\/1992; N. 003\/2012; N. 022\/2012; N. 001\/2014; N. 025\/2015; N. 029\/2020 e, N. 076\/2022 e Revogada pela Resolu\u00e7\u00e3o UFSM N. 093\/2022 O REITOR DA UNIVERSIDADE FEDERAL DE SANTA MARIA, no [&hellip;]<\/p>\n","protected":false},"author":205,"featured_media":0,"parent":0,"menu_order":0,"comment_status":"closed","ping_status":"closed","template":"","meta":{"footnotes":""},"categories":[],"tags":[],"class_list":["post-3875","page","type-page","status-publish","hentry"],"acf":[],"_links":{"self":[{"href":"https:\/\/www.ufsm.br\/pro-reitorias\/proplan\/wp-json\/wp\/v2\/pages\/3875","targetHints":{"allow":["GET"]}}],"collection":[{"href":"https:\/\/www.ufsm.br\/pro-reitorias\/proplan\/wp-json\/wp\/v2\/pages"}],"about":[{"href":"https:\/\/www.ufsm.br\/pro-reitorias\/proplan\/wp-json\/wp\/v2\/types\/page"}],"author":[{"embeddable":true,"href":"https:\/\/www.ufsm.br\/pro-reitorias\/proplan\/wp-json\/wp\/v2\/users\/205"}],"replies":[{"embeddable":true,"href":"https:\/\/www.ufsm.br\/pro-reitorias\/proplan\/wp-json\/wp\/v2\/comments?post=3875"}],"version-history":[{"count":0,"href":"https:\/\/www.ufsm.br\/pro-reitorias\/proplan\/wp-json\/wp\/v2\/pages\/3875\/revisions"}],"wp:attachment":[{"href":"https:\/\/www.ufsm.br\/pro-reitorias\/proplan\/wp-json\/wp\/v2\/media?parent=3875"}],"wp:term":[{"taxonomy":"category","embeddable":true,"href":"https:\/\/www.ufsm.br\/pro-reitorias\/proplan\/wp-json\/wp\/v2\/categories?post=3875"},{"taxonomy":"post_tag","embeddable":true,"href":"https:\/\/www.ufsm.br\/pro-reitorias\/proplan\/wp-json\/wp\/v2\/tags?post=3875"}],"curies":[{"name":"wp","href":"https:\/\/api.w.org\/{rel}","templated":true}]}}