{"id":3880,"date":"2020-06-15T10:29:35","date_gmt":"2020-06-15T13:29:35","guid":{"rendered":"https:\/\/www.ufsm.br\/pro-reitorias\/proplan\/?page_id=3880"},"modified":"2020-07-17T09:08:30","modified_gmt":"2020-07-17T12:08:30","slug":"resolucao-n-015-1978","status":"publish","type":"page","link":"https:\/\/www.ufsm.br\/pro-reitorias\/proplan\/resolucao-n-015-1978","title":{"rendered":"Resolu\u00e7\u00e3o N. 015\/1978"},"content":{"rendered":"\t\t<div data-elementor-type=\"wp-page\" data-elementor-id=\"3880\" class=\"elementor elementor-3880\">\n\t\t\t\t\t\t<section class=\"elementor-section elementor-top-section elementor-element elementor-element-cb1a5ba elementor-section-boxed elementor-section-height-default elementor-section-height-default\" data-id=\"cb1a5ba\" data-element_type=\"section\">\n\t\t\t\t\t\t<div class=\"elementor-container elementor-column-gap-default\">\n\t\t\t\t\t<div class=\"elementor-column elementor-col-100 elementor-top-column elementor-element elementor-element-e02aa56\" data-id=\"e02aa56\" data-element_type=\"column\">\n\t\t\t<div class=\"elementor-widget-wrap elementor-element-populated\">\n\t\t\t\t\t\t<div class=\"elementor-element elementor-element-a1a8c71 elementor-widget elementor-widget-html\" data-id=\"a1a8c71\" data-element_type=\"widget\" data-widget_type=\"html.default\">\n\t\t\t\t<div class=\"elementor-widget-container\">\n\t\t\t\r\n\r\n\r\n<title><b>RESOLU\u00c7\u00c3O N. 015\/1978<\/b><\/title>\r\n\r\n\r\n<div align=\"center\"><img decoding=\"async\" src=\"https:\/\/www.ufsm.br\/pro-reitorias\/proplan\/wp-content\/uploads\/sites\/344\/2019\/09\/brasao-da-republica-do-brasil-logo.png\" alt=\"Bras\u00e3o Rep\u00fablica Federativa do Brasil\" width=\"6%\" height=\"6%\"><\/div>    \r\n<h1><font color=\"blue\"><font size=\"5\"><div align=\"center\">UNIVERSIDADE FEDERAL DE SANTA MARIA<\/font><\/font><\/div><\/H1>\r\n<p><div align=\"center\"><b><a href=\"https:\/\/portal.ufsm.br\/documentos\/publico\/documento.html?id=5745104\" target=\"_blank\"><font color=\"blue\"><u>RESOLU\u00c7\u00c3O N\u00ba 015\/78<\/u><\/font><\/a><\/b><\/div><\/p>\r\n<br>\r\n<p><a href=\"https:\/\/www.ufsm.br\/pro-reitorias\/proplan\/resolucao-n-022-2020\/\" target=\"_blank\"><font color=\"blue\">Revogada pela Resolu\u00e7\u00e3o N. 022\/2020<\/font><\/a><\/p>\r\n<br>\r\n<br><div align=\"justify\">\r\n<strike>\r\n<p>O Reitor da Universidade Federal de Santa Maria, no uso de suas atribui\u00e7\u00f5es legais, e<\/p>\r\n<p>- considerando a publica\u00e7\u00e3o ocorrida no \"DI\u00c1RIO OFICIAL DA UNI\u00c3O\", de 23 de maio de 1978, do novo Estatuto da Universidade Federal de Santa Maria;<\/p>\r\n<p>- considerando a necessidade imediata de adapta\u00e7\u00e3o da Universidade \u00e0 nova Estrutura Administrativa;<\/p>\r\n<p>- considerar\u00e3o o que consta da manifesta\u00e7\u00e3o do Egr\u00e9gio Conselho Universit\u00e1rio, na sess\u00e3o n\u00ba 240, do dia 29 de junho de 1978, conforme Processo n\u00ba 51.476\/78;<\/p>\r\n<br>\r\n<p><div align=\"center\">RESOLVE:<\/div><\/p>\r\n<br>\r\n<p>expedir a presente RESOLU\u00c7\u00c3O para declarar que face ao disposto no \u00a7 2\u00ba, do artigo 23 do novo Estatuto da Universidade Federal de Santa Maria, a Reitoria contar\u00e1 cor os seguintes \u00d3rg\u00e3os de Dire\u00e7\u00e3o e Assessoria:<\/p>\r\n<p>I - <\/p>\r\n<p>1 - PR\u00d3-REITORIA DE ADMINISTRA\u00c7\u00c3O;<\/p>\r\n<p>2 - PR\u00d3-REITORIA DE ASSUNTOS ESTUDANTIS;<\/p>\r\n<p>3 - PR\u00d3-REITORIA DE EXTENS\u00c3O;<\/p>\r\n<p>4 - PR\u00d3-REITORIA DE GRADUA\u00c7\u00c3O (absorvendo totalmente a \u00e1rea de Ensino, da extinta Pr\u00f3-Reitoria de Ensino e Pesquisa);<\/p>\r\n<p>5 - PR\u00d3-REITORIA DE P\u00d3S-GRADUA\u00c7\u00c3O E PESQUISA (absorvendo totalmente a \u00e1rea de Pesquisa da Extinta Pr\u00f3-Reitoria de Ensino e Pesquisa);<\/p>\r\n<p>6 - PR\u00d3-REITORIA DE PLANEJAMENTO (absorvendo os recursos humanos e materiais da extinta assessoria de Planejamento).<\/p>\r\n<p>II - Os titulares das atuais Pr\u00f3-Reitorias de Assuntos Estudantis, Ensino e Pesquisa e P\u00f3s-Gradua\u00e7\u00e3o ficam confirmados nas dire\u00e7\u00f5es das Pr\u00f3-Reitorias de Assuntos Estudantis, de Gradua\u00e7\u00e3o e de P\u00f3s-Gradua\u00e7\u00e3o e Pesquisa.<\/p>\r\n<p>III - O atual respons\u00e1vel pela Pr\u00f3-Reitoria de Extens\u00e3o Universit\u00e1ria, at\u00e9 a cria\u00e7\u00e3o do cargo de Pr\u00f3-Reitor de Extens\u00e3o, continuar\u00e1 \u00e0 testa desta Pr\u00f3-Reitoria.<\/p>\r\n<p>IV - Para as demais Pr\u00f3-Reitorias ser\u00e3o designados docentes para responder pelas mesmas, at\u00e9 a cria\u00e7\u00e3o dos respectivos cargos de Dire\u00e7\u00e3o e Assessoramento Superior - DAS, pelo DASP.<\/p>\r\n<p>Gabinete do Reitor aos vinte e nove dias do m\u00eas de junho de hum mil novecentos e setenta e oito.<\/p> \r\n<\/div>\r\n<p>Prof. Tit. Derblay Galv\u00e3o<\/p> \r\n<p>- Reitor -<\/p>\r\n<\/strike>\r\n<br>\r\n<p><font color=\"red0000\">Este texto n\u00e3o substitui o documento original, publicado no Portal de Documentos.<\/font> Dispon\u00edvel em: <a href=\"https:\/\/portal.ufsm.br\/documentos\/publico\/documento.html?id=5745104\" target=\"_blank\"><font color=\"blue\">https:\/\/portal.ufsm.br\/documentos\/publico\/documento.html?id=5745104<\/font><\/a>\r\n\r\n\t\t<\/div>\n\t\t\t\t<\/div>\n\t\t\t\t\t<\/div>\n\t\t<\/div>\n\t\t\t\t\t<\/div>\n\t\t<\/section>\n\t\t\t\t<\/div>\n\t\t","protected":false},"excerpt":{"rendered":"<p>RESOLU\u00c7\u00c3O N. 015\/1978 UNIVERSIDADE FEDERAL DE SANTA MARIA RESOLU\u00c7\u00c3O N\u00ba 015\/78 Revogada pela Resolu\u00e7\u00e3o N. 022\/2020 O Reitor da Universidade Federal de Santa Maria, no uso de suas atribui\u00e7\u00f5es legais, e &#8211; considerando a publica\u00e7\u00e3o ocorrida no &#8220;DI\u00c1RIO OFICIAL DA UNI\u00c3O&#8221;, de 23 de maio de 1978, do novo Estatuto da Universidade Federal de Santa [&hellip;]<\/p>\n","protected":false},"author":205,"featured_media":0,"parent":0,"menu_order":0,"comment_status":"closed","ping_status":"closed","template":"","meta":{"footnotes":""},"categories":[],"tags":[],"class_list":["post-3880","page","type-page","status-publish","hentry"],"acf":[],"_links":{"self":[{"href":"https:\/\/www.ufsm.br\/pro-reitorias\/proplan\/wp-json\/wp\/v2\/pages\/3880","targetHints":{"allow":["GET"]}}],"collection":[{"href":"https:\/\/www.ufsm.br\/pro-reitorias\/proplan\/wp-json\/wp\/v2\/pages"}],"about":[{"href":"https:\/\/www.ufsm.br\/pro-reitorias\/proplan\/wp-json\/wp\/v2\/types\/page"}],"author":[{"embeddable":true,"href":"https:\/\/www.ufsm.br\/pro-reitorias\/proplan\/wp-json\/wp\/v2\/users\/205"}],"replies":[{"embeddable":true,"href":"https:\/\/www.ufsm.br\/pro-reitorias\/proplan\/wp-json\/wp\/v2\/comments?post=3880"}],"version-history":[{"count":0,"href":"https:\/\/www.ufsm.br\/pro-reitorias\/proplan\/wp-json\/wp\/v2\/pages\/3880\/revisions"}],"wp:attachment":[{"href":"https:\/\/www.ufsm.br\/pro-reitorias\/proplan\/wp-json\/wp\/v2\/media?parent=3880"}],"wp:term":[{"taxonomy":"category","embeddable":true,"href":"https:\/\/www.ufsm.br\/pro-reitorias\/proplan\/wp-json\/wp\/v2\/categories?post=3880"},{"taxonomy":"post_tag","embeddable":true,"href":"https:\/\/www.ufsm.br\/pro-reitorias\/proplan\/wp-json\/wp\/v2\/tags?post=3880"}],"curies":[{"name":"wp","href":"https:\/\/api.w.org\/{rel}","templated":true}]}}