{"id":3886,"date":"2020-06-15T11:22:43","date_gmt":"2020-06-15T14:22:43","guid":{"rendered":"https:\/\/www.ufsm.br\/pro-reitorias\/proplan\/?page_id=3886"},"modified":"2020-07-17T09:18:10","modified_gmt":"2020-07-17T12:18:10","slug":"resolucao-n-021-1978","status":"publish","type":"page","link":"https:\/\/www.ufsm.br\/pro-reitorias\/proplan\/resolucao-n-021-1978","title":{"rendered":"Resolu\u00e7\u00e3o N. 021\/1978"},"content":{"rendered":"\t\t<div data-elementor-type=\"wp-page\" data-elementor-id=\"3886\" class=\"elementor elementor-3886\">\n\t\t\t\t\t\t<section class=\"elementor-section elementor-top-section elementor-element elementor-element-0e8fc0a elementor-section-boxed elementor-section-height-default elementor-section-height-default\" data-id=\"0e8fc0a\" data-element_type=\"section\">\n\t\t\t\t\t\t<div class=\"elementor-container elementor-column-gap-default\">\n\t\t\t\t\t<div class=\"elementor-column elementor-col-100 elementor-top-column elementor-element elementor-element-868b55c\" data-id=\"868b55c\" data-element_type=\"column\">\n\t\t\t<div class=\"elementor-widget-wrap elementor-element-populated\">\n\t\t\t\t\t\t<div class=\"elementor-element elementor-element-9c5f5e2 elementor-widget elementor-widget-html\" data-id=\"9c5f5e2\" data-element_type=\"widget\" data-widget_type=\"html.default\">\n\t\t\t\t<div class=\"elementor-widget-container\">\n\t\t\t\r\n\r\n\r\n<title><b>RESOLU\u00c7\u00c3O N. 021\/1978<\/b><\/title>\r\n\r\n\r\n<p><div align=\"center\"><b><a href=\"https:\/\/portal.ufsm.br\/documentos\/publico\/documento.html?id=5749800\" target=\"_blank\"><font color=\"blue\"><u>RESOLU\u00c7\u00c3O N\u00ba 021, de 07 de agosto de 1978.<\/u><\/font><\/a><\/b><\/div><\/p>\r\n<br>\r\n<p><a href=\"https:\/\/www.ufsm.br\/pro-reitorias\/proplan\/resolucao-n-022-2020\/\" target=\"_blank\"><font color=\"blue\">Revogada pela Resolu\u00e7\u00e3o N. 022\/2020<\/font><\/a><\/p>\r\n<br>\r\n<br><div align=\"justify\">\r\n<strike>\r\n<p>O REITOR DA UNIVERSIDADE FEDERAL DE SANTA MARIA, NO USO DE SUAS ATRIBUI\u00c7\u00d5ES ESTATUT\u00c1RIAS E,<\/p>\r\n<p>- considerando o disposto no <u><a href=\"https:\/\/www2.camara.leg.br\/legin\/fed\/decret\/1970-1979\/decreto-74143-4-junho-1974-423114-publicacaooriginal-1-pe.html\" target=\"_blank\"><font color=\"blue\">Decreto n\u00ba 74.143, de 04.06.74<\/font><\/a><\/u>, e a Portaria Ministerial n\u00ba 890, de 24,11.76, e<\/p>\r\n<p>- considerando o aprovado nas reuni\u00f5es n\u00ba 163 do Conselho Universit\u00e1rio e 38 do Conselho de Ensino, Pesquisa e Extens\u00e3o;<\/p>\r\n<br>\r\n<p><div align=\"center\">RESOLVE:<\/div><\/p>\r\n<br>\r\n<p>Expedir a presente Resolu\u00e7\u00e3o para aprovar e divulgar as normas para AFASTAMENTO DE DOCENTE, vinculado \u00e0 UFSM:<\/p>\r\n<p>I - O docente da Universidade Federal de Santa Maria poder\u00e1 obter licen\u00e7a para afastamento nos seguintes casos:<\/p>\r\n<p>a) - aperfei\u00e7oar-se em institui\u00e7\u00f5es nacionais ou estrangeiras, em cursos de P\u00d3S-DOUTORADO, DOUTORADO, MESTRADO, ESPECIALIZA\u00c7\u00c3O, APERFEI\u00c7OAMENTO e outros, em est\u00e1gios de viagens de curta dura\u00e7\u00e3o;<\/p>\r\n<p>b) - exercer atividades de magist\u00e9rio em outra institui\u00e7\u00e3o federal, universidade ou estabelecimento isolado de ensino superior, na reg\u00eancia de cursos sobre sua especialidade universit\u00e1ria, ou ministrando confer\u00eancias de sua compet\u00eancia no ensino superior;<\/p>\r\n<p>c) - prestar assist\u00eancia t\u00e9cnica, e<\/p>\r\n<p>d) - comparecer a congressos, semin\u00e1rios, jornadas e reuni\u00f5es relacionadas com sua atividade docente, por iniciativa pr\u00f3pria, como representante da Universidade ou unidade, ou ainda, em virtude de designa\u00e7\u00e3o especifica, tendo prioridade o docente que for apresentar trabalho cient\u00edfico.<\/p> \r\n<p>II - Em qualquer dos casos previstos no item anterior, a licen\u00e7a s\u00f3 poder\u00e1 ser concedida se comprovado que o afastamento n\u00e3o prejudicar\u00e1 o desenvolvimento das atividades docentes, a ju\u00edzo do Chefe do Departamento.<\/p>\r\n<p>III - Os atos de concess\u00e3o de licen\u00e7a para afastamento de docente do Pa\u00eds, no caso do item I, letras, \"a\", \u201c\"b\" e \"c\", ser\u00e3o baixados pelo Reitor, ap\u00f3s parecer favor\u00e1vel do Conselho do Centro respectivo e homologa\u00e7\u00e3o do Conselho de Ensino, Pesquisa e Extens\u00e3o.<\/p>\r\n<p>IV - Os afastamentos relacionados no item I, letra \"a\" ser\u00e3o de compet\u00eancia do Diretor do Centro, ouvido o Conselho do Centro respectivo. Neste caso, dever\u00e1 o Centro apenas informar, trimestralmente, os afastamentos ocorridos, mediante preenchimento de formul\u00e1rio cujo modelo integra o Anexo \u00e0 presente Resolu\u00e7\u00e3o.<\/p>\r\n<p>V - Os afastamentos dentro do Pa\u00eds n\u00e3o poder\u00e3o ultrapassar a 02 (dois) anos, e, para o Exterior, 04 (quatro) anos, n\u00e3o sendo permitido novo afastamento, finda a miss\u00e3o ou estudo, antes de decorrido prazo igual ao do afastamento. Os afastamentos no Pa\u00eds, ou fora do Pa\u00eds, poder\u00e3o, em casos excepcionais, ser prorrogados.<\/p>\r\n<p>VI - Com rela\u00e7\u00e3o aos afastamentos previstos no item I, letra \"a\", fica o interessado obrigado a remeter, atrav\u00e9s do respectivo Departamento, relat\u00f3rios trimestrais, em duas vias, destinados ao Diretor e ao Reitor.<\/p>\r\n<p>VII - Os Conselhos dos Centros organizar\u00e3o programas anuais de aperfei\u00e7oamento de pessoal docente nas respectivas unidades, a serem aprovados pelo Conselho de Ensino, Pesquisa e Extens\u00e3o.<\/p>\r\n<p>VIII - Nos afastamentos para o Exterior, o processo de solicita\u00e7\u00e3o dever\u00e1 dar entrada no Gabinete do Reitor, devidamente instru\u00eddo, com anteced\u00eancia m\u00ednima de 90 (noventa) dias.<\/p>\r\n<p>IX - Os casos omissos ser\u00e3o dirimidos pelo Conselho de Ensino, Pesquisa e Extens\u00e3o.<\/p> \r\n<\/div>\r\n<p>Prof. Tit. DERBLAY GALV\u00c3O<\/p> \r\n<p>- REITOR -<\/p>\r\n<\/strike>\r\n<br>\r\n<p><font color=\"red0000\">Este texto n\u00e3o substitui o documento original, publicado no Portal de Documentos.<\/font> Dispon\u00edvel em: <a href=\"https:\/\/portal.ufsm.br\/documentos\/publico\/documento.html?id=5749800\" target=\"_blank\"><font color=\"blue\">https:\/\/portal.ufsm.br\/documentos\/publico\/documento.html?id=5749800<\/font><\/a>\r\n\r\n\t\t<\/div>\n\t\t\t\t<\/div>\n\t\t\t\t\t<\/div>\n\t\t<\/div>\n\t\t\t\t\t<\/div>\n\t\t<\/section>\n\t\t\t\t<\/div>\n\t\t","protected":false},"excerpt":{"rendered":"<p>RESOLU\u00c7\u00c3O N. 021\/1978 RESOLU\u00c7\u00c3O N\u00ba 021, de 07 de agosto de 1978. Revogada pela Resolu\u00e7\u00e3o N. 022\/2020 O REITOR DA UNIVERSIDADE FEDERAL DE SANTA MARIA, NO USO DE SUAS ATRIBUI\u00c7\u00d5ES ESTATUT\u00c1RIAS E, &#8211; considerando o disposto no Decreto n\u00ba 74.143, de 04.06.74, e a Portaria Ministerial n\u00ba 890, de 24,11.76, e &#8211; considerando o aprovado [&hellip;]<\/p>\n","protected":false},"author":205,"featured_media":0,"parent":0,"menu_order":0,"comment_status":"closed","ping_status":"closed","template":"","meta":{"footnotes":""},"categories":[],"tags":[],"class_list":["post-3886","page","type-page","status-publish","hentry"],"acf":[],"_links":{"self":[{"href":"https:\/\/www.ufsm.br\/pro-reitorias\/proplan\/wp-json\/wp\/v2\/pages\/3886","targetHints":{"allow":["GET"]}}],"collection":[{"href":"https:\/\/www.ufsm.br\/pro-reitorias\/proplan\/wp-json\/wp\/v2\/pages"}],"about":[{"href":"https:\/\/www.ufsm.br\/pro-reitorias\/proplan\/wp-json\/wp\/v2\/types\/page"}],"author":[{"embeddable":true,"href":"https:\/\/www.ufsm.br\/pro-reitorias\/proplan\/wp-json\/wp\/v2\/users\/205"}],"replies":[{"embeddable":true,"href":"https:\/\/www.ufsm.br\/pro-reitorias\/proplan\/wp-json\/wp\/v2\/comments?post=3886"}],"version-history":[{"count":0,"href":"https:\/\/www.ufsm.br\/pro-reitorias\/proplan\/wp-json\/wp\/v2\/pages\/3886\/revisions"}],"wp:attachment":[{"href":"https:\/\/www.ufsm.br\/pro-reitorias\/proplan\/wp-json\/wp\/v2\/media?parent=3886"}],"wp:term":[{"taxonomy":"category","embeddable":true,"href":"https:\/\/www.ufsm.br\/pro-reitorias\/proplan\/wp-json\/wp\/v2\/categories?post=3886"},{"taxonomy":"post_tag","embeddable":true,"href":"https:\/\/www.ufsm.br\/pro-reitorias\/proplan\/wp-json\/wp\/v2\/tags?post=3886"}],"curies":[{"name":"wp","href":"https:\/\/api.w.org\/{rel}","templated":true}]}}