{"id":3887,"date":"2020-06-15T11:22:53","date_gmt":"2020-06-15T14:22:53","guid":{"rendered":"https:\/\/www.ufsm.br\/pro-reitorias\/proplan\/?page_id=3887"},"modified":"2020-07-17T09:24:58","modified_gmt":"2020-07-17T12:24:58","slug":"resolucao-n-021-1978-anexo-i","status":"publish","type":"page","link":"https:\/\/www.ufsm.br\/pro-reitorias\/proplan\/resolucao-n-021-1978-anexo-i","title":{"rendered":"Resolu\u00e7\u00e3o N. 021\/1978-Anexo I"},"content":{"rendered":"\t\t<div data-elementor-type=\"wp-page\" data-elementor-id=\"3887\" class=\"elementor elementor-3887\">\n\t\t\t\t\t\t<section class=\"elementor-section elementor-top-section elementor-element elementor-element-e99332c elementor-section-boxed elementor-section-height-default elementor-section-height-default\" data-id=\"e99332c\" data-element_type=\"section\">\n\t\t\t\t\t\t<div class=\"elementor-container elementor-column-gap-default\">\n\t\t\t\t\t<div class=\"elementor-column elementor-col-100 elementor-top-column elementor-element elementor-element-8a3d59a\" data-id=\"8a3d59a\" data-element_type=\"column\">\n\t\t\t<div class=\"elementor-widget-wrap elementor-element-populated\">\n\t\t\t\t\t\t<div class=\"elementor-element elementor-element-10416ee elementor-widget elementor-widget-html\" data-id=\"10416ee\" data-element_type=\"widget\" data-widget_type=\"html.default\">\n\t\t\t\t<div class=\"elementor-widget-container\">\n\t\t\t\r\n\r\n\r\n<title><b>RESOLU\u00c7\u00c3O N. 021\/1978-ANEXO I<\/b><\/title>\r\n\r\n\r\n<p><div align=\"center\"><b><a href=\"https:\/\/portal.ufsm.br\/documentos\/publico\/documento.html?id=13075156\" target=\"_blank\"><font color=\"blue\"><u>ANEXO I \u00c0 <u><a href=\"https:\/\/www.ufsm.br\/pro-reitorias\/proplan\/resolucao-n-021-1978\/\" target=\"_blank\"><font color=\"blue\">RESOLU\u00c7\u00c3O N\u00ba 021, de 07 de agosto de 1978<\/font><\/a><\/u>.<\/u><\/font><\/a><\/b><\/div>.<\/p>\r\n<br>\r\n<p><div align=\"center\"><u>PROCEDIMENTOS PARA AFASTAMENTO DE DOCENTE<\/u>:<\/div><\/p>\r\n<br>\r\n<p><a href=\"https:\/\/www.ufsm.br\/pro-reitorias\/proplan\/resolucao-n-022-2020\/\" target=\"_blank\"><font color=\"blue\">Revogada pela Resolu\u00e7\u00e3o N. 022\/2020<\/font><\/a><\/p>\r\n<br>\r\n<br><div align=\"justify\">\r\n<strike>\r\n<br><div align=\"justify\">\r\n<p>1 - O DOCENTE dirigir\u00e1 requerimento ao Senhor Chefe do Departamento onde estiver lotado, expondo os motivos e justificando o pedido de licen\u00e7a de afastamento, instruindo-o com:<\/p>\r\n<p>a)- Nome, dura\u00e7\u00e3o e n\u00edvel do curso, anexando comprovante de sele\u00e7\u00e3o, matr\u00edcula e ou, convite;<\/p>\r\n<p>b)- Termo de Compromisso do(s) docente(s) que substituir\u00e1(\u00e3o) o requerente, eu 1 (uma) via;<\/p>\r\n<p>c)- Termo de Compromisso de voltar \u00e0 UFSM e exercer atividades, no m\u00ednimo, por espa\u00e7o de tempo igual ao que esteve afastado (art. 16, do <u><a href=\"https:\/\/www2.camara.leg.br\/legin\/fed\/decret\/1970-1979\/decreto-74143-4-junho-1974-423114-publicacaooriginal-1-pe.html\" target=\"_blank\"><font color=\"blue\">Decreto n\u00ba 74.143, de 04\/06\/74<\/font><\/a><\/u>), em 02 (duas) vias;<\/p>\r\n<p>d)- Ficha de Qualifica\u00e7\u00e3o, modelo 14 (duas originais), assinadas (s\u00f3 nos casos de afastamentos para o Exterior);<\/p>\r\n<p>e)- Ficha de Informa\u00e7\u00f5es, para cumprimento da Portaria Ministerial n\u00ba 890\/76, em 01 (uma) via (S\u00f3 nos casos de afastamentos para o Exterior);<\/p>\r\n<p>f)- Requerimento de dispensa da obriga\u00e7\u00e3o do artigo 1\u00ba, do <u><a href=\"http:\/\/www.planalto.gov.br\/ccivil_03\/Decreto-Lei\/1965-1988\/Del1470.htm\" target=\"_blank\"><font color=\"blue\">Dec. Lei n\u00ba 1.470\/76<\/font><\/a><\/u>, em 01 (una) via (S\u00f3 nos casos de afastamentos para o Exterior).<\/p>\r\n<p>2 - O CHEFE DO DEPARTAMENTO, uma vez verificada a possibilidade do afastamento pleiteado, evitando haver preju\u00edzos de ordem did\u00e1tica, instruir\u00e1 o expediente com o devido pronunciamento, encaminhando-o ao Senhor Diretor do Centro.<\/p>\r\n<p>3 - O DIRETOR DO CENTRO, remeter\u00e1 o requerimento ao Departamento de Pessoal para juntar a Ficha Cadastral do docente e informar quantos, e quais afastamentos, e\/ou prorroga\u00e7\u00f5es j\u00e1 gozou o requerente. O Departamento de Pessoal, tratando-se de docente vinculado a Regimes Especiais de Trabalho, enviar\u00e1 o expediente \u00e0 COPERT, que informar\u00e1 e devolver\u00e1 o processo ao Diretor do Centro. Tratando-se de docente vinculado ao regime de 12 horas semanais de trabalho, o Departamento de Pessoal devolver\u00e1 o processo diretamente ao Diretor do Centro.<\/p>\r\n<p>4 - O DIRETOR DO CENTRO, enviar\u00e1 o processo, ap\u00f3s, ao Conselho do respectivo Centro. Se aprovada a pretens\u00e3o do docente, o Diretor do Centro encaminhar\u00e1 o processo aos Pr\u00f3-Reitores de GRADUA\u00c7\u00c3O e de P\u00d3S-GRADUA\u00c7\u00c3O E PESQUISA.<\/p>\r\n<p>5 - O SENHOR PR\u00d3-REITOR DE GRADUA\u00c7\u00c3O se pronunciar\u00e1 quanto \u00e0 necessidade do aprimoramento pleiteado e enviar\u00e1, a seguir, ao SENHOR PR\u00d3-REITOR DE P\u00d3S-GRADUA\u00c7\u00c3O E PESQUISA que se manifestar\u00e1 em rela\u00e7\u00e3o \u00e0 objetividade e aproveitamento e far\u00e1 com que o processo suba \u00e0 considera\u00e7\u00e3o do Professor Reitor.<\/p>\r\n<p>6 - O SENHOR PROFESSOR REITOR encaminhar\u00e1 o processo para ser apreciado pelo Douto Conselho de Ensino, Pesquisa e Extens\u00e3o, que aprovar\u00e1 ou n\u00e3o o afastamento solicitado.<\/p>\r\n<p>7 - Aprovado o pedido pelo Douto CONSELHO DE ENSINO, PESQUISA E EXTENS\u00c3O, o expediente ser\u00e1 remetido ao GABINETE DO REITOR, quando se tratar de afastamento do Pa\u00eds e, ao Departamento de Pessoal, quando se tratar de afastamento dentro do Pa\u00eds recebendo, no primeiro caso, o Departamento de Pessoal uma c\u00f3pia do parecer emitido pelo Douto Conselho de Ensino, Pesquisa e Extens\u00e3o.<\/p>\r\n<p>8 - Quando se tratar de afastamento dentro do Pa\u00eds, o DEPARTAMENTO DE PESSOAL providenciar\u00e1 na elabora\u00e7\u00e3o da competente Portaria de afastamento.<\/p>\r\n<p>9 - Quando se tratar de afastamento para o Exterior, o GABINETE DO REITOR encaminhar\u00e1 o expediente ao Excelent\u00edssimo Senhor Ministro da Educa\u00e7\u00e3o e Cultura para a devida autoriza\u00e7\u00e3o.<\/p>\r\n<p>10 - Ocorrendo a autoriza\u00e7\u00e3o, o Gabinete do Reitor aguardara a comunica\u00e7\u00e3o oficial dessa decis\u00e3o, para dar ci\u00eancia ao interessado.<\/p>\r\n<p>11 - O DEPARTAMENTO PE PESSOAL, recebendo o Di\u00e1rio Oficial da Uni\u00e3o, contendo a publica\u00e7\u00e3o da autoriza\u00e7\u00e3o ministerial e j\u00e1 de posse do parecer do Douto Conselho de Ensino, Pesquisa e Extens\u00e3o, elaborar\u00e1 a Portaria de afastamento do docente para o Exterior.<\/p>\r\n<\/div>\r\n<\/strike>\r\n<br>\r\n<p><font color=\"red0000\">Este texto n\u00e3o substitui o documento original, publicado no Portal de Documentos.<\/font> Dispon\u00edvel em: <a href=\"https:\/\/portal.ufsm.br\/documentos\/publico\/documento.html?id=13075156\" target=\"_blank\"><font color=\"blue\">https:\/\/portal.ufsm.br\/documentos\/publico\/documento.html?id=13075156<\/font><\/a>\r\n\r\n\t\t<\/div>\n\t\t\t\t<\/div>\n\t\t\t\t\t<\/div>\n\t\t<\/div>\n\t\t\t\t\t<\/div>\n\t\t<\/section>\n\t\t\t\t<\/div>\n\t\t","protected":false},"excerpt":{"rendered":"<p>RESOLU\u00c7\u00c3O N. 021\/1978-ANEXO I ANEXO I \u00c0 RESOLU\u00c7\u00c3O N\u00ba 021, de 07 de agosto de 1978.. PROCEDIMENTOS PARA AFASTAMENTO DE DOCENTE: Revogada pela Resolu\u00e7\u00e3o N. 022\/2020 1 &#8211; O DOCENTE dirigir\u00e1 requerimento ao Senhor Chefe do Departamento onde estiver lotado, expondo os motivos e justificando o pedido de licen\u00e7a de afastamento, instruindo-o com: a)- Nome, [&hellip;]<\/p>\n","protected":false},"author":205,"featured_media":0,"parent":0,"menu_order":0,"comment_status":"closed","ping_status":"closed","template":"","meta":{"footnotes":""},"categories":[],"tags":[],"class_list":["post-3887","page","type-page","status-publish","hentry"],"acf":[],"_links":{"self":[{"href":"https:\/\/www.ufsm.br\/pro-reitorias\/proplan\/wp-json\/wp\/v2\/pages\/3887","targetHints":{"allow":["GET"]}}],"collection":[{"href":"https:\/\/www.ufsm.br\/pro-reitorias\/proplan\/wp-json\/wp\/v2\/pages"}],"about":[{"href":"https:\/\/www.ufsm.br\/pro-reitorias\/proplan\/wp-json\/wp\/v2\/types\/page"}],"author":[{"embeddable":true,"href":"https:\/\/www.ufsm.br\/pro-reitorias\/proplan\/wp-json\/wp\/v2\/users\/205"}],"replies":[{"embeddable":true,"href":"https:\/\/www.ufsm.br\/pro-reitorias\/proplan\/wp-json\/wp\/v2\/comments?post=3887"}],"version-history":[{"count":0,"href":"https:\/\/www.ufsm.br\/pro-reitorias\/proplan\/wp-json\/wp\/v2\/pages\/3887\/revisions"}],"wp:attachment":[{"href":"https:\/\/www.ufsm.br\/pro-reitorias\/proplan\/wp-json\/wp\/v2\/media?parent=3887"}],"wp:term":[{"taxonomy":"category","embeddable":true,"href":"https:\/\/www.ufsm.br\/pro-reitorias\/proplan\/wp-json\/wp\/v2\/categories?post=3887"},{"taxonomy":"post_tag","embeddable":true,"href":"https:\/\/www.ufsm.br\/pro-reitorias\/proplan\/wp-json\/wp\/v2\/tags?post=3887"}],"curies":[{"name":"wp","href":"https:\/\/api.w.org\/{rel}","templated":true}]}}