{"id":3919,"date":"2020-06-16T14:56:06","date_gmt":"2020-06-16T17:56:06","guid":{"rendered":"https:\/\/www.ufsm.br\/pro-reitorias\/proplan\/?page_id=3919"},"modified":"2020-11-11T09:52:54","modified_gmt":"2020-11-11T12:52:54","slug":"resolucao-n-004-1975","status":"publish","type":"page","link":"https:\/\/www.ufsm.br\/pro-reitorias\/proplan\/resolucao-n-004-1975","title":{"rendered":"Resolu\u00e7\u00e3o N. 004\/1975"},"content":{"rendered":"\t\t<div data-elementor-type=\"wp-page\" data-elementor-id=\"3919\" class=\"elementor elementor-3919\">\n\t\t\t\t\t\t<section class=\"elementor-section elementor-top-section elementor-element elementor-element-20774d8 elementor-section-boxed elementor-section-height-default elementor-section-height-default\" data-id=\"20774d8\" data-element_type=\"section\">\n\t\t\t\t\t\t<div class=\"elementor-container elementor-column-gap-default\">\n\t\t\t\t\t<div class=\"elementor-column elementor-col-100 elementor-top-column elementor-element elementor-element-eac51d1\" data-id=\"eac51d1\" data-element_type=\"column\">\n\t\t\t<div class=\"elementor-widget-wrap elementor-element-populated\">\n\t\t\t\t\t\t<div class=\"elementor-element elementor-element-13af45b elementor-widget elementor-widget-html\" data-id=\"13af45b\" data-element_type=\"widget\" data-widget_type=\"html.default\">\n\t\t\t\t<div class=\"elementor-widget-container\">\n\t\t\t\r\n\r\n\r\n<title><b>RESOLU\u00c7\u00c3O N. 004\/1975<\/b><\/title>\r\n\r\n\r\n<div align=\"center\"><img decoding=\"async\" src=\"https:\/\/www.ufsm.br\/pro-reitorias\/proplan\/wp-content\/uploads\/sites\/344\/2019\/09\/brasao-da-republica-do-brasil-logo.png\" alt=\"Bras\u00e3o Rep\u00fablica Federativa do Brasil\" width=\"6%\" height=\"6%\"><\/div>    \r\n<h1><font color=\"blue\"><font size=\"5\"><div align=\"center\">MINIST\u00c9RIO DA EDUCA\u00c7\u00c3O E CULTURA<\/b><\/font><\/font><\/div><\/H1>\r\n<p><b><font color=\"0000blue\"><div align=\"center\">UNIVERSIDADE FEDERAL DE SANTA MARIA<\/b><\/font><\/div><\/p>\r\n<p><font color=\"blue\"><div align=\"center\"><b>GABINETE DO REITOR<\/b><\/font><\/font><\/div>\r\n<p><div align=\"center\"><b><a href=\"https:\/\/portal.ufsm.br\/documentos\/publico\/documento.html?id=5741965\" target=\"_blank\"><font color=\"blue\"><u>RESOLU\u00c7\u00c3O N\u00ba 04\/75<\/u><\/font><\/a><\/b><\/div><\/p>\r\n<br>\r\n<p><a href=\"https:\/\/www.ufsm.br\/pro-reitorias\/proplan\/resolucao-n-028-2020\/\" target=\"_blank\"><font color=\"blue\">Revogada pela Resolu\u00e7\u00e3o N. 028\/2020<\/font><\/a><\/p>\r\n<br>\r\n<br><div align=\"justify\">\r\n<strike>\r\n<p>O REITOR DA UNIVERSIDADE FEDERAL DE SANTA MARIA, no uso de suas atribui\u00e7\u00f5es legais e estatut\u00e1rias, tendo em vista o que consta do Processo n\u00ba 71281\/75, e<\/p>\r\n<p>- considerando a necessidade de estabelecer normas que disciplinem a realiza\u00e7\u00e3o de cursos intensivos, permitidos pelo Art. 116 do Regimento Geral;<\/p>\r\n<p>- considerando os termos do Parecer n\u00ba 28\/75 da Comiss\u00e3o de Legisla\u00e7\u00e3o e Normas, aprovado pelo Conselho de Ensino e Pesquisa em sua 75\u00aa sess\u00e3o,<\/p>\r\n<br>\r\n<p><div align=\"center\">RESOLVE:<\/div><\/p>\r\n<br>\r\n<p>- Os cursos intensivos a que se refere o art. 116 do Regimento Geral da Universidade passar\u00e3o a ter a denomina\u00e7\u00e3o de CURSOS DE VER\u00c3O.<\/p>\r\n<p>- Estes cursos, somente poder\u00e3o ser ministrados entre os per\u00edodos letivos regulares que possuam mais de 45 dias did\u00e1ticamente n\u00e3o programados no CALEND\u00c1RIO ESCOLAR.<\/p>\r\n<p>- Para serem oficializados dever\u00e3o ser planejados com base em distribui\u00e7\u00e3o de carga hor\u00e1ria em 45 dias, com duplica\u00e7\u00e3o da carga hor\u00e1ria semanal do semestre letivo.<\/p>\r\n<p>- Aos Departamentos cabe a iniciativa de oferta e programa\u00e7\u00e3o, de tais cursos por solicita\u00e7\u00e3o do Coordenador, que dever\u00e1 ser enviada \u00e0 Pr\u00f3-Reitoria de Ensino e Pesquisa, durante a 1\u00ba quinzena de novembro.<\/p>\r\n<p>- O n\u00famero m\u00ednimo de alunos para o funcionamento do curso de ver\u00e3o, ser\u00e1 de 10.<\/p>\r\n<p>- As aulas dos cursos de ver\u00e3o ter\u00e3o in\u00edcio programado no calend\u00e1rio Escolar anualmente aprovado pelo Conselho de Ensino e Pesquisa.<\/p>\r\n<p>- Poder\u00e3o frequentar o Curso de Ver\u00e3o, al\u00e9m dos alunos regulares, aqueles que possuam todos os pr\u00e9-requisitos indispens\u00e1veis ao bom desempenho e perfeito entendimento do conte\u00fado program\u00e1tico, a ju\u00edzo do Coordenador do Curso. Tamb\u00e9m poder\u00e3o frequentar o Curso profissionais da \u00e1rea ou disciplina que desejarem atualizar-se na mat\u00e9ria.<\/p>\r\n<p>- Os Cursos de Ver\u00e3o programados at\u00e9 a 1\u00ba quinzena de novembro (item 4) ser\u00e3o amplamente divulgados no \u00e2mbito das comunidades da \u00e1rea de influ\u00eancia da Universidade.<\/p>\r\n<p>- As taxas de inscri\u00e7\u00e3o ser\u00e3o programadas segundo o custo or\u00e7ado de cada Curso.<\/p>\r\n<p>- O custo poder\u00e1 incluir previs\u00e3o de remunera\u00e7\u00e3o para Professor visitante especialmente convidado para ministra\u00e7\u00e3o de aulas.<\/p>\r\n<p>- O cr\u00e9dito obtido poder\u00e1 ser atestado pela UFSM, de tr\u00eas maneiras diferentes:<\/p>\r\n<p>a) - Registro no Hist\u00f3rico Escolar do Aluno Regular (aluno do Curso cujo curr\u00edculo possua a disciplina).<\/p>\r\n<p>b) - CERTIFICADO de cr\u00e9dito para Aluno Especial (aluno da UFSM que obt\u00e9m cr\u00e9dito adicional).<\/p>\r\n<p>c) - CERTIFICADO de reciclagem ou atualiza\u00e7\u00e3o na disciplina objeto do curso, para profissionais da \u00e1rea.<\/p>\r\n<p>REITORIA DA UNIVERSIDADE FEDERAL DE SANTA MARIA, aos 22 dias do m\u00eas de outubro do ano de mil novecentos e setenta e cinco.<\/p> \r\n<p>PROF. DR H\u00c9LIOS HOMERO BERNARDI<\/p>\r\n<p>- REITOR -<\/p>\r\n<\/strike>\r\n<br>\r\n<p><font color=\"red0000\">Este texto n\u00e3o substitui o documento original, publicado no Portal de Documentos.<\/font> Dispon\u00edvel em: <a href=\"https:\/\/portal.ufsm.br\/documentos\/publico\/documento.html?id=5741965\" target=\"_blank\"><font color=\"blue\">https:\/\/portal.ufsm.br\/documentos\/publico\/documento.html?id=5741965<\/font><\/a>\r\n\r\n\t\t<\/div>\n\t\t\t\t<\/div>\n\t\t\t\t\t<\/div>\n\t\t<\/div>\n\t\t\t\t\t<\/div>\n\t\t<\/section>\n\t\t\t\t<\/div>\n\t\t","protected":false},"excerpt":{"rendered":"<p>RESOLU\u00c7\u00c3O N. 004\/1975 MINIST\u00c9RIO DA EDUCA\u00c7\u00c3O E CULTURA UNIVERSIDADE FEDERAL DE SANTA MARIA GABINETE DO REITOR RESOLU\u00c7\u00c3O N\u00ba 04\/75 Revogada pela Resolu\u00e7\u00e3o N. 028\/2020 O REITOR DA UNIVERSIDADE FEDERAL DE SANTA MARIA, no uso de suas atribui\u00e7\u00f5es legais e estatut\u00e1rias, tendo em vista o que consta do Processo n\u00ba 71281\/75, e &#8211; considerando a necessidade [&hellip;]<\/p>\n","protected":false},"author":205,"featured_media":0,"parent":0,"menu_order":0,"comment_status":"closed","ping_status":"closed","template":"","meta":{"footnotes":""},"categories":[],"tags":[],"class_list":["post-3919","page","type-page","status-publish","hentry"],"acf":[],"_links":{"self":[{"href":"https:\/\/www.ufsm.br\/pro-reitorias\/proplan\/wp-json\/wp\/v2\/pages\/3919","targetHints":{"allow":["GET"]}}],"collection":[{"href":"https:\/\/www.ufsm.br\/pro-reitorias\/proplan\/wp-json\/wp\/v2\/pages"}],"about":[{"href":"https:\/\/www.ufsm.br\/pro-reitorias\/proplan\/wp-json\/wp\/v2\/types\/page"}],"author":[{"embeddable":true,"href":"https:\/\/www.ufsm.br\/pro-reitorias\/proplan\/wp-json\/wp\/v2\/users\/205"}],"replies":[{"embeddable":true,"href":"https:\/\/www.ufsm.br\/pro-reitorias\/proplan\/wp-json\/wp\/v2\/comments?post=3919"}],"version-history":[{"count":0,"href":"https:\/\/www.ufsm.br\/pro-reitorias\/proplan\/wp-json\/wp\/v2\/pages\/3919\/revisions"}],"wp:attachment":[{"href":"https:\/\/www.ufsm.br\/pro-reitorias\/proplan\/wp-json\/wp\/v2\/media?parent=3919"}],"wp:term":[{"taxonomy":"category","embeddable":true,"href":"https:\/\/www.ufsm.br\/pro-reitorias\/proplan\/wp-json\/wp\/v2\/categories?post=3919"},{"taxonomy":"post_tag","embeddable":true,"href":"https:\/\/www.ufsm.br\/pro-reitorias\/proplan\/wp-json\/wp\/v2\/tags?post=3919"}],"curies":[{"name":"wp","href":"https:\/\/api.w.org\/{rel}","templated":true}]}}