{"id":3931,"date":"2020-06-16T17:15:00","date_gmt":"2020-06-16T20:15:00","guid":{"rendered":"https:\/\/www.ufsm.br\/pro-reitorias\/proplan\/?page_id=3931"},"modified":"2020-11-11T09:48:39","modified_gmt":"2020-11-11T12:48:39","slug":"resolucao-n-002-1968","status":"publish","type":"page","link":"https:\/\/www.ufsm.br\/pro-reitorias\/proplan\/resolucao-n-002-1968","title":{"rendered":"Resolu\u00e7\u00e3o N. 002\/1968"},"content":{"rendered":"\t\t<div data-elementor-type=\"wp-page\" data-elementor-id=\"3931\" class=\"elementor elementor-3931\">\n\t\t\t\t\t\t<section class=\"elementor-section elementor-top-section elementor-element elementor-element-3f1e967 elementor-section-boxed elementor-section-height-default elementor-section-height-default\" data-id=\"3f1e967\" data-element_type=\"section\">\n\t\t\t\t\t\t<div class=\"elementor-container elementor-column-gap-default\">\n\t\t\t\t\t<div class=\"elementor-column elementor-col-100 elementor-top-column elementor-element elementor-element-4e1212e\" data-id=\"4e1212e\" data-element_type=\"column\">\n\t\t\t<div class=\"elementor-widget-wrap elementor-element-populated\">\n\t\t\t\t\t\t<div class=\"elementor-element elementor-element-b4333b8 elementor-widget elementor-widget-html\" data-id=\"b4333b8\" data-element_type=\"widget\" data-widget_type=\"html.default\">\n\t\t\t\t<div class=\"elementor-widget-container\">\n\t\t\t\r\n\r\n\r\n<title><b>RESOLU\u00c7\u00c3O N. 002\/1968<\/b><\/title>\r\n\r\n\r\n<p><div align=\"center\"><b><a href=\"https:\/\/portal.ufsm.br\/documentos\/publico\/documento.html?id=5737113\" target=\"_blank\"><font color=\"blue\"><u>RESOLU\u00c7\u00c3O N\u00ba 2\/68<\/u><\/font><\/a><\/b><\/div><\/p>\r\n<br>\r\n<p><u><a href=\"https:\/\/www.ufsm.br\/pro-reitorias\/proplan\/resolucao-n-020-1985\/\" target=\"_blank\"><font color=\"blue\">Complementada pela Resolu\u00e7\u00e3o N. 020\/1985<\/font><\/a><\/u><\/p>\r\n<br>\r\n<p><a href=\"https:\/\/www.ufsm.br\/pro-reitorias\/proplan\/resolucao-n-028-2020\/\" target=\"_blank\"><font color=\"blue\">Revogada pela Resolu\u00e7\u00e3o N. 028\/2020<\/font><\/a><\/p>\r\n<br>\r\n<br><div align=\"justify\">\r\n<strike>\r\n<p>O REITOR DA UNIVERSIDADE FEDERAL DE SANTA MARIA, no uso de suas atribui\u00e7\u00f5es legais e de acordo com a manifesta\u00e7\u00e3o un\u00e2nime do EGR\u00c9GIO CONSELHO UNIVERSIT\u00c1RIO (Sess\u00e3o n\u00ba. 34, de 2 de agosto de 1968):<\/p>\r\n<br>\r\n<p>- CONSIDERANDO que a cria\u00e7\u00e3o de uma UNIVERSIDADE constitui acontecimento que representa marco decisivo de progresso e de desenvolvimento social, cultural e profissional, beneficiando a Regi\u00e3o, o Estado e o Pa\u00eds,<\/p>\r\n<p>- CONSIDERANDO a benemer\u00eancia inconteste, digna de reconhecimento geral, n\u00e3o apenas dos fundadores, mas tamb\u00e9m devida aos continuadores e incentivadores e das pessoas que, de modo especial, concorreram e concorrem para concretiza\u00e7\u00e3o de tais movimentos, bem assim para a consolida\u00e7\u00e3o da Institui\u00e7\u00e3o e seu consequente desenvolvimento,<\/p>\r\n<p>- CONSIDERANDO que as iniciativas visando a interioriza\u00e7\u00e3o do ensino universit\u00e1rio, mormente no Brasil, constituem eventos b\u00e1sicos de grande alcance human\u00edstico, as quais devem ser estimuladas, desenvolvidas, estabelecidas e transmitidas,<\/p>\r\n<p>- CONSIDERANDO a aprova\u00e7\u00e3o un\u00e2nime, pelo EGR\u00c9GIO CONSELHO UNIVERSIT\u00c1RIO, da proposi\u00e7\u00e3o emanada da REITORIA DA UNIVERSIDADE FEDERAL DE SANTA MARIA, no sentido da institui\u00e7\u00e3o do \u201cM\u00c9RITO UNIVERSIT\u00c1RIO\u201d,<\/p>\r\n<br>\r\n<p><div align=\"center\">RESOLVE:<\/div><\/p>\r\n<br>\r\n<p>1\u00ba) \u2013 Ficam institu\u00eddas na Universidade Federal de Santa Maria as dignidades \u201cCOMENDA DO M\u00c9RITO UNIVERSIT\u00c1RIO\u201d e \u201cMEDALHA DO M\u00c9RITO UNIVERSIT\u00c1RIO\u201d, ambas acompanhadas de devido diploma.<\/p>\r\n<p>2\u00ba) \u2013 A \u201cCOMENDA DO M\u00c9RITO UNIVERSIT\u00c1RIO\u201d ser\u00e1 conferida a docentes, com atividades no Magist\u00e9rio Superior, que se tenham tornado merecedores pela presta\u00e7\u00e3o de servi\u00e7o considerados relevantes para o ensino universit\u00e1rio brasileiro e, especialmente, para a UNIVERSIDADE FEDERAL DE SANTA MARIA.<\/p>\r\n<p>3\u00ba) \u2013 A \u201cMEDALHA DO M\u00c9RITO UNIVERSIT\u00c1RIO\u201d poder\u00e1 ser conferida a personalidades, docentes ou n\u00e3o, de destacada atua\u00e7\u00e3o em prol do Ensino Superior Brasileiro e, mormente, da UNIVERSIDADE FEDERAL DE SANTA MARIA.<\/p>\r\n<p>4\u00ba) \u2013 A proposta para a concess\u00e3o, tanto da \u201cCOMENDA DO M\u00c9RITO UNIVERSIT\u00c1RIO\u201d quanto da \u201cMEDALHA DO M\u00c9RITO UNIVERSIT\u00c1RIO\u201d ser\u00e1 de compet\u00eancia do Magn\u00edfico Reitor da Universidade Federal de Santa Maria ou de cinco (5) Conselheiros membros do Egr\u00e9grio Conselho Universit\u00e1rio, pelo menos, mediante expediente espec\u00edfico, do qual conste ampla justificativa.<\/p>\r\n<p>5\u00ba) \u2013 Em ambos os casos, acima referidos, ser\u00e1 considerada aprovada a proposta que alcan\u00e7ar, em vota\u00e7\u00e3o secreta, manifesta\u00e7\u00e3o favor\u00e1vel de, no m\u00ednimo, dois (2\/3) do total dos Senhores Conselheiros.<\/p>\r\n<p>6\u00ba) \u2013 As dignidades \u201cCOMENDA DO M\u00c9RITO UNIVERSIT\u00c1RIO\u201d e \u201cMEDALHA DO M\u00c9RITO UNIVERSIT\u00c1RIO\u201d ser\u00e3o confeccionadas conforme modelos e especifica\u00e7\u00f5es constantes do Parecer da Comiss\u00e3o Especial de que trata o Processo de n\u00ba. 110\/68, no Egr\u00e9gio Conselho Universit\u00e1rio.<\/p>\r\n<p>7\u00ba) \u2013 A outorga das dignidades mencionadas ser\u00e1 sempre precedida pelo Magn\u00edfico Reitor da Universidade Federal de Santa Maria, em ato p\u00fablico e solene, como sejam Assembl\u00e9ia Universit\u00e1ria e Sess\u00e3o de Cola\u00e7\u00e3o de Grau.<\/p>\r\n<br>\r\n<p>Santa Maria, aos oito dias do m\u00eas de agosto do ano de mil novecentos e sessenta e oito.<\/p>\r\n<br>\r\n<p>Prof. Dr. Jos\u00e9 Mariano da Rocha Filho<\/p>\r\n<p>- Reitor -<\/p>\r\n<br>\r\n<\/strike>\r\n<p><font color=\"red0000\">Este texto n\u00e3o substitui o documento original, publicado no Portal de Documentos.<\/font> Dispon\u00edvel em: <a href=\"https:\/\/portal.ufsm.br\/documentos\/publico\/documento.html?id=5737113\" target=\"_blank\"><font color=\"blue\">https:\/\/portal.ufsm.br\/documentos\/publico\/documento.html?id=5737113<\/font><\/a>\r\n\r\n\t\t<\/div>\n\t\t\t\t<\/div>\n\t\t\t\t\t<\/div>\n\t\t<\/div>\n\t\t\t\t\t<\/div>\n\t\t<\/section>\n\t\t\t\t<\/div>\n\t\t","protected":false},"excerpt":{"rendered":"<p>RESOLU\u00c7\u00c3O N. 002\/1968 RESOLU\u00c7\u00c3O N\u00ba 2\/68 Complementada pela Resolu\u00e7\u00e3o N. 020\/1985 Revogada pela Resolu\u00e7\u00e3o N. 028\/2020 O REITOR DA UNIVERSIDADE FEDERAL DE SANTA MARIA, no uso de suas atribui\u00e7\u00f5es legais e de acordo com a manifesta\u00e7\u00e3o un\u00e2nime do EGR\u00c9GIO CONSELHO UNIVERSIT\u00c1RIO (Sess\u00e3o n\u00ba. 34, de 2 de agosto de 1968): &#8211; CONSIDERANDO que a cria\u00e7\u00e3o [&hellip;]<\/p>\n","protected":false},"author":205,"featured_media":0,"parent":0,"menu_order":0,"comment_status":"closed","ping_status":"closed","template":"","meta":{"footnotes":""},"categories":[],"tags":[],"class_list":["post-3931","page","type-page","status-publish","hentry"],"acf":[],"_links":{"self":[{"href":"https:\/\/www.ufsm.br\/pro-reitorias\/proplan\/wp-json\/wp\/v2\/pages\/3931","targetHints":{"allow":["GET"]}}],"collection":[{"href":"https:\/\/www.ufsm.br\/pro-reitorias\/proplan\/wp-json\/wp\/v2\/pages"}],"about":[{"href":"https:\/\/www.ufsm.br\/pro-reitorias\/proplan\/wp-json\/wp\/v2\/types\/page"}],"author":[{"embeddable":true,"href":"https:\/\/www.ufsm.br\/pro-reitorias\/proplan\/wp-json\/wp\/v2\/users\/205"}],"replies":[{"embeddable":true,"href":"https:\/\/www.ufsm.br\/pro-reitorias\/proplan\/wp-json\/wp\/v2\/comments?post=3931"}],"version-history":[{"count":0,"href":"https:\/\/www.ufsm.br\/pro-reitorias\/proplan\/wp-json\/wp\/v2\/pages\/3931\/revisions"}],"wp:attachment":[{"href":"https:\/\/www.ufsm.br\/pro-reitorias\/proplan\/wp-json\/wp\/v2\/media?parent=3931"}],"wp:term":[{"taxonomy":"category","embeddable":true,"href":"https:\/\/www.ufsm.br\/pro-reitorias\/proplan\/wp-json\/wp\/v2\/categories?post=3931"},{"taxonomy":"post_tag","embeddable":true,"href":"https:\/\/www.ufsm.br\/pro-reitorias\/proplan\/wp-json\/wp\/v2\/tags?post=3931"}],"curies":[{"name":"wp","href":"https:\/\/api.w.org\/{rel}","templated":true}]}}