{"id":3959,"date":"2020-07-17T08:20:08","date_gmt":"2020-07-17T11:20:08","guid":{"rendered":"https:\/\/www.ufsm.br\/pro-reitorias\/proplan\/?page_id=3959"},"modified":"2025-10-01T14:14:20","modified_gmt":"2025-10-01T17:14:20","slug":"resolucao-n-019-2020","status":"publish","type":"page","link":"https:\/\/www.ufsm.br\/pro-reitorias\/proplan\/resolucao-n-019-2020","title":{"rendered":"RESOLU\u00c7\u00c3O N. 019\/2020"},"content":{"rendered":"\t\t<div data-elementor-type=\"wp-page\" data-elementor-id=\"3959\" class=\"elementor elementor-3959\">\n\t\t\t\t\t\t<section class=\"elementor-section elementor-top-section elementor-element elementor-element-9a20744 elementor-section-boxed elementor-section-height-default elementor-section-height-default\" data-id=\"9a20744\" data-element_type=\"section\">\n\t\t\t\t\t\t<div class=\"elementor-container elementor-column-gap-default\">\n\t\t\t\t\t<div class=\"elementor-column elementor-col-100 elementor-top-column elementor-element elementor-element-f0c3652\" data-id=\"f0c3652\" data-element_type=\"column\">\n\t\t\t<div class=\"elementor-widget-wrap elementor-element-populated\">\n\t\t\t\t\t\t<div class=\"elementor-element elementor-element-a8d4a98 elementor-widget elementor-widget-html\" data-id=\"a8d4a98\" data-element_type=\"widget\" data-widget_type=\"html.default\">\n\t\t\t\t<div class=\"elementor-widget-container\">\n\t\t\t<br><div align=\"justify\"><font color=\"black\">\r\n<div align=\"center\">\r\n<img decoding=\"async\" src=\"https:\/\/www.ufsm.br\/pro-reitorias\/proplan\/wp-content\/uploads\/sites\/344\/2019\/09\/brasao-da-republica-do-brasil-logo.png\" alt=\"Bras\u00e3o Rep\u00fablica Federativa do Brasil\" width=\"6%\" height=\"6%\" style=\"text-align: justify\">\r\n<\/div>    \r\n<h1 style=\"text-align: justify\">\r\n<font color=\"blue\">\r\n<font size=\"5\">\r\n<\/font>\r\n<\/font>\r\n<div align=\"center\">\r\n<font color=\"blue\" style=\"text-align: justify\">\r\n<font size=\"5\">MINIST\u00c9RIO DA EDUCA\u00c7\u00c3O<\/font>\r\n<\/font>\r\n<\/div>\r\n<\/h1>\r\n<p>\r\n<b>\r\n<font color=\"0000blue\">\r\n<\/font>\r\n<\/b>\r\n<\/p>\r\n<div align=\"center\">\r\n<b style=\"text-align: justify\">\r\n<font color=\"0000blue\">UNIVERSIDADE FEDERAL DE SANTA MARIA<\/font>\r\n<\/b>\r\n<\/div>\r\n<p>\r\n<\/p>\r\n\r\n<p>\r\n<\/p>\r\n<div align=\"center\">\r\n<b style=\"text-align: justify\">\r\n<a href=\"https:\/\/portal.ufsm.br\/documentos\/publico\/documento.html?id=13109171\" style=\"color: blue !important;text-decoration: underline !important\" data-elementor-preserved=\"true\" target=\"_blank\">\r\n<font color=\"blue\">RESOLU\u00c7\u00c3O N. 019\/2020<\/font>\r\n<\/a>\r\n<\/b>\r\n<\/div>\r\n<p>\r\n<\/p>\r\n<br>\r\n<p>\r\n<\/p>\r\n<div align=\"right\">\r\n<font color=\"800000\" style=\"text-align: justify\">\r\n    <div style=\"color: #800000;width: 60%;margin-left: auto;margin-right: 0;text-align: justify;font-weight: normal\">\r\n      Aprova a recria\u00e7\u00e3o das Comiss\u00f5es Editoriais das Revistas Cient\u00edficas do Centro de Educa\u00e7\u00e3o, vinculadas \u00e0 subunidade respons\u00e1vel pelas Revistas Cient\u00edficas do Centro de Educa\u00e7\u00e3o da estrutura organizacional da Universidade Federal de Santa Maria (UFSM).\r\n    <\/div>\r\n<\/font>\r\n<\/div>\r\n<p>\r\n<\/p>\r\n<br>\r\nRevogada pela <a href=\"https:\/\/www.ufsm.br\/pro-reitorias\/proplan\/resolucao-ufsm-n-231-2025\" style=\"color: blue !important;text-decoration: underline !important\" data-elementor-preserved=\"true\">Resolu\u00e7\u00e3o UFSM N. 231\/2025<\/a>\r\n<br>\r\n<br>\r\n<div align=\"justify\">\r\n<p>\r\n<strike>O REITOR DA UNIVERSIDADE FEDERAL DE SANTA MARIA, no uso de suas atribui\u00e7\u00f5es legais e estatut\u00e1rias e considerando:<\/strike>\r\n<\/p>\r\n<p>\r\n<strike>- o Art. 56 da <a href=\"http:\/\/www.planalto.gov.br\/ccivil_03\/leis\/l9394.htm\" style=\"color: blue !important;text-decoration: underline !important\" data-elementor-preserved=\"true\" target=\"_blank\">\r\n<font color=\"blue\">Lei N. 9.394, de 20 de dezembro de 1996<\/font>\r\n<\/a>, que estabelece as diretrizes e bases da educa\u00e7\u00e3o nacional;<\/strike>\r\n<\/p>\r\n<p>\r\n<strike>- o <a href=\"http:\/\/www.planalto.gov.br\/ccivil_03\/_ato2015-2018\/2017\/decreto\/D9191.htm\" style=\"color: blue !important;text-decoration: underline !important\" data-elementor-preserved=\"true\" target=\"_blank\">\r\n<font color=\"blue\">Decreto N. 9.191, de 1\u00b0 de novembro de 2017<\/font>\r\n<\/a>, que estabelece as normas e as diretrizes para elabora\u00e7\u00e3o, reda\u00e7\u00e3o, altera\u00e7\u00e3o, consolida\u00e7\u00e3o e encaminhamento de propostas de atos normativos ao Presidente da Rep\u00fablica pelos Ministros de Estado;<\/strike>\r\n<\/p>\r\n<p>\r\n<strike>- o <a href=\"http:\/\/www.planalto.gov.br\/ccivil_03\/_Ato2019-2022\/2019\/Decreto\/D9759.htm\" style=\"color: blue !important;text-decoration: underline !important\" data-elementor-preserved=\"true\" target=\"_blank\">\r\n<font color=\"blue\">Decreto N. 9.759, de 11 de abril de 2019<\/font>\r\n<\/a>, que extingue e estabelece diretrizes, regras e limita\u00e7\u00f5es para colegiados da administra\u00e7\u00e3o p\u00fablica federal;<\/strike>\r\n<\/p>\r\n<p>\r\n<strike>- o Art. 71 do Regimento Interno do Centro de Educa\u00e7\u00e3o, aprovado pela <a href=\"https:\/\/www.ufsm.br\/pro-reitorias\/proplan\/resolucao-n-010-2002\/\" style=\"color: blue !important;text-decoration: underline !important\" data-elementor-preserved=\"true\" target=\"_blank\">\r\n<font color=\"blue\">Resolu\u00e7\u00e3o N. 010\/2002<\/font>\r\n<\/a> da Universidade Federal de Santa Maria (UFSM);<\/strike>\r\n<\/p>\r\n<p>\r\n<strike>\u2013 o Parecer N. 002\/2020 da Comiss\u00e3o de Legisla\u00e7\u00e3o e Normas (CLN), aprovado na 946\u00aa Sess\u00e3o do Conselho de Ensino, Pesquisa e Extens\u00e3o (CEPE), de 15 de maio de 2020, referente ao <a href=\"https:\/\/portal.ufsm.br\/documentos\/publico\/processo\/documento.html?idDocumento=12793040\" style=\"color: blue !important;text-decoration: underline !important\" data-elementor-preserved=\"true\" target=\"_blank\">\r\n<font color=\"blue\">Processo N. 23081.058785\/2019-71<\/font>\r\n<\/a>; e,<\/strike>\r\n<\/p>\r\n<p>\r\n<strike>\u2013 o Parecer N. 039\/2020 da Comiss\u00e3o de Legisla\u00e7\u00e3o e Regimentos (CLR), aprovado na 828\u00aa Sess\u00e3o do Conselho Universit\u00e1rio (CONSU), de 19 de junho de 2020, referente ao <a href=\"https:\/\/portal.ufsm.br\/documentos\/publico\/processo\/documento.html?idDocumento=12793040\" style=\"color: blue !important;text-decoration: underline !important\" data-elementor-preserved=\"true\" target=\"_blank\">\r\n<font color=\"blue\">Processo N. 23081.058785\/2019-71<\/font>\r\n<\/a>.<\/strike>\r\n<\/p>\r\n<strike>\r\n<br>\r\n<\/strike>\r\n<p>\r\n<\/p>\r\n<div align=\"center\">\r\n<strike>RESOLVE:<\/strike>\r\n<\/div>\r\n<p>\r\n<\/p>\r\n<strike>\r\n<br>\r\n<\/strike>\r\n<p>\r\n<strike>Art. 1\u00ba Aprovar a recria\u00e7\u00e3o das Comiss\u00f5es Editoriais das Revistas Cient\u00edficas do Centro de Educa\u00e7\u00e3o, vinculadas \u00e0 subunidade respons\u00e1vel pelas Revistas Cient\u00edficas do Centro de Educa\u00e7\u00e3o da Universidade Federal de Santa Maria.<\/strike>\r\n<\/p>\r\n<p>\r\n<strike>Par\u00e1grafo \u00fanico. Os \u00f3rg\u00e3os colegiados mencionados no Caput deste artigo s\u00e3o recriados considerando sua previs\u00e3o anterior no Art. 71 do Regimento Interno do Centro de Educa\u00e7\u00e3o, aprovado pela <a href=\"https:\/\/www.ufsm.br\/pro-reitorias\/proplan\/resolucao-n-010-2002\/\" style=\"color: blue !important;text-decoration: underline !important\" data-elementor-preserved=\"true\" target=\"_blank\">\r\n<font color=\"blue\">Resolu\u00e7\u00e3o N. 010\/2002<\/font>\r\n<\/a> da Universidade Federal de Santa Maria (UFSM).<\/strike>\r\n<\/p>\r\n<p>\r\n<strike>Art. 2\u00ba Cada Revista constituir\u00e1 uma Comiss\u00e3o de car\u00e1ter consultivo e deliberativo no \u00e2mbito da sua compet\u00eancia, por meio de portaria expedida por \u00f3rg\u00e3o competente.<\/strike>\r\n<\/p>\r\n<strike>\r\n<br>\r\n<\/strike>\r\n<p>\r\n<strike>T\u00cdTULO I<\/strike>\r\n<\/p>\r\n<p>\r\n<strike>DAS COMPET\u00caNCIAS<\/strike>\r\n<\/p>\r\n<strike>\r\n<br>\r\n<\/strike>\r\n<p>\r\n<strike>Art. 3\u00ba Caber\u00e1 \u00e0s Comiss\u00f5es Editoriais das Revistas Cient\u00edficas do Centro de Educa\u00e7\u00e3o:<\/strike>\r\n<\/p>\r\n<p>\r\n<strike>I \u2013 elaborar as pol\u00edticas editoriais em conson\u00e2ncia com as diretrizes e crit\u00e9rios dos \u00f3rg\u00e3os avaliadores e dos indexadores;<\/strike>\r\n<\/p>\r\n<p>\r\n<strike>II \u2013 designar pareceristas para a avalia\u00e7\u00e3o dos artigos recebidos;<\/strike>\r\n<\/p>\r\n<p>\r\n<strike>III \u2013 selecionar os artigos a serem publicados em cada edi\u00e7\u00e3o;<\/strike>\r\n<\/p>\r\n<p>\r\n<strike>IV \u2013 indexar a Revista em indexadores nacionais e internacionais;<\/strike>\r\n<\/p>\r\n<p>\r\n<strike>V \u2013 supervisionar e orientar as atividades das (os) estagi\u00e1rias (os) ou bolsistas vinculados \u00e0 Revista;<\/strike>\r\n<\/p>\r\n<p>\r\n<strike>VI \u2013 definir crit\u00e9rios para editais de sele\u00e7\u00e3o de dossi\u00eas e\/ou edi\u00e7\u00f5es especiais das Revistas;<\/strike>\r\n<\/p>\r\n<p>\r\n<strike>VII \u2013 indicar avaliadores ad hoc;<\/strike>\r\n<\/p>\r\n<p>\r\n<strike>VIII \u2013 concorrer a editais de financiamento internos e externos; e,<\/strike>\r\n<\/p>\r\n<p>\r\n<strike>IX \u2013 responsabilizar-se pela edi\u00e7\u00e3o final da Revista.<\/strike>\r\n<\/p>\r\n<p>\r\n<strike>Par\u00e1grafo \u00fanico. Os \u00f3rg\u00e3os colegiados mencionados no Caput deste artigo s\u00e3o recriados considerando sua previs\u00e3o anterior no Art. 71 do Regimento Interno do Centro de Educa\u00e7\u00e3o, aprovado pela <a href=\"https:\/\/www.ufsm.br\/pro-reitorias\/proplan\/resolucao-n-010-2002\/\" style=\"color: blue !important;text-decoration: underline !important\" data-elementor-preserved=\"true\" target=\"_blank\">\r\n<font color=\"blue\">Resolu\u00e7\u00e3o N. 010\/2002<\/font>\r\n<\/a> da Universidade Federal de Santa Maria (UFSM).<\/strike>\r\n<\/p>\r\n<strike>\r\n<br>\r\n<\/strike>\r\n<p>\r\n<strike>T\u00cdTULO II<\/strike>\r\n<\/p>\r\n<p>\r\n<strike>DA COMPOSI\u00c7\u00c3O E AUTORIDADE<\/strike>\r\n<\/p>\r\n<strike>\r\n<br>\r\n<\/strike>\r\n<p>\r\n<strike>Art. 4\u00ba As Comiss\u00f5es Editoriais das Revistas Cient\u00edficas do Centro de Educa\u00e7\u00e3o ser\u00e3o constitu\u00eddas por, no m\u00ednimo, 2 (dois) membros pertencentes ao corpo docente permanente da Institui\u00e7\u00e3o.<\/strike>\r\n<\/p>\r\n<p>\r\n<strike>\u00a7 1\u00ba O n\u00famero de membros levar\u00e1 em conta os crit\u00e9rios de qualidade e abrang\u00eancia interinstitucionais exigidos pelos \u00f3rg\u00e3os de avalia\u00e7\u00e3o da \u00e1rea de produ\u00e7\u00e3o de pesquisa cient\u00edfica.<\/strike>\r\n<\/p>\r\n<p>\r\n<strike>\u00a7 2\u00ba A composi\u00e7\u00e3o dever\u00e1 respeitar o m\u00ednimo de 70% (setenta por cento) de membros docentes.<\/strike>\r\n<\/p>\r\n<p>\r\n<strike>\u00a7 3\u00ba  A presid\u00eancia de cada Comiss\u00e3o ser\u00e1 definida dentre os membros da pr\u00f3pria Comiss\u00e3o.<\/strike>\r\n<\/p>\r\n<p>\r\n<strike>\u00a7 4\u00ba Os membros ter\u00e3o mandato de 02 (dois) anos, podendo ser reconduzidos pelo mesmo per\u00edodo.<\/strike>\r\n<\/p>\r\n<p>\r\n<strike>\u00a7 5\u00ba Cada membro poder\u00e1 ser substitu\u00eddo em qualquer \u00e9poca, sempre que houver consenso da maioria, por meio de uma solicita\u00e7\u00e3o escrita do respectivo segmento de representa\u00e7\u00e3o, ou se o pr\u00f3prio representante assim o desejar.<\/strike>\r\n<\/p>\r\n\r\n<p>\r\n<strike>Art. 5\u00ba  Os representantes das Comiss\u00f5es Editoriais ser\u00e3o nomeados por Portaria emitida pelo(a) Diretor(a) ou Vice-diretor (a) da respectiva Unidade de Ensino.<\/strike>\r\n<\/p>\r\n<p>\r\n<strike>Par\u00e1grafo \u00fanico. Cada Revista deve manter em sua p\u00e1gina web os nomes dos(as) integrantes atuais da Comiss\u00e3o e os (as) avaliadores (as) ad hoc.<\/strike>\r\n<\/p>\r\n<strike>\r\n<br>\r\n<\/strike>\r\n<p>\r\n<strike>T\u00cdTULO III<\/strike>\r\n<\/p>\r\n<p>\r\n<strike>DO QU\u00d3RUM DE REUNI\u00c3O E DE VOTA\u00c7\u00c3O<\/strike>\r\n<\/p>\r\n<strike>\r\n<br>\r\n<\/strike>\r\n<p>\r\n<strike>Art. 6\u00ba As Comiss\u00f5es Editoriais das Revistas Cient\u00edficas do Centro de Educa\u00e7\u00e3o, em suas reuni\u00f5es, funcionar\u00e3o com a presen\u00e7a m\u00ednima absoluta dos membros vinculados \u00e0 Institui\u00e7\u00e3o.<\/strike>\r\n<\/p>\r\n<p>\r\n<strike>\u00a7 1\u00ba  A convoca\u00e7\u00e3o ser\u00e1 feita via correio eletr\u00f4nico, pela presid\u00eancia da Comiss\u00e3o, com anteced\u00eancia m\u00ednima de 48 (quarenta e oito) horas, devendo constar a Ordem do Dia.<\/strike>\r\n<\/p>\r\n<p>\r\n<strike>\u00a7 2\u00ba Quando da ocorr\u00eancia de empate na vota\u00e7\u00e3o, caber\u00e1 ao (\u00e0) Presidente da sess\u00e3o o voto qualificado.<\/strike>\r\n<\/p>\r\n<p>\r\n<strike>\u00a7 3\u00ba N\u00e3o havendo qu\u00f3rum, os membros ser\u00e3o convocados para nova reuni\u00e3o 72 (setenta e duas) horas depois, com a mesma pauta.<\/strike>\r\n<\/p>\r\n<strike>\r\n<br>\r\n<\/strike>\r\n<p>\r\n<strike>T\u00cdTULO IV<\/strike>\r\n<\/p>\r\n<p>\r\n<strike>DA PERIODICIDADE DAS REUNI\u00d5ES<\/strike>\r\n<\/p>\r\n<strike>\r\n<br>\r\n<\/strike>\r\n<p>\r\n<strike>Art. 7\u00ba As Comiss\u00f5es Editoriais das Revistas Cient\u00edficas do Centro de Educa\u00e7\u00e3o reunir-se-\u00e3o mediante convoca\u00e7\u00e3o da presid\u00eancia ou por solicita\u00e7\u00e3o da maioria absoluta de seus membros vinculados \u00e0 UFSM.<\/strike>\r\n<\/p>\r\n<p>\r\n<strike>\u00a7 1\u00ba as reuni\u00f5es destes \u00f3rg\u00e3os colegiados, cujos membros possu\u00edrem domic\u00edlio e\/ou resid\u00eancia legal ou estiverem em local diverso da realiza\u00e7\u00e3o da atividade ser\u00e3o realizadas por videoconfer\u00eancia, sem pagamento de di\u00e1rias e deslocamento.<\/strike>\r\n<\/p>\r\n<p>\r\n<strike>\u00a7 2\u00ba Na hip\u00f3tese de ser demonstrada, de modo fundamentado, a inviabilidade ou a inconveni\u00eancia de se realizar a reuni\u00e3o por videoconfer\u00eancia, ser\u00e3o estimados os gastos com di\u00e1rias e passagens dos membros deste colegiado, assim como, a comprova\u00e7\u00e3o da disponibilidade or\u00e7ament\u00e1ria e financeira para o exerc\u00edcio em curso.<\/strike>\r\n<\/p>\r\n<p>\r\n<strike>\u00a7 3\u00ba A participa\u00e7\u00e3o nos colegiados ou nas reuni\u00f5es n\u00e3o poder\u00e1 gerar preju\u00edzo \u00e0s demais atividades p\u00fablicas desempenhadas pelo servidor part\u00edcipe.<\/strike>\r\n<\/p>\r\n<strike>\r\n<br>\r\n<\/strike>\r\n<p>\r\n<strike>T\u00cdTULO V<\/strike>\r\n<\/p>\r\n<p>\r\n<strike>DO \u00d3RG\u00c3O DE APOIO ADMINISTRATIVO<\/strike>\r\n<\/p>\r\n<strike>\r\n<br>\r\n<\/strike>\r\n<p>\r\n<strike>Art. 8\u00ba A subunidade respons\u00e1vel pelas Revistas Cient\u00edficas do Centro de Educa\u00e7\u00e3o ficar\u00e1 encarregada pelo apoio administrativo \u00e0s Comiss\u00f5es Editoriais das Revistas Cient\u00edficas do Centro de Educa\u00e7\u00e3o.<\/strike>\r\n<\/p>\r\n<strike>\r\n<br>\r\n<\/strike>\r\n<p>\r\n<strike>T\u00cdTULO VI<\/strike>\r\n<\/p>\r\n<p>\r\n<strike>DO REGIMENTO INTERNO<\/strike>\r\n<\/p>\r\n<strike>\r\n<br>\r\n<\/strike>\r\n<p>\r\n<strike>Art. 9\u00ba Por se tratarem de comiss\u00f5es permanentes internas do Centro de Educa\u00e7\u00e3o, que \u00e9 regido e regulamentado pelo Regimento Interno da Unidade, n\u00e3o h\u00e1 necessidade de um Regimento Interno espec\u00edfico para tais Comiss\u00f5es.<\/strike>\r\n<\/p>\r\n<strike>\r\n<br>\r\n<\/strike>\r\n<p>\r\n<strike>T\u00cdTULO VII<\/strike>\r\n<\/p>\r\n<p>\r\n<strike>DO MEMBROS N\u00c3O NATOS<\/strike>\r\n<\/p>\r\n<strike>\r\n<br>\r\n<\/strike>\r\n<p>\r\n<strike>Art. 10 Nas reuni\u00f5es das Comiss\u00f5es Editoriais das Revistas Cient\u00edficas do Centro de Educa\u00e7\u00e3o poder\u00e3o comparecer quando convidados pelos respectivos presidentes, servidores e\/ou discentes, a fim de prestarem esclarecimentos sobre assuntos que lhes forem pertinentes.<\/strike>\r\n<\/p>\r\n<p>\r\n<strike>Par\u00e1grafo \u00fanico. As reuni\u00f5es deste \u00f3rg\u00e3o colegiado, cujos membros possu\u00edrem domic\u00edlio e\/ou resid\u00eancia legal ou estiverem em local diverso da realiza\u00e7\u00e3o da atividade, ser\u00e3o realizadas por videoconfer\u00eancia, sem pagamento de di\u00e1rias e deslocamento.<\/strike>\r\n<\/p>\r\n<strike>\r\n<br>\r\n<\/strike>\r\n<p>\r\n<strike>T\u00cdTULO VIII<\/strike>\r\n<\/p>\r\n<p>\r\n<strike>DOS RELAT\u00d3RIOS PERI\u00d3DICOS E DO RELAT\u00d3RIO FINAL<\/strike>\r\n<\/p>\r\n<strike>\r\n<br>\r\n<\/strike>\r\n<p>\r\n<strike>Art. 11 As Comiss\u00f5es Editoriais das Revistas Cient\u00edficas do Centro de Educa\u00e7\u00e3o emitir\u00e3o relat\u00f3rio anual de suas atividades para compor o Relat\u00f3rio Anual de Gest\u00e3o do Centro de Educa\u00e7\u00e3o, bem como para a presta\u00e7\u00e3o de contas de Edital Pr\u00f3-Revistas (UFSM), junto \u00e0 PRPGP.<\/strike>\r\n<\/p>\r\n<strike>\r\n<br>\r\n<\/strike>\r\n<p>\r\n<strike>T\u00cdTULO IX<\/strike>\r\n<\/p>\r\n<p>\r\n<strike>DAS DISPOSI\u00c7\u00d5ES GERAIS E TRANSIT\u00d3RIAS<\/strike>\r\n<\/p>\r\n<strike>\r\n<br>\r\n<\/strike>\r\n<p>\r\n<strike>Art. 12 \u00c9 vedada a divulga\u00e7\u00e3o de discuss\u00f5es em curso sem a pr\u00e9via anu\u00eancia da Presid\u00eancia de cada comiss\u00e3o.<\/strike>\r\n<\/p>\r\n<p>\r\n<strike>Art. 13 A participa\u00e7\u00e3o dos membros das Comiss\u00f5es Editoriais das Revistas Cient\u00edficas do Centro de Educa\u00e7\u00e3o ser\u00e1 considerada presta\u00e7\u00e3o de servi\u00e7o p\u00fablico relevante e n\u00e3o ser\u00e1 remunerada.<\/strike>\r\n<\/p>\r\n<p>\r\n<strike>Par\u00e1grafo \u00fanico. As atividades da Comiss\u00e3o e de seus membros n\u00e3o poder\u00e3o causar preju\u00edzo \u00e0 presta\u00e7\u00e3o de servi\u00e7o p\u00fablico pelo servidor membro do Colegiado.<\/strike>\r\n<\/p>\r\n<p>\r\n<strike>Art. 14 \u00c9 vedada a possibilidade de cria\u00e7\u00e3o de subcolegiados por ato deste colegiado.<\/strike>\r\n<\/p>\r\n<p>\r\n<strike>Par\u00e1grafo \u00fanico. A mera necessidade de reuni\u00f5es eventuais para debate, articula\u00e7\u00e3o ou trabalho que envolva agentes p\u00fablicos da administra\u00e7\u00e3o p\u00fablica federal n\u00e3o ser\u00e1 admitida como fundamento para as propostas de que trata a presente resolu\u00e7\u00e3o.<\/strike>\r\n<\/p>\r\n\r\n<p>\r\n<strike>Art. 15 Esta resolu\u00e7\u00e3o entra em vigor uma semana ap\u00f3s a data de sua publica\u00e7\u00e3o e sempre no primeiro dia do m\u00eas ou em seu primeiro dia \u00fatil, revogando as disposi\u00e7\u00f5es em contr\u00e1rio.<\/strike>\r\n<\/p>\r\n<p>\r\n<strike>\u00a71\u00ba O disposto neste artigo n\u00e3o se aplica \u00e0s hip\u00f3teses de urg\u00eancia justi\ufb01cada no expediente administrativo.<\/strike>\r\n<\/p>\r\n<p>\r\n<strike>\u00a72\u00ba Havendo qualquer modifica\u00e7\u00e3o legislativa, ou ainda, havendo qualquer situa\u00e7\u00e3o legal que impacte na legalidade da presente Resolu\u00e7\u00e3o, a mesma se aplica de imediato.<\/strike>\r\n<\/p>\r\n<p>\r\n<strike>GABINETE DO REITOR DA UNIVERSIDADE FEDERAL DE SANTA MARIA, aos 24 dias do m\u00eas junho do ano 2020.<\/strike>\r\n<\/p>\r\n\r\n<\/div>\r\n<p>\r\n<strike>Paulo Afonso Burmann,<\/strike>\r\n<\/p>\r\n<p>\r\n<strike>Reitor.<\/strike>\r\n<\/p>\r\n\r\n<p>\r\n<strike>\r\n<font color=\"red0000\">Este texto n\u00e3o substitui o documento original, publicado no Portal de Documentos.<\/font> Dispon\u00edvel em: <a href=\"https:\/\/portal.ufsm.br\/documentos\/publico\/documento.html?id=13109171\" style=\"color: blue !important;text-decoration: underline !important\" data-elementor-preserved=\"true\" target=\"_blank\">\r\n<font color=\"blue\">https:\/\/portal.ufsm.br\/documentos\/publico\/documento.html?id=13109171<\/font>\r\n<\/a>\r\n<\/strike>\r\n<\/p>\r\n<\/font><\/div>\t\t<\/div>\n\t\t\t\t<\/div>\n\t\t\t\t\t<\/div>\n\t\t<\/div>\n\t\t\t\t\t<\/div>\n\t\t<\/section>\n\t\t\t\t<\/div>\n\t\t","protected":false},"excerpt":{"rendered":"<p>MINIST\u00c9RIO DA EDUCA\u00c7\u00c3O UNIVERSIDADE FEDERAL DE SANTA MARIA RESOLU\u00c7\u00c3O N. 019\/2020 Aprova a recria\u00e7\u00e3o das Comiss\u00f5es Editoriais das Revistas Cient\u00edficas do Centro de Educa\u00e7\u00e3o, vinculadas \u00e0 subunidade respons\u00e1vel pelas Revistas Cient\u00edficas do Centro de Educa\u00e7\u00e3o da estrutura organizacional da Universidade Federal de Santa Maria (UFSM). Revogada pela Resolu\u00e7\u00e3o UFSM N. 231\/2025 O REITOR DA UNIVERSIDADE [&hellip;]<\/p>\n","protected":false},"author":205,"featured_media":0,"parent":0,"menu_order":0,"comment_status":"closed","ping_status":"closed","template":"","meta":{"footnotes":""},"categories":[],"tags":[],"class_list":["post-3959","page","type-page","status-publish","hentry"],"acf":[],"_links":{"self":[{"href":"https:\/\/www.ufsm.br\/pro-reitorias\/proplan\/wp-json\/wp\/v2\/pages\/3959","targetHints":{"allow":["GET"]}}],"collection":[{"href":"https:\/\/www.ufsm.br\/pro-reitorias\/proplan\/wp-json\/wp\/v2\/pages"}],"about":[{"href":"https:\/\/www.ufsm.br\/pro-reitorias\/proplan\/wp-json\/wp\/v2\/types\/page"}],"author":[{"embeddable":true,"href":"https:\/\/www.ufsm.br\/pro-reitorias\/proplan\/wp-json\/wp\/v2\/users\/205"}],"replies":[{"embeddable":true,"href":"https:\/\/www.ufsm.br\/pro-reitorias\/proplan\/wp-json\/wp\/v2\/comments?post=3959"}],"version-history":[{"count":0,"href":"https:\/\/www.ufsm.br\/pro-reitorias\/proplan\/wp-json\/wp\/v2\/pages\/3959\/revisions"}],"wp:attachment":[{"href":"https:\/\/www.ufsm.br\/pro-reitorias\/proplan\/wp-json\/wp\/v2\/media?parent=3959"}],"wp:term":[{"taxonomy":"category","embeddable":true,"href":"https:\/\/www.ufsm.br\/pro-reitorias\/proplan\/wp-json\/wp\/v2\/categories?post=3959"},{"taxonomy":"post_tag","embeddable":true,"href":"https:\/\/www.ufsm.br\/pro-reitorias\/proplan\/wp-json\/wp\/v2\/tags?post=3959"}],"curies":[{"name":"wp","href":"https:\/\/api.w.org\/{rel}","templated":true}]}}