{"id":4013,"date":"2020-09-09T13:18:54","date_gmt":"2020-09-09T16:18:54","guid":{"rendered":"https:\/\/www.ufsm.br\/pro-reitorias\/proplan\/?page_id=4013"},"modified":"2025-08-28T16:56:01","modified_gmt":"2025-08-28T19:56:01","slug":"resolucao-n-025-2020","status":"publish","type":"page","link":"https:\/\/www.ufsm.br\/pro-reitorias\/proplan\/resolucao-n-025-2020","title":{"rendered":"RESOLU\u00c7\u00c3O N. 025\/2020"},"content":{"rendered":"\t\t<div data-elementor-type=\"wp-page\" data-elementor-id=\"4013\" class=\"elementor elementor-4013\">\n\t\t\t\t\t\t<section class=\"elementor-section elementor-top-section elementor-element elementor-element-5f1aba5 elementor-section-boxed elementor-section-height-default elementor-section-height-default\" data-id=\"5f1aba5\" data-element_type=\"section\">\n\t\t\t\t\t\t<div class=\"elementor-container elementor-column-gap-default\">\n\t\t\t\t\t<div class=\"elementor-column elementor-col-100 elementor-top-column elementor-element elementor-element-4913269\" data-id=\"4913269\" data-element_type=\"column\">\n\t\t\t<div class=\"elementor-widget-wrap elementor-element-populated\">\n\t\t\t\t\t\t<div class=\"elementor-element elementor-element-429aa6a elementor-widget elementor-widget-html\" data-id=\"429aa6a\" data-element_type=\"widget\" data-widget_type=\"html.default\">\n\t\t\t\t<div class=\"elementor-widget-container\">\n\t\t\t\r\n\r\n\r\n<title><b>RESOLU\u00c7\u00c3O N. 025\/2020<\/b><\/title>\r\n\r\n\r\n<div align=\"center\"><img decoding=\"async\" src=\"https:\/\/www.ufsm.br\/pro-reitorias\/proplan\/wp-content\/uploads\/sites\/344\/2019\/09\/brasao-da-republica-do-brasil-logo.png\" alt=\"Bras\u00e3o Rep\u00fablica Federativa do Brasil\" width=\"6%\" height=\"6%\"><\/div>    \r\n<h1><font color=\"blue\"><font size=\"5\"><div align=\"center\">MINIST\u00c9RIO DA EDUCA\u00c7\u00c3O<\/b><\/font><\/font><\/div><\/H1>\r\n<p><b><font color=\"0000blue\"><div align=\"center\">UNIVERSIDADE FEDERAL DE SANTA MARIA<\/b><\/font><\/div><\/p>\r\n<p><div align=\"center\"><b><a href=\"https:\/\/portal.ufsm.br\/documentos\/publico\/documento.html?id=13167869\" target=\"_blank\"><font color=\"blue\">RESOLU\u00c7\u00c3O N. 025, DE 24 DE AGOSTO DE 2020<\/font><\/a><\/b><\/div><\/p>\r\n<br>\r\n   <div style=\"color: #800000;width: 60%;margin-left: auto;margin-right: 0;text-align: justify;font-weight: normal\">Cria a possibilidade de Oferta de Disciplinas Complementares de Gradua\u00e7\u00e3o em Per\u00edodo de Recesso do Calend\u00e1rio Acad\u00eamico.<\/font><\/div><\/p>\r\n\r\n<br><div align=\"justify\">\r\n<p>O Reitor da Universidade Federal de Santa Maria, no uso de suas atribui\u00e7\u00f5es legais e estatut\u00e1rias, e considerando:<\/p>\r\n<p>- o estabelecido na <a href=\"http:\/\/www.planalto.gov.br\/ccivil_03\/leis\/l9394.htm\" target=\"_blank\"><font color=\"blue\"><u>Lei de Diretrizes e Bases da Educa\u00e7\u00e3o \u2013 LDB (Lei N. 9.394, de 20 de dezembro de 1996)<\/u><\/font><\/a>;<\/p>\r\n<p>- o disposto no T\u00edtulo III: Do Regime Did\u00e1tico-Cient\u00edfico; Cap\u00edtulo I: Do Ensino; Se\u00e7\u00e3o II: Da Estrutura dos Cursos e do Regime Did\u00e1tico, do <a href=\"https:\/\/www.ufsm.br\/pro-reitorias\/proplan\/estatuto-ufsm-2010\/\" target=\"_blank\"><font color=\"blue\"><u>Estatuto da Universidade Federal de Santa Maria<\/u><\/font><\/a>;<\/p>\r\n<p>- o disposto no T\u00edtulo III: Do Ensino, da Pesquisa e da Extens\u00e3o; Cap\u00edtulo I: Do Ensino de Gradua\u00e7\u00e3o; Se\u00e7\u00e3o I: Dos Cursos, do <a href=\"https:\/\/www.ufsm.br\/pro-reitorias\/proplan\/regimento-geral-da-ufsm-2011\/\" target=\"_blank\"><font color=\"blue\"><u>Regimento Geral da Universidade Federal de Santa Maria<\/u><\/font><\/a>;<\/p>\r\n<p>- o Projeto Pedag\u00f3gico Institucional, que prev\u00ea a oferta de oportunidades diferenciadas de integraliza\u00e7\u00e3o curricular;<\/p>\r\n<p>- o Parecer N. 003\/2020 da Comiss\u00e3o de Ensino, Pesquisa e Extens\u00e3o (COMEPE), aprovado na 946\u00aa Sess\u00e3o do Conselho de Ensino, Pesquisa e Extens\u00e3o (CEPE), de 15\/05\/2020, referente ao Processo N. <a href=\"https:\/\/portal.ufsm.br\/documentos\/publico\/processo\/documento.html?idDocumento=12785061\" target=\"_blank\"><font color=\"blue\"><u>23081.058216\/2019-25<\/u><\/font><\/a>; e,<\/p>\r\n<p>- o Parecer N. 023\/2020 da Comiss\u00e3o de Legisla\u00e7\u00e3o e Normas (CLN), aprovado na 946\u00aa Sess\u00e3o do Conselho de Ensino, Pesquisa e Extens\u00e3o (CEPE), de 15\/05\/2020, referente ao Processo N. <a href=\"https:\/\/portal.ufsm.br\/documentos\/publico\/processo\/documento.html?idDocumento=12785061\" target=\"_blank\"><font color=\"blue\"><u>23081.058216\/2019-25<\/u><\/font><\/a>.<\/p>\r\n<br>\r\n<p>RESOLVE:<\/p>\r\n<br>\r\n<p>Art. 1\u00ba As Coordena\u00e7\u00f5es de Cursos de Gradua\u00e7\u00e3o podem solicitar \u00e0 Coordenadoria de Planejamento Acad\u00eamico da Pr\u00f3-Reitoria de Gradua\u00e7\u00e3o (COPA\/PROGRAD), por meio de memorando, a oferta, com a devida aprova\u00e7\u00e3o e consolida\u00e7\u00e3o da atribui\u00e7\u00e3o dos encargos docentes pelos Departamentos Did\u00e1ticos, de Disciplinas Complementares de Gradua\u00e7\u00e3o em per\u00edodo de recesso do Calend\u00e1rio Acad\u00eamico da UFSM, compreendido entre o encerramento de um semestre letivo e o in\u00edcio do semestre letivo subsequente.<\/p>\r\n<p>Art. 2\u00ba A referida oferta dever\u00e1 ser solicitada no per\u00edodo previsto no Calend\u00e1rio Acad\u00eamico e executada ap\u00f3s o t\u00e9rmino do semestre no qual foi realizada a solicita\u00e7\u00e3o, indicando, de forma detalhada, o cronograma de execu\u00e7\u00e3o da disciplina, com as datas e hor\u00e1rios das aulas, bem como o formato concentrado em que a mesma ser\u00e1 realizada no per\u00edodo de recesso do Calend\u00e1rio Acad\u00eamico da UFSM.<\/p>\r\n<p>Par\u00e1grafo \u00fanico. A publica\u00e7\u00e3o da oferta deve ser feita at\u00e9 1 (um) m\u00eas antes do in\u00edcio das aulas (em observ\u00e2ncia ao prazo estabelecido no Art. 47, inciso IV, al\u00ednea b, da <a href=\"http:\/\/www.planalto.gov.br\/ccivil_03\/leis\/l9394.htm\" target=\"_blank\"><font color=\"blue\"><u>Lei N. 9.394\/1996<\/u><\/font><\/a>.<\/p>\r\n\r\n<p>Art. 3\u00ba A oferta de Disciplinas Complementares de Gradua\u00e7\u00e3o em per\u00edodo de recesso do Calend\u00e1rio Acad\u00eamico da UFSM dever\u00e1 atender aos seguintes requisitos:<\/p>\r\n<p>I - o n\u00famero de alunos por turma dever\u00e1 ser igual ou superior a 10% (dez por cento) do n\u00famero de vagas ofertadas pelo curso;<\/p>\r\n<p>II - a carga hor\u00e1ria da disciplina n\u00e3o poder\u00e1 exceder a 120 (cento e vinte) horas\/aula.<\/p>\r\n\r\n<p>Art. 4\u00ba O(A) docente respons\u00e1vel por ministrar a disciplina em per\u00edodo de recesso do Calend\u00e1rio Acad\u00eamico deve ser professor(a) efetivo(a) do quadro da UFSM.<\/p>\r\n<p>Art. 5\u00ba Os encargos did\u00e1ticos dos(as) docentes ser\u00e3o relativos ao semestre de solicita\u00e7\u00e3o da oferta.<\/p>\r\n<p>Art. 6\u00ba As solicita\u00e7\u00f5es previstas nesta resolu\u00e7\u00e3o dizem respeito \u00e0s Disciplinas Complementares de Gradua\u00e7\u00e3o, como regra.<\/p>\r\n<p>Par\u00e1grafo \u00fanico. A exce\u00e7\u00e3o para solicita\u00e7\u00f5es de disciplinas do n\u00facleo r\u00edgido, sem preju\u00edzo da oferta regular e de forma extraordin\u00e1ria (al\u00e9m da disciplina ofertada regularmente), deve ser avaliada mediante solicita\u00e7\u00e3o, por meio de Processo Administrativo, \u00e0 COPA\/PROGRAD, onde dever\u00e3o ser explicitados, de forma pormenorizada, os motivos para ofertar uma disciplina regular (do n\u00facleo r\u00edgido) em per\u00edodo de recesso do Calend\u00e1rio Acad\u00eamico.<\/p>\r\n\r\n<p>Art. 7\u00ba A matr\u00edcula nas disciplinas realizadas no per\u00edodo de recesso ser\u00e1 definida pelo Calend\u00e1rio Acad\u00eamico.<\/p>\r\n<p>\u00a7 1\u00ba Cada aluno(a) poder\u00e1 realizar a matr\u00edcula em, no m\u00e1ximo, 4 (quatro) disciplinas por per\u00edodo de recesso do Calend\u00e1rio Acad\u00eamico.<\/p>\r\n<p>\u00a7 2\u00ba A carga hor\u00e1ria por disciplina em cada per\u00edodo de recesso do Calend\u00e1rio Acad\u00eamico n\u00e3o dever\u00e1 exceder o limite de 04 (quatro) horas\/aula, por turno, e 08 (oito) horas\/aula di\u00e1rias, ficando a carga hor\u00e1ria semanal de cada disciplina limitada a 40 (quarenta) horas.<\/p>\r\n\r\n<p>Art. 8\u00ba Esta resolu\u00e7\u00e3o entra em vigor uma semana ap\u00f3s a data de sua publica\u00e7\u00e3o e sempre no primeiro dia do m\u00eas ou em seu primeiro dia \u00fatil, revogando disposi\u00e7\u00f5es em contr\u00e1rio.<\/p>\r\n<p>\u00a7 1\u00ba O disposto neste artigo n\u00e3o se aplica \u00e0s hip\u00f3teses de urg\u00eancia justi\ufb01cada no expediente administrativo.<\/p>\r\n<p>\u00a7 2\u00ba Havendo qualquer modifica\u00e7\u00e3o legislativa, ou ainda, havendo qualquer situa\u00e7\u00e3o legal que impacte na legalidade da presente Resolu\u00e7\u00e3o, a mesma se aplica de imediato.<\/p>\r\n<br>\r\n<p>Paulo Afonso Burmann<\/p>\r\n<p>Reitor<\/p>\r\n<br>\r\n<p><font color=\"red0000\">Este texto n\u00e3o substitui o documento original, publicado no Portal de Documentos em 09\/09\/2020.<\/font> Dispon\u00edvel em: <a href=\"https:\/\/portal.ufsm.br\/documentos\/publico\/documento.html?id=13167869\"><font color=\"blue\">https:\/\/portal.ufsm.br\/documentos\/publico\/documento.html?id=13167869<\/font><\/a>\r\n\r\n\r\n\t\t<\/div>\n\t\t\t\t<\/div>\n\t\t\t\t\t<\/div>\n\t\t<\/div>\n\t\t\t\t\t<\/div>\n\t\t<\/section>\n\t\t\t\t<\/div>\n\t\t","protected":false},"excerpt":{"rendered":"<p>RESOLU\u00c7\u00c3O N. 025\/2020 MINIST\u00c9RIO DA EDUCA\u00c7\u00c3O UNIVERSIDADE FEDERAL DE SANTA MARIA RESOLU\u00c7\u00c3O N. 025, DE 24 DE AGOSTO DE 2020 Cria a possibilidade de Oferta de Disciplinas Complementares de Gradua\u00e7\u00e3o em Per\u00edodo de Recesso do Calend\u00e1rio Acad\u00eamico. O Reitor da Universidade Federal de Santa Maria, no uso de suas atribui\u00e7\u00f5es legais e estatut\u00e1rias, e considerando: [&hellip;]<\/p>\n","protected":false},"author":205,"featured_media":0,"parent":0,"menu_order":0,"comment_status":"closed","ping_status":"closed","template":"","meta":{"footnotes":""},"categories":[],"tags":[],"class_list":["post-4013","page","type-page","status-publish","hentry"],"acf":[],"_links":{"self":[{"href":"https:\/\/www.ufsm.br\/pro-reitorias\/proplan\/wp-json\/wp\/v2\/pages\/4013","targetHints":{"allow":["GET"]}}],"collection":[{"href":"https:\/\/www.ufsm.br\/pro-reitorias\/proplan\/wp-json\/wp\/v2\/pages"}],"about":[{"href":"https:\/\/www.ufsm.br\/pro-reitorias\/proplan\/wp-json\/wp\/v2\/types\/page"}],"author":[{"embeddable":true,"href":"https:\/\/www.ufsm.br\/pro-reitorias\/proplan\/wp-json\/wp\/v2\/users\/205"}],"replies":[{"embeddable":true,"href":"https:\/\/www.ufsm.br\/pro-reitorias\/proplan\/wp-json\/wp\/v2\/comments?post=4013"}],"version-history":[{"count":0,"href":"https:\/\/www.ufsm.br\/pro-reitorias\/proplan\/wp-json\/wp\/v2\/pages\/4013\/revisions"}],"wp:attachment":[{"href":"https:\/\/www.ufsm.br\/pro-reitorias\/proplan\/wp-json\/wp\/v2\/media?parent=4013"}],"wp:term":[{"taxonomy":"category","embeddable":true,"href":"https:\/\/www.ufsm.br\/pro-reitorias\/proplan\/wp-json\/wp\/v2\/categories?post=4013"},{"taxonomy":"post_tag","embeddable":true,"href":"https:\/\/www.ufsm.br\/pro-reitorias\/proplan\/wp-json\/wp\/v2\/tags?post=4013"}],"curies":[{"name":"wp","href":"https:\/\/api.w.org\/{rel}","templated":true}]}}