{"id":4039,"date":"2020-10-09T16:44:26","date_gmt":"2020-10-09T19:44:26","guid":{"rendered":"https:\/\/www.ufsm.br\/pro-reitorias\/proplan\/?page_id=4039"},"modified":"2022-09-12T08:59:49","modified_gmt":"2022-09-12T11:59:49","slug":"portaria-normativa-n-001-2020","status":"publish","type":"page","link":"https:\/\/www.ufsm.br\/pro-reitorias\/proplan\/portaria-normativa-n-001-2020","title":{"rendered":"Portaria Normativa N. 001\/2020"},"content":{"rendered":"\t\t<div data-elementor-type=\"wp-page\" data-elementor-id=\"4039\" class=\"elementor elementor-4039\">\n\t\t\t\t\t\t<section class=\"elementor-section elementor-top-section elementor-element elementor-element-c5ec57e elementor-section-boxed elementor-section-height-default elementor-section-height-default\" data-id=\"c5ec57e\" data-element_type=\"section\">\n\t\t\t\t\t\t<div class=\"elementor-container elementor-column-gap-default\">\n\t\t\t\t\t<div class=\"elementor-column elementor-col-100 elementor-top-column elementor-element elementor-element-a555fbb\" data-id=\"a555fbb\" data-element_type=\"column\">\n\t\t\t<div class=\"elementor-widget-wrap elementor-element-populated\">\n\t\t\t\t\t\t<div class=\"elementor-element elementor-element-10d1aae elementor-widget elementor-widget-html\" data-id=\"10d1aae\" data-element_type=\"widget\" data-widget_type=\"html.default\">\n\t\t\t\t<div class=\"elementor-widget-container\">\n\t\t\t\r\n\r\n\r\n<title><b>PORTARIA NORMATIVA UFSM N. 001\/2020<\/b><\/title>\r\n\r\n\r\n<div align=\"center\"><img decoding=\"async\" src=\"https:\/\/www.ufsm.br\/pro-reitorias\/proplan\/wp-content\/uploads\/sites\/344\/2019\/09\/brasao-da-republica-do-brasil-logo.png\" alt=\"Bras\u00e3o Rep\u00fablica Federativa do Brasil\" width=\"6%\" height=\"6%\"><\/div>    \r\n<h1><font color=\"blue\"><font size=\"5\"><div align=\"center\">MINIST\u00c9RIO DA EDUCA\u00c7\u00c3O<\/b><\/font><\/font><\/div><\/H1>\r\n<p><b><font color=\"0000blue\"><div align=\"center\">UNIVERSIDADE FEDERAL DE SANTA MARIA<\/b><\/font><\/div><\/p>\r\n<p><div align=\"center\"><b><a href=\"https:\/\/portal.ufsm.br\/documentos\/publico\/documento.html?id=13209716\" target=\"_blank\"><font color=\"blue\">PORTARIA NORMATIVA UFSM N. 001, DE 30 DE SETEMBRO DE 2020<\/font><\/a><\/b><\/div><\/p>\r\n<br>\r\n<p><div align=\"right\"><font color=\"800000\"><s>Informa sobre a listagem completa de atos normativos inferiores a decreto vigentes e estabelece prazos para a publica\u00e7\u00e3o das normas revisadas e consolidadas no \u00e2mbito da Universidade Federal de Santa Maria.<\/s><\/font><\/div><\/p>\r\n<br>\r\n<p><a href=\"https:\/\/www.ufsm.br\/pro-reitorias\/proplan\/portaria-normativa-ufsm-n-050-2022\/\" target=\"_blank\"><font color=\"blue\">Revogada pela Portaria Normativa UFSM N.050\/2022<\/a><\/font><\/p>\r\n<p>Alterada pelas Portarias Normativas <a href=\"https:\/\/www.ufsm.br\/pro-reitorias\/proplan\/portaria-normativa-ufsm-n-017-2021\/\" target=\"_blank\"><font color=\"blue\">N. 017\/2021<\/font><\/a>, <a href=\"https:\/\/www.ufsm.br\/pro-reitorias\/proplan\/portaria-normativa-ufsm-n-018-2021\/\" target=\"_blank\"><font color=\"blue\">N. 018\/2021<\/font><\/a>, <a href=\"https:\/\/www.ufsm.br\/pro-reitorias\/proplan\/portaria-normativa-ufsm-n-019-2021\/\" target=\"_blank\"><font color=\"blue\">N. 019\/2021<\/font><\/a> e <a href=\"https:\/\/www.ufsm.br\/pro-reitorias\/proplan\/portaria-normativa-ufsm-n-025-2021\/\" target=\"_blank\"><font color=\"blue\">N. 025\/2021<\/font><\/a>; e pelas Resolu\u00e7\u00f5es <a href=\"https:\/\/www.ufsm.br\/pro-reitorias\/proplan\/resolucao-n-021-2020\/\" target=\"_blank\"><font color=\"blue\">N. 021\/2020<\/font><\/a>, <a href=\"https:\/\/www.ufsm.br\/pro-reitorias\/proplan\/resolucao-n-027-2020\/\" target=\"_blank\"><font color=\"blue\">N. 027\/2020<\/font><\/a>, <a href=\"https:\/\/www.ufsm.br\/pro-reitorias\/proplan\/resolucao-n-028-2020\/\" target=\"_blank\"><font color=\"blue\">N. 028\/2020<\/font><\/a>, <a href=\"https:\/\/www.ufsm.br\/pro-reitorias\/proplan\/resolucao-n-029-2020\/\" target=\"_blank\"><font color=\"blue\">N. 029\/2020<\/font><\/a>, <a href=\"https:\/\/www.ufsm.br\/pro-reitorias\/proplan\/resolucao-n-031-2020\/\" target=\"_blank\"><font color=\"blue\">N. 031\/2020<\/font><\/a>, <a href=\"https:\/\/www.ufsm.br\/pro-reitorias\/proplan\/resolucao-n-032-2020\/\" target=\"_blank\"><font color=\"blue\">N. 032\/2020<\/font><\/a>, <a href=\"https:\/\/www.ufsm.br\/pro-reitorias\/proplan\/resolucao-n-033-2020\/\" target=\"_blank\"><font color=\"blue\">N. 033\/2020<\/font><\/a>, <a href=\"https:\/\/www.ufsm.br\/pro-reitorias\/proplan\/resolucao-n-036-2020\/\" target=\"_blank\"><font color=\"blue\">N. 036\/2020<\/font><\/a>, <a href=\"https:\/\/www.ufsm.br\/pro-reitorias\/proplan\/resolucao-ufsm-n-055-2021\/\" target=\"_blank\"><font color=\"blue\">N. 055\/2021<\/font><\/a>, <a href=\"https:\/\/www.ufsm.br\/pro-reitorias\/proplan\/resolucao-ufsm-n-058-2021\/\" target=\"_blank\"><font color=\"blue\">N. 058\/2021<\/font><\/a>, <a href=\"https:\/\/www.ufsm.br\/pro-reitorias\/proplan\/resolucao-ufsm-n-063-2021\/\" target=\"_blank\"><font color=\"blue\">N. 063\/2021<\/font><\/a>, <a href=\"https:\/\/www.ufsm.br\/pro-reitorias\/proplan\/?page_id=4725\" target=\"_blank\"><font color=\"blue\">N. 067\/2021<\/font><\/a>, <a href=\"https:\/\/www.ufsm.br\/pro-reitorias\/proplan\/resolucao-ufsm-n-071-2021\/\" target=\"_blank\"><font color=\"blue\">N. 071\/2021<\/font><\/a>, <a href=\"https:\/\/www.ufsm.br\/pro-reitorias\/proplan\/?page_id=4767\" target=\"_blank\"><font color=\"blue\">N. 072\/2021<\/font><\/a>, <a href=\"https:\/\/www.ufsm.br\/pro-reitorias\/proplan\/resolucao-ufsm-n-076-2022\/\" target=\"_blank\"><font color=\"blue\">N. 076\/2022<\/font><\/a>, <a href=\"https:\/\/www.ufsm.br\/pro-reitorias\/proplan\/resolucao-ufsm-n-078-2022\/\" target=\"_blank\"><font color=\"blue\">N. 078\/2022<\/font><\/a>, <a href=\"https:\/\/www.ufsm.br\/pro-reitorias\/proplan\/resolucao-ufsm-n-079-2022\/\" target=\"_blank\"><font color=\"blue\">N. 079\/2022<\/font><\/a>, <a href=\"https:\/\/www.ufsm.br\/pro-reitorias\/proplan\/resolucao-ufsm-n-082-2022\/\" target=\"_blank\"><font color=\"blue\">N. 082\/2022<\/font><\/a>, <a href=\"https:\/\/www.ufsm.br\/pro-reitorias\/proplan\/resolucao-ufsm-n-087-2022\/\" target=\"_blank\"><font color=\"blue\">N. 087\/2022<\/font><\/a>, <a href=\"https:\/\/www.ufsm.br\/pro-reitorias\/proplan\/resolucao-ufsm-n-089-2022\/\" target=\"_blank\"><font color=\"blue\">N. 089\/2022<\/font><\/a>, <a href=\"https:\/\/www.ufsm.br\/pro-reitorias\/proplan\/resolucao-ufsm-n-093-2022\/\" target=\"_blank\"><font color=\"blue\">N. 093\/2022<\/font><\/a>, <a href=\"https:\/\/www.ufsm.br\/pro-reitorias\/proplan\/resolucao-ufsm-n-094-2022\/\" target=\"_blank\"><font color=\"blue\">N. 094\/2022<\/font><\/a>, <a href=\"https:\/\/www.ufsm.br\/pro-reitorias\/proplan\/resolucao-ufsm-n-095-2022\/\" target=\"_blank\"><font color=\"blue\">N. 095\/2022<\/font><\/a> e <a href=\"https:\/\/www.ufsm.br\/pro-reitorias\/proplan\/resolucao-ufsm-n-100-2022\/\" target=\"_blank\"><font color=\"blue\">N. 100\/2022<\/font><\/a>.<\/p>\r\n<br>\r\n<br><div align=\"justify\">\r\n<p><s>O REITOR DA UNIVERSIDADE FEDERAL DE SANTA MARIA, no uso de suas atribui\u00e7\u00f5es legais e estatut\u00e1rias e considerando o que prev\u00ea os artigos 12 e 14 do <a href=\"http:\/\/www.planalto.gov.br\/ccivil_03\/_ato2019-2022\/2019\/decreto\/D10139.htm\" target=\"_blank\"><font color=\"blue\"><u>Decreto N. 10.139, de 28 de novembro de 2019<\/u><\/font><\/a> e altera\u00e7\u00f5es subseq\u00fcentes.<\/p>\r\n<br>\r\n<p><div align=\"center\">RESOLVE:<\/div><\/p>\r\n<br>\r\n<p>Art. 1\u00ba Informar sobre a listagem completa de atos normativos inferiores a decreto vigentes no \u00e2mbito da Universidade Federal de Santa Maria, constantes no <a href=\"https:\/\/www.ufsm.br\/pro-reitorias\/proplan\/portaria-normativa-n-001-2020-anexo\/\" target=\"_blank\"><font color=\"blue\"><u>Anexo I<\/u><\/font><\/a>.<\/p>\r\n<p>Par\u00e1grafo \u00fanico. Para a elabora\u00e7\u00e3o da listagem mencionada no Caput foi observado:<\/p>\r\n<p>I - as etapas de triagem, exame e consolida\u00e7\u00e3o ou revoga\u00e7\u00e3o, previstas nos incisos I, II e III do artigo 11 do <a href=\"http:\/\/www.planalto.gov.br\/ccivil_03\/_ato2019-2022\/2019\/decreto\/D10139.htm\" target=\"_blank\"><font color=\"blue\"><u>Decreto N. 10.139<\/u><\/font><\/a> e executadas at\u00e9 a presente data;<\/p>\r\n<p>II \u2013 exclus\u00e3o das Resolu\u00e7\u00f5es que j\u00e1 haviam sido expressamente revogadas at\u00e9 31 de dezembro de 2019;<\/p>\r\n<p>III \u2013 exclus\u00e3o das Resolu\u00e7\u00f5es revogadas pelas Resolu\u00e7\u00f5es UFSM <a href=\"https:\/\/www.ufsm.br\/pro-reitorias\/proplan\/resolucao-n-008-2020\/\" target=\"_blank\"><font color=\"blue\"><u>N. 008, de 14 de abril de 2020,<\/u><\/font><\/a> e <a href=\"https:\/\/www.ufsm.br\/pro-reitorias\/proplan\/resolucao-n-022-2020\/\" target=\"_blank\"><font color=\"blue\"><u>N. 022, de 13 de julho de 2020<\/u><\/font><\/a>, oriundas do processo n. <a href=\"https:\/\/portal.ufsm.br\/documentos\/publico\/processo\/documento.html?idDocumento=12914410\" target=\"_blank\"><font color=\"blue\"><u>23081.01921\/2020-94<\/u><\/font><\/a>;<\/p>\r\n<p>IV \u2013 inclus\u00e3o das Resolu\u00e7\u00f5es em fase de revoga\u00e7\u00e3o expressa cuja proposta de Resolu\u00e7\u00e3o est\u00e1 em fase de tramita\u00e7\u00e3o interna via processo n. <a href=\"https:\/\/portal.ufsm.br\/documentos\/publico\/processo\/documento.html?idDocumento=13170662\" target=\"_blank\"><font color=\"blue\"><u>23081.029532\/2020-23<\/u><\/font><\/a>; e,<\/p>\r\n<p>V \u2013 inclus\u00e3o das Resolu\u00e7\u00f5es em fase de revoga\u00e7\u00e3o\/consolida\u00e7\u00e3o cuja proposta de Resolu\u00e7\u00e3o est\u00e1 em fase de tramita\u00e7\u00e3o interna via processo n. <a href=\"https:\/\/portal.ufsm.br\/documentos\/publico\/processo\/documento.html?idDocumento=13156504\" target=\"_blank\"><font color=\"blue\"><u>23081.028279\/2020-91<\/u><\/font><\/a>.<\/p>\r\n<p>Art. 2\u00ba Os prazos para a publica\u00e7\u00e3o das normas revisadas e consolidadas observar\u00e1 as datas fixadas nos incisos I a V do artigo 14 do <a href=\"http:\/\/www.planalto.gov.br\/ccivil_03\/_ato2019-2022\/2019\/decreto\/D10139.htm\" target=\"_blank\"><font color=\"blue\"><u>Decreto N. 10.139<\/u><\/font><\/a> e altera\u00e7\u00f5es subseq\u00fcentes, sendo considerada data limite para conclus\u00e3o dos trabalhos a data prevista no inciso V.<\/p>\r\n<p>Par\u00e1grafo \u00fanico. Considera-se como entregas oriundas da primeira etapa, inciso I do artigo 14, as revis\u00f5es e consolida\u00e7\u00f5es elencadas nos incisos III a V, do Par\u00e1grafo \u00fanico, do artigo 1\u00ba desta Portaria.<\/p>\r\n<p>Art. 3\u00ba Esta Portaria entra em vigor na data de sua publica\u00e7\u00e3o, por se tratar de urg\u00eancia justi\ufb01cada no expediente administrativo.<\/p>\r\n<p>Paulo Afonso Burmann<\/p>\r\n<p>Reitor<\/s><\/p>\r\n<p><font color=\"red0000\">Este texto n\u00e3o substitui o documento original, publicado no Portal de Documentos.<\/font> Dispon\u00edvel em: <a href=\"https:\/\/portal.ufsm.br\/documentos\/publico\/documento.html?id=13209716\" target=\"_blank\"><font color=\"blue\">https:\/\/portal.ufsm.br\/documentos\/publico\/documento.html?id=13209716<\/font><\/a>\r\n\r\n\t\t<\/div>\n\t\t\t\t<\/div>\n\t\t\t\t\t<\/div>\n\t\t<\/div>\n\t\t\t\t\t<\/div>\n\t\t<\/section>\n\t\t\t\t<\/div>\n\t\t","protected":false},"excerpt":{"rendered":"<p>PORTARIA NORMATIVA UFSM N. 001\/2020 MINIST\u00c9RIO DA EDUCA\u00c7\u00c3O UNIVERSIDADE FEDERAL DE SANTA MARIA PORTARIA NORMATIVA UFSM N. 001, DE 30 DE SETEMBRO DE 2020 Informa sobre a listagem completa de atos normativos inferiores a decreto vigentes e estabelece prazos para a publica\u00e7\u00e3o das normas revisadas e consolidadas no \u00e2mbito da Universidade Federal de Santa Maria. [&hellip;]<\/p>\n","protected":false},"author":205,"featured_media":0,"parent":0,"menu_order":0,"comment_status":"closed","ping_status":"closed","template":"","meta":{"footnotes":""},"categories":[],"tags":[],"class_list":["post-4039","page","type-page","status-publish","hentry"],"acf":[],"_links":{"self":[{"href":"https:\/\/www.ufsm.br\/pro-reitorias\/proplan\/wp-json\/wp\/v2\/pages\/4039","targetHints":{"allow":["GET"]}}],"collection":[{"href":"https:\/\/www.ufsm.br\/pro-reitorias\/proplan\/wp-json\/wp\/v2\/pages"}],"about":[{"href":"https:\/\/www.ufsm.br\/pro-reitorias\/proplan\/wp-json\/wp\/v2\/types\/page"}],"author":[{"embeddable":true,"href":"https:\/\/www.ufsm.br\/pro-reitorias\/proplan\/wp-json\/wp\/v2\/users\/205"}],"replies":[{"embeddable":true,"href":"https:\/\/www.ufsm.br\/pro-reitorias\/proplan\/wp-json\/wp\/v2\/comments?post=4039"}],"version-history":[{"count":0,"href":"https:\/\/www.ufsm.br\/pro-reitorias\/proplan\/wp-json\/wp\/v2\/pages\/4039\/revisions"}],"wp:attachment":[{"href":"https:\/\/www.ufsm.br\/pro-reitorias\/proplan\/wp-json\/wp\/v2\/media?parent=4039"}],"wp:term":[{"taxonomy":"category","embeddable":true,"href":"https:\/\/www.ufsm.br\/pro-reitorias\/proplan\/wp-json\/wp\/v2\/categories?post=4039"},{"taxonomy":"post_tag","embeddable":true,"href":"https:\/\/www.ufsm.br\/pro-reitorias\/proplan\/wp-json\/wp\/v2\/tags?post=4039"}],"curies":[{"name":"wp","href":"https:\/\/api.w.org\/{rel}","templated":true}]}}