{"id":4103,"date":"2020-11-10T13:18:47","date_gmt":"2020-11-10T16:18:47","guid":{"rendered":"https:\/\/www.ufsm.br\/pro-reitorias\/proplan\/?page_id=4103"},"modified":"2020-11-10T13:19:47","modified_gmt":"2020-11-10T16:19:47","slug":"regimento-interno-da-camara-de-extensao-da-ufsm-2008","status":"publish","type":"page","link":"https:\/\/www.ufsm.br\/pro-reitorias\/proplan\/regimento-interno-da-camara-de-extensao-da-ufsm-2008","title":{"rendered":"Regimento Interno da C\u00e2mara de Extens\u00e3o da UFSM (2008)"},"content":{"rendered":"\t\t<div data-elementor-type=\"wp-page\" data-elementor-id=\"4103\" class=\"elementor elementor-4103\">\n\t\t\t\t\t\t<section class=\"elementor-section elementor-top-section elementor-element elementor-element-bbd7b97 elementor-section-boxed elementor-section-height-default elementor-section-height-default\" data-id=\"bbd7b97\" data-element_type=\"section\">\n\t\t\t\t\t\t<div class=\"elementor-container elementor-column-gap-default\">\n\t\t\t\t\t<div class=\"elementor-column elementor-col-100 elementor-top-column elementor-element elementor-element-e3b48af\" data-id=\"e3b48af\" data-element_type=\"column\">\n\t\t\t<div class=\"elementor-widget-wrap elementor-element-populated\">\n\t\t\t\t\t\t<div class=\"elementor-element elementor-element-55a1da1 elementor-widget elementor-widget-html\" data-id=\"55a1da1\" data-element_type=\"widget\" data-widget_type=\"html.default\">\n\t\t\t\t<div class=\"elementor-widget-container\">\n\t\t\t\r\n\r\n\r\n<title><b>REGIMENTO INTERNO DA C\u00c2MARA DE EXTENS\u00c3O\r\n<\/b><\/title>\r\n\r\n\r\n<div align=\"center\"><img decoding=\"async\" src=\"https:\/\/www.ufsm.br\/pro-reitorias\/proplan\/wp-content\/uploads\/sites\/344\/2019\/09\/brasao-da-republica-do-brasil-logo.png\" alt=\"Bras\u00e3o Rep\u00fablica Federativa do Brasil\" width=\"6%\" height=\"6%\"><\/div>    \r\n<h1><font color=\"blue\"><font size=\"5\"><div align=\"center\">MINIST\u00c9RIO DA EDUCA\u00c7\u00c3O<\/b><\/font><\/font><\/div><\/H1>\r\n<p><b><font color=\"0000blue\"><div align=\"center\">UNIVERSIDADE FEDERAL DE SANTA MARIA<\/b><\/font><\/div><\/p>\r\n<p><div align=\"center\"><b><a href=\"https:\/\/portal.ufsm.br\/documentos\/publico\/documento.html?id=13268875\"><font color=\"blue\"><strike>REGIMENTO INTERNO DA C\u00c2MARA DE EXTENS\u00c3O<\/strike><\/font><\/a><\/b><\/div><\/p>\r\n<br>\r\n<p><a href=\"https:\/\/www.ufsm.br\/app\/uploads\/sites\/344\/2020\/10\/PARECER_CEPE.pdf\"><font color=\"blue\">Aprovado pelos Pareceres 065\/08 e 016\/08 do CEPE<\/font><\/a><\/p>\r\n<p><a href=\"https:\/\/www.ufsm.br\/pro-reitorias\/proplan\/resolucao-n-006-2019\/\"><font color=\"blue\">Revogada pela Resolu\u00e7\u00e3o N. 006\/2019<\/font><\/a><\/p>\r\n<br>\r\n<strike>\r\n<br>\r\n<br>\r\n<br><div align=\"justify\">\r\n<br>\r\n<p><b><div align=\"center\">CAP\u00cdTULO I<\/b><\/div><\/p>\r\n<p><b><div align=\"center\">DA NATUREZA E FINALIDADE<\/b><\/div><\/p>\r\n<br>\r\n<p>Art. 1\u00ba A C\u00e2mara de Extens\u00e3o, constitu\u00edda na forma de Comiss\u00e3o deliberativa e consultiva, est\u00e1 vinculada \u00e0 Pr\u00f3-Reitoria de Extens\u00e3o - PRE da Universidade Federal de Santa Maria \u2014 UFSM e tem por finalidade:<\/p>\r\n<p>I - analisar, decidir e emitir sugest\u00f5es sobre assuntos que envolvam a\u00e7\u00f5es de extens\u00e3o;<\/p>\r\n<p>II - contribuir na elabora\u00e7\u00e3o e aplica\u00e7\u00e3o da Pol\u00edtica de Extens\u00e3o da Institui\u00e7\u00e3o;<\/p>\r\n<p>III - deliberar sobre a aplica\u00e7\u00e3o dos recursos do fundo de Incentivo \u00e0 Extens\u00e3o \u2014 FIEX;<\/p>\r\n<p>IV - definir as a\u00e7\u00f5es priorit\u00e1rias de extens\u00e3o, conforme as \u00e1reas tem\u00e1ticas; e<\/p>\r\n<p>V - deliberar sobre as a\u00e7\u00f5es a serem contempladas em editais, concursos, participa\u00e7\u00e3o em eventos e no Semin\u00e1rio de Extens\u00e3o Universit\u00e1ria da Regi\u00e3o Sul \u2014 SEURS.<\/p>\r\n<br>\r\n<p><b><div align=\"center\">CAP\u00cdTULO II<\/b><\/div><\/p>\r\n<p><b><div align=\"center\">DA ORGANIZA\u00c7\u00c3O<\/b><\/div><\/p>\r\n<br>\r\n<p>Art. 2\u00ba A C\u00e2mara de Extens\u00e3o tem a seguinte composi\u00e7\u00e3o:<\/p>\r\n<p>I - Presidente: Pr\u00f3-Reitor de Extens\u00e3o;<\/p>\r\n<p>II - Vice-Presidente: Pr\u00f3-Reitor Adjunto de Extens\u00e3o; e<\/p>\r\n<p>III - Membros:<\/p>\r\n<p>a) um representante de cada Unidade Universit\u00e1ria, podendo ser um docente ou um servidor t\u00e9cnico-administrativo, ou seus respectivos suplentes, em indica\u00e7\u00e3o a ser feita pelas respectivas comiss\u00f5es de extens\u00e3o dos centros;<\/p> \r\n<p>b) um representante docente da Coordenadoria de Ensino M\u00e9dio ou seu suplente, indicado pelo Coordenador do Ensino M\u00e9dio;<\/p> \r\n<p>c) um representante do Hospital Universit\u00e1rio - HUSM, podendo ser um docente ou um servidor t\u00e9cnico-administrativo, ou seus respectivos suplentes, indicados pela Dire\u00e7\u00e3o Geral; e,<\/p>\r\n<p>d) um representante do Diret\u00f3rio Central dos Estudantes - DCE ou seu suplente, indicado pela Coordena\u00e7\u00e3o do DCE.<\/p>\r\n<p>\u00a7 1\u00ba Os representantes docentes de que tratam as al\u00edneas de a at\u00e9 c, exercer\u00e3o seus mandatos na C\u00e2mara de Extens\u00e3o de acordo com o per\u00edodo correspondente ao seu exerc\u00edcio na Comiss\u00e3o de Extens\u00e3o de cada Unidade Universit\u00e1ria.<\/p>\r\n<p>\u00a7 2\u00ba Os representantes t\u00e9cnico-administrativos exercer\u00e3o seus mandatos pelo tempo determinado pelas dire\u00e7\u00f5es das Unidades Universit\u00e1rias.<\/p>\r\n<p>\u00a7 3\u00ba O representante estudantil exercer\u00e1 seu mandato pelo tempo definido pela coordena\u00e7\u00e3o do DCE, durante a vig\u00eancia do mandato da mesma.<\/p>\r\n<p>\u00a7 4\u00ba Todos os membros da C\u00e2mara de Extens\u00e3o t\u00eam direito a voto.<\/p>\r\n<br>\r\n<p><b><div align=\"center\">CAP\u00cdTULO III<\/b><\/div><\/p>\r\n<p><b><div align=\"center\">DO FUNCIONAMENTO<\/b><\/div><\/p>\r\n<br>\r\n<p>Art. 3\u00ba A C\u00e2mara de Extens\u00e3o reunir-se-\u00e1 ordinariamente a cada dois meses e, extraordinariamente, quando se fizer necess\u00e1rio, para deliberar sobre as a\u00e7\u00f5es de extens\u00e3o que exijam encaminhamentos imediatos, por meio de convoca\u00e7\u00e3o individual, com anteced\u00eancia m\u00ednima de 48 horas ou por solicita\u00e7\u00e3o da maioria de seus membros.<\/p> \r\n<p>\u00a7 1\u00ba Da convoca\u00e7\u00e3o, feita via protocolo, dever\u00e1 constar a pauta a ser apreciada na reuni\u00e3o.<\/p>\r\n<p>\u00a7 2\u00ba As reuni\u00f5es ser\u00e3o realizadas com um quorum m\u00ednimo de 08 membros.<\/p> \r\n<p>\u00a7 3\u00ba A aus\u00eancia de qualquer membro dever\u00e1 ser justificada.<\/p>\r\n<p>\u00a7 4\u00ba Os membros da C\u00e2mara de Extens\u00e3o, quando convocados pelo seu presidente, dar\u00e3o prioridade de execu\u00e7\u00e3o \u00e0s atividades por ela desenvolvidas.<\/p>\r\n<p>\u00a7 5\u00ba Para o desenvolvimento das atividades administrativas, a C\u00e2mara de Extens\u00e3o contar\u00e1 com o apoio de uma secretaria, constitu\u00edda por um assistente administrativo lotado na Pr\u00f3-Reitoria de Extens\u00e3o, que exercer\u00e1 a fun\u00e7\u00e3o de secret\u00e1rio, sem direito de voto.<\/p>\r\n<p>\u00a7 6\u00ba S\u00e3o atribui\u00e7\u00f5es do secret\u00e1rio:<\/p>\r\n<p>I - auxilia o presidente na elabora\u00e7\u00e3o da agenda de trabalho;<\/p>\r\n<p>II - secretariar e elaborar as atas das reuni\u00f5es;<\/p>\r\n<p>III - divulgar com anteced\u00eancia as reuni\u00f5es e convoca\u00e7\u00f5es;<\/p>\r\n<p>IV - prestar acess\u00f3ria t\u00e9cnico-administrativa;<\/p>\r\n<p>V - organizar, preservar e manter os arquivos da C\u00e2mara de extens\u00e3o;<\/p>\r\n<p>VI - receber e expedir a correspond\u00eancia da C\u00e2mara de Extens\u00e3o; e,<\/p>\r\n<p>VII - desempenhar outras atividades que lhe sejam delegadas ou atribu\u00eddas pelo presidente. <\/p>\r\n<br>\r\n<p><b><div align=\"center\">CAP\u00cdTULO IV<\/b><\/div><\/p>\r\n<p><b><div align=\"center\">DAS ATRIBUI\u00c7\u00d5ES DOS MEMBROS DA C\u00c2MARA DE EXTENS\u00c3O<\/b><\/div><\/p>\r\n<br>\r\n<p>Art. 4\u00ba S\u00e3o atribui\u00e7\u00f5es do presidente:<\/p>\r\n<p>I - convocar e presidir reuni\u00f5es ordin\u00e1rias e extraordin\u00e1rias;<\/p>\r\n<p>II - representar a C\u00e2mara de Extens\u00e3o ou designar quem o fa\u00e7a;<\/p>\r\n<p>III - convocar o Pr\u00f3-Reitor de Extens\u00e3o Adjunto para substitu\u00ed-lo em suas aus\u00eancias ou impedimentos;<\/p>\r\n<p>IV - encaminhar as decis\u00f5es da C\u00e2mara de Extens\u00e3o;<\/p>\r\n<p>V - adotar as demais medidas necess\u00e1rias ao bom andamento dos trabalhos da C\u00e2mara de Extens\u00e3o;<\/p>\r\n<p>VI - buscar a execu\u00e7\u00e3o das decis\u00f5es tomadas pelas C\u00e2maras de Extens\u00e3o;<\/p>\r\n<p>VII - tratar sobre demais assuntos administrativos internos da C\u00e2mara de Extens\u00e3o; e<\/p> \r\n<p>VIII - mobilizar recursos humanos, t\u00e9cnicos e materiais necess\u00e1rios ao desempenho das atividades de C\u00e2mara de Extens\u00e3o.<\/p> \r\n<p>Art. 5\u00ba S\u00e3o atribui\u00e7\u00f5es do vice-presidente:<\/p>\r\n<p>I - substituir o presidente;<\/p>\r\n<p>II - participar das reuni\u00f5es; e<\/p>\r\n<p>III - assessorar o presidente.<\/p>\r\n<p>Art. 6\u00ba S\u00e3o atribui\u00e7\u00f5es dos membros da C\u00e2mara de Extens\u00e3o:<\/p> \r\n<p>I - examinar os assuntos que devem ser objeto de aprecia\u00e7\u00e3o por parte da C\u00e2mara e emitir parecer a respeito;<\/p>\r\n<p>II - atuar, como inst\u00e2ncia consultiva, na defini\u00e7\u00e3o institucional das a\u00e7\u00f5es de extens\u00e3o, coordenados pela Pr\u00f3-Reitoria de Extens\u00e3o, contempladas na Pol\u00edtica de Extens\u00e3o ou implementados ao longo de sua vig\u00eancia;<\/p>\r\n<p>III - supervisionar a aplica\u00e7\u00e3o dos fundos a serem institu\u00eddos no \u00e2mbito da execu\u00e7\u00e3o or\u00e7ament\u00e1ria, quando for o caso;<\/p>\r\n<p>IV - analisar e deliberar sobre a Pol\u00edtica de Extens\u00e3o da UFSM;<\/p>\r\n<p>V - assessorar a Pr\u00f3-Reitoria de Extens\u00e3o nas quest\u00f5es relativas a sua Unidade Universit\u00e1ria;<\/p>\r\n<p>VI - propor o exame de assuntos de interesse da extens\u00e3o universit\u00e1ria; e<\/p>\r\n<p>VII - requerer ao presidente a convoca\u00e7\u00e3o de reuni\u00e3o extraordin\u00e1ria, quando se fizer necess\u00e1rio.<\/p> \r\n<br>\r\n<p><b><div align=\"center\">CAP\u00cdTULO V<\/b><\/div><\/p>\r\n<p><b><div align=\"center\">DAS DISPOSI\u00c7\u00d5ES GERAIS<\/b><\/div><\/p>\r\n<br>\r\n<p>Art. 7\u00ba Os casos omissos e d\u00favidas surgidas na aplica\u00e7\u00e3o do presente Regimento Interno ser\u00e3o solucionadas pelo Plen\u00e1rio da C\u00e2mara de Extens\u00e3o e, na eventualidade, pelo presidente da C\u00e2mara de Extens\u00e3o, por meio de add referendum, este submetido posteriormente \u00e0 homologa\u00e7\u00e3o da C\u00e2mara e, na impossibilidade de solu\u00e7\u00e3o neste n\u00edvel de autoridade, estes ser\u00e3o encaminhados ao Conselho de Ensino, Pesquisa e Extens\u00e3o.<\/p>\r\n<br>\r\n<br>\r\n<\/div>\r\n<\/strike>\r\n<p><font color=\"red0000\">Este texto n\u00e3o substitui o documento original, publicado no Portal de Documentos.<\/font> Dispon\u00edvel em: <a href=\"https:\/\/portal.ufsm.br\/documentos\/publico\/documento.html?id=13268875\"><font color=\"blue\">https:\/\/portal.ufsm.br\/documentos\/publico\/documento.html?id=13268875<\/font><\/a>\r\n\r\n\t\t<\/div>\n\t\t\t\t<\/div>\n\t\t\t\t\t<\/div>\n\t\t<\/div>\n\t\t\t\t\t<\/div>\n\t\t<\/section>\n\t\t\t\t<\/div>\n\t\t","protected":false},"excerpt":{"rendered":"<p>REGIMENTO INTERNO DA C\u00c2MARA DE EXTENS\u00c3O MINIST\u00c9RIO DA EDUCA\u00c7\u00c3O UNIVERSIDADE FEDERAL DE SANTA MARIA REGIMENTO INTERNO DA C\u00c2MARA DE EXTENS\u00c3O Aprovado pelos Pareceres 065\/08 e 016\/08 do CEPE Revogada pela Resolu\u00e7\u00e3o N. 006\/2019 CAP\u00cdTULO I DA NATUREZA E FINALIDADE Art. 1\u00ba A C\u00e2mara de Extens\u00e3o, constitu\u00edda na forma de Comiss\u00e3o deliberativa e consultiva, est\u00e1 vinculada [&hellip;]<\/p>\n","protected":false},"author":205,"featured_media":0,"parent":0,"menu_order":0,"comment_status":"closed","ping_status":"closed","template":"","meta":{"footnotes":""},"categories":[],"tags":[],"class_list":["post-4103","page","type-page","status-publish","hentry"],"acf":[],"_links":{"self":[{"href":"https:\/\/www.ufsm.br\/pro-reitorias\/proplan\/wp-json\/wp\/v2\/pages\/4103","targetHints":{"allow":["GET"]}}],"collection":[{"href":"https:\/\/www.ufsm.br\/pro-reitorias\/proplan\/wp-json\/wp\/v2\/pages"}],"about":[{"href":"https:\/\/www.ufsm.br\/pro-reitorias\/proplan\/wp-json\/wp\/v2\/types\/page"}],"author":[{"embeddable":true,"href":"https:\/\/www.ufsm.br\/pro-reitorias\/proplan\/wp-json\/wp\/v2\/users\/205"}],"replies":[{"embeddable":true,"href":"https:\/\/www.ufsm.br\/pro-reitorias\/proplan\/wp-json\/wp\/v2\/comments?post=4103"}],"version-history":[{"count":0,"href":"https:\/\/www.ufsm.br\/pro-reitorias\/proplan\/wp-json\/wp\/v2\/pages\/4103\/revisions"}],"wp:attachment":[{"href":"https:\/\/www.ufsm.br\/pro-reitorias\/proplan\/wp-json\/wp\/v2\/media?parent=4103"}],"wp:term":[{"taxonomy":"category","embeddable":true,"href":"https:\/\/www.ufsm.br\/pro-reitorias\/proplan\/wp-json\/wp\/v2\/categories?post=4103"},{"taxonomy":"post_tag","embeddable":true,"href":"https:\/\/www.ufsm.br\/pro-reitorias\/proplan\/wp-json\/wp\/v2\/tags?post=4103"}],"curies":[{"name":"wp","href":"https:\/\/api.w.org\/{rel}","templated":true}]}}