{"id":4183,"date":"2020-12-18T15:37:37","date_gmt":"2020-12-18T18:37:37","guid":{"rendered":"https:\/\/www.ufsm.br\/pro-reitorias\/proplan\/?page_id=4183"},"modified":"2023-10-02T14:21:32","modified_gmt":"2023-10-02T17:21:32","slug":"resolucao-n-036-2020-anexo-iii","status":"publish","type":"page","link":"https:\/\/www.ufsm.br\/pro-reitorias\/proplan\/resolucao-n-036-2020-anexo-iii","title":{"rendered":"Resolu\u00e7\u00e3o N. 036\/2020-Anexo III"},"content":{"rendered":"\t\t<div data-elementor-type=\"wp-page\" data-elementor-id=\"4183\" class=\"elementor elementor-4183\">\n\t\t\t\t\t\t<section class=\"elementor-section elementor-top-section elementor-element elementor-element-e62db69 elementor-section-boxed elementor-section-height-default elementor-section-height-default\" data-id=\"e62db69\" data-element_type=\"section\">\n\t\t\t\t\t\t<div class=\"elementor-container elementor-column-gap-default\">\n\t\t\t\t\t<div class=\"elementor-column elementor-col-100 elementor-top-column elementor-element elementor-element-7b096fc\" data-id=\"7b096fc\" data-element_type=\"column\">\n\t\t\t<div class=\"elementor-widget-wrap elementor-element-populated\">\n\t\t\t\t\t\t<div class=\"elementor-element elementor-element-48ee21a elementor-widget elementor-widget-html\" data-id=\"48ee21a\" data-element_type=\"widget\" data-widget_type=\"html.default\">\n\t\t\t\t<div class=\"elementor-widget-container\">\n\t\t\t\r\n\r\n\r\n<title><b>RESOLU\u00c7\u00c3O N. 036\/2020-ANEXO III<\/b><\/title>\r\n\r\n\r\n<div align=\"center\"><img decoding=\"async\" src=\"https:\/\/www.ufsm.br\/pro-reitorias\/proplan\/wp-content\/uploads\/sites\/344\/2019\/09\/brasao-da-republica-do-brasil-logo.png\" alt=\"Bras\u00e3o Rep\u00fablica Federativa do Brasil\" width=\"6%\" height=\"6%\"><\/div>    \r\n<h1><font color=\"blue\"><font size=\"5\"><div align=\"center\">MINIST\u00c9RIO DA EDUCA\u00c7\u00c3O<\/b><\/font><\/font><\/div><\/H1>\r\n<p><b><font color=\"0000blue\"><div align=\"center\">UNIVERSIDADE FEDERAL DE SANTA MARIA<\/b><\/font><\/div><\/p>\r\n<p><div align=\"center\"><b><a href=\"https:\/\/portal.ufsm.br\/documentos\/publico\/documento.html?id=13332946\" target=\"_blank\"><font color=\"blue\">ANEXO III DA RESOLU\u00c7\u00c3O UFSM N. 036, DE 14 DE DEZEMBRO DE 2020<\/font><\/a><\/b><\/div><\/p>\r\n<br>\r\n<p><div align=\"right\"><font color=\"800000\"><s>TERMO DE CI\u00caNCIA \u2013 EMPREGADOR \u2013 P\u00d3S-DOUTORADO<\/s><\/font><\/div><\/p>\r\n<br>\r\n<p><a href=\"https:\/\/www.ufsm.br\/pro-reitorias\/proplan\/resolucao-ufsm-n-139-2023\" target=\"_blank\"><font color=\"blue\">Revogado pela Resolu\u00e7\u00e3o UFSM N\u00b0 139\/2023<\/font><\/a><\/p>\r\n<br><div align=\"justify\">\r\n<p><s>(Empresa\/Institui\u00e7\u00e3o)__________________________________________________, inscrita no CNPJ sob n\u00ba ___________________________________________________________, com sede \u00e0 ________________________________________________________________, representada por ____________________________________, portador CI ____________________, inscrito no CPF n\u00b0 __________________________________________________________________, domiciliado \u00e0 _____________________________________________________________, declara estar ciente e concordar com a participa\u00e7\u00e3o do(a) ________________________________________ no Programa de P\u00f3s-Doutorado da UFSM, pelo per\u00edodo de no m\u00ednimo 20 (vinte) h semanais, durante ________ semestre(s), cumprindo o hor\u00e1rio de dedica\u00e7\u00e3o \u00e0 pesquisa estabelecido no cronograma do Projeto de Pesquisa e aprovado no Colegiado do Programa de P\u00f3s-gradua\u00e7\u00e3o em _______________________________ da Universidade Federal de Santa Maria - RS.<\/p>\r\n<br>\t\t\r\n<p>Declara, ainda, estar ciente das regras do Programa de P\u00f3s-Doutorado e que eventual propriedade intelectual gerada no \u00e2mbito da pesquisa ser\u00e1 exclusiva da Universidade Federal de Santa Maria, ou conforme conv\u00eanio ou acordo espec\u00edfico firmado entre as partes.<\/p>\r\n<br>\r\n<br><div align=\"right\">Santa Maria, ________________________________________.<\/div><\/p>\r\n\t\r\n<br>\r\n<p><div align=\"center\">__________________________________________________________ <\/div><\/p>\r\n<p><div align=\"center\">Representante Legal (Empresa Institui\u00e7\u00e3o) <\/div><\/p>\r\n\t\r\n<br>\r\n<p><div align=\"center\">___________________________________________________________ <\/div><\/p>\r\n<p><div align=\"center\">P\u00f3s-doutorando  <\/div><\/p>\r\n\t\r\n<br>\t\r\n<p><div align=\"center\">___________________________________________________________ <\/div><\/p>\r\n<p><div align=\"center\">Supervisor do P\u00f3s-doutorando <\/s><\/div><\/p>\r\n\r\n<br>\r\n<br>\r\n<p><font color=\"red0000\">Este texto n\u00e3o substitui o documento original, publicado no Portal de Documentos em 18 de dezembro de 2020.<\/font> Dispon\u00edvel em: <a href=\"https:\/\/portal.ufsm.br\/documentos\/publico\/documento.html?id=13332946\"><font color=\"blue\">https:\/\/portal.ufsm.br\/documentos\/publico\/documento.html?id=13332946<\/font><\/a>\r\n\r\n\t\t<\/div>\n\t\t\t\t<\/div>\n\t\t\t\t\t<\/div>\n\t\t<\/div>\n\t\t\t\t\t<\/div>\n\t\t<\/section>\n\t\t\t\t<\/div>\n\t\t","protected":false},"excerpt":{"rendered":"<p>RESOLU\u00c7\u00c3O N. 036\/2020-ANEXO III MINIST\u00c9RIO DA EDUCA\u00c7\u00c3O UNIVERSIDADE FEDERAL DE SANTA MARIA ANEXO III DA RESOLU\u00c7\u00c3O UFSM N. 036, DE 14 DE DEZEMBRO DE 2020 TERMO DE CI\u00caNCIA \u2013 EMPREGADOR \u2013 P\u00d3S-DOUTORADO Revogado pela Resolu\u00e7\u00e3o UFSM N\u00b0 139\/2023 (Empresa\/Institui\u00e7\u00e3o)__________________________________________________, inscrita no CNPJ sob n\u00ba ___________________________________________________________, com sede \u00e0 ________________________________________________________________, representada por ____________________________________, portador CI ____________________, [&hellip;]<\/p>\n","protected":false},"author":205,"featured_media":0,"parent":0,"menu_order":0,"comment_status":"closed","ping_status":"closed","template":"","meta":{"footnotes":""},"categories":[],"tags":[],"class_list":["post-4183","page","type-page","status-publish","hentry"],"acf":[],"_links":{"self":[{"href":"https:\/\/www.ufsm.br\/pro-reitorias\/proplan\/wp-json\/wp\/v2\/pages\/4183","targetHints":{"allow":["GET"]}}],"collection":[{"href":"https:\/\/www.ufsm.br\/pro-reitorias\/proplan\/wp-json\/wp\/v2\/pages"}],"about":[{"href":"https:\/\/www.ufsm.br\/pro-reitorias\/proplan\/wp-json\/wp\/v2\/types\/page"}],"author":[{"embeddable":true,"href":"https:\/\/www.ufsm.br\/pro-reitorias\/proplan\/wp-json\/wp\/v2\/users\/205"}],"replies":[{"embeddable":true,"href":"https:\/\/www.ufsm.br\/pro-reitorias\/proplan\/wp-json\/wp\/v2\/comments?post=4183"}],"version-history":[{"count":0,"href":"https:\/\/www.ufsm.br\/pro-reitorias\/proplan\/wp-json\/wp\/v2\/pages\/4183\/revisions"}],"wp:attachment":[{"href":"https:\/\/www.ufsm.br\/pro-reitorias\/proplan\/wp-json\/wp\/v2\/media?parent=4183"}],"wp:term":[{"taxonomy":"category","embeddable":true,"href":"https:\/\/www.ufsm.br\/pro-reitorias\/proplan\/wp-json\/wp\/v2\/categories?post=4183"},{"taxonomy":"post_tag","embeddable":true,"href":"https:\/\/www.ufsm.br\/pro-reitorias\/proplan\/wp-json\/wp\/v2\/tags?post=4183"}],"curies":[{"name":"wp","href":"https:\/\/api.w.org\/{rel}","templated":true}]}}