{"id":4187,"date":"2021-01-04T08:10:30","date_gmt":"2021-01-04T11:10:30","guid":{"rendered":"https:\/\/www.ufsm.br\/pro-reitorias\/proplan\/?page_id=4187"},"modified":"2024-01-03T08:14:44","modified_gmt":"2024-01-03T11:14:44","slug":"portaria-normativa-n-008-2020","status":"publish","type":"page","link":"https:\/\/www.ufsm.br\/pro-reitorias\/proplan\/portaria-normativa-n-008-2020","title":{"rendered":"Portaria Normativa N. 008\/2020"},"content":{"rendered":"\t\t<div data-elementor-type=\"wp-page\" data-elementor-id=\"4187\" class=\"elementor elementor-4187\">\n\t\t\t\t\t\t<section class=\"elementor-section elementor-top-section elementor-element elementor-element-d745079 elementor-section-boxed elementor-section-height-default elementor-section-height-default\" data-id=\"d745079\" data-element_type=\"section\">\n\t\t\t\t\t\t<div class=\"elementor-container elementor-column-gap-default\">\n\t\t\t\t\t<div class=\"elementor-column elementor-col-100 elementor-top-column elementor-element elementor-element-053086c\" data-id=\"053086c\" data-element_type=\"column\">\n\t\t\t<div class=\"elementor-widget-wrap elementor-element-populated\">\n\t\t\t\t\t\t<div class=\"elementor-element elementor-element-bc3282d elementor-widget elementor-widget-html\" data-id=\"bc3282d\" data-element_type=\"widget\" data-widget_type=\"html.default\">\n\t\t\t\t<div class=\"elementor-widget-container\">\n\t\t\t\ufeff\r\n\r\n\r\n<title><b>PORTARIA NORMATIVA UFSM N. 008\/2020<\/b><\/title>\r\n\r\n\r\n<div align=\"center\"><img decoding=\"async\" src=\"https:\/\/www.ufsm.br\/pro-reitorias\/proplan\/wp-content\/uploads\/sites\/344\/2019\/09\/brasao-da-republica-do-brasil-logo.png\" alt=\"Bras\u00e3o Rep\u00fablica Federativa do Brasil\" width=\"6%\" height=\"6%\"><\/div>\r\n<h1><font color=\"blue\"><font size=\"5\"><div align=\"center\">MINIST\u00c9RIO DA EDUCA\u00c7\u00c3O<\/b><\/font><\/font><\/div><\/H1>\r\n<p><b><font color=\"0000blue\"><div align=\"center\">UNIVERSIDADE FEDERAL DE SANTA MARIA<\/b><\/font><\/div><\/p>\r\n<p><div align=\"center\"><b><a href=\"https:\/\/portal.ufsm.br\/documentos\/publico\/documento.html?id=13346515\" target=\"_blank\"><font color=\"blue\">PORTARIA NORMATIVA UFSM N. 008, DE 18 DE DEZEMBRO DE 2020<\/font><\/a><\/b><\/div><\/p>\r\n<br>\r\n<br>\r\n<s>\r\n<p><div align=\"right\"><font color=\"800000\">Aprova a cria\u00e7\u00e3o do \u00f3rg\u00e3o colegiado tempor\u00e1rio- denominado \u201cCentro de Opera\u00e7\u00f5es de Emerg\u00eancia em Sa\u00fade P\u00fablica \u2013 COVID 19 \u2013 UFSM (COE-E UFSM)\u201dvinculado ao Gabinete do Reitor, na estrutura organizacional da Universidade Federal de Santa Maria (UFSM). <\/font><\/div><\/p>\r\n\r\n<p>Alterada pelas Portarias Normativas UFSM <a href=\"https:\/\/www.ufsm.br\/pro-reitorias\/proplan\/portaria-normativa-ufsm-n-011-2021\/\" target=\"_blank\"><font color=\"blue\"> N.011\/2021<\/a><\/font>; <a href=\"https:\/\/www.ufsm.br\/pro-reitorias\/proplan\/portaria-normativa-ufsm-n-034-2021\" target=\"_blank\"><font color=\"blue\">N.034\/2021<\/a><\/font>; <a href=\"https:\/\/www.ufsm.br\/pro-reitorias\/proplan?page_id=4860\" target=\"_blank\"><font color=\"blue\">N.045\/2021<\/a><\/font> e <a href=\"https:\/\/www.ufsm.br\/pro-reitorias\/proplan\/?page_id=5044\" target=\"_blank\"><font color=\"blue\"><u>Revogada pela Resolu\u00e7\u00e3o UFSM N. 100\/2022<\/u><\/font><\/a>\r\n\r\n<br>\r\n<br><div align=\"justify\">\r\n<p>O REITOR DA UNIVERSIDADE FEDERAL DE SANTA MARIA, no uso de suas atribui\u00e7\u00f5es legais e estatut\u00e1rias, e tendo em vista:<\/p>\r\n<p>\u2013 o Art. 56 da <a href=\"http:\/\/www.planalto.gov.br\/ccivil_03\/leis\/l9394.htm\" target=\"_blank\"><font color=\"blue\"><u>Lei N. 9.394, de 20 de dezembro de 1996<\/u><\/font><\/a>, que estabelece as diretrizes e bases da educa\u00e7\u00e3o nacional;<\/p>\r\n<p>\u2013 o <a href=\"http:\/\/www.planalto.gov.br\/ccivil_03\/_ato2015-2018\/2017\/decreto\/D9191.htm\" target=\"_blank\"><font color=\"blue\"><u>Decreto N. 9.191, de 1\u00b0 de novembro de 2017<\/u><\/font><\/a>, que estabelece as normas e as diretrizes para elabora\u00e7\u00e3o, reda\u00e7\u00e3o, altera\u00e7\u00e3o, consolida\u00e7\u00e3o e encaminhamento de propostas de atos normativos ao Presidente da Rep\u00fablica pelos Ministros de Estado;<\/p>\r\n<p>\u2013 o <a href=\"http:\/\/www.planalto.gov.br\/ccivil_03\/_ato2019-2022\/2019\/decreto\/D9759.htm\" target=\"_blank\"><font color=\"blue\"><u>Decreto N. 9.759, de 11 de abril de 2019<\/u><\/font><\/a>, que extingue e estabelece diretrizes, regras e limita\u00e7\u00f5es para colegiados da administra\u00e7\u00e3o p\u00fablica federal; e,<\/p>\r\n<p>\u2013 <a href=\"http:\/\/portal.mec.gov.br\/index.php?option=com_docman&amp;view=download&amp;alias=145011-pcp005-20&amp;category_slug=marco-2020-pdf&amp;Itemid=30192\" target=\"_blank\"><font color=\"blue\"><u>Parecer N. 5 de 2020, do Conselho Nacional de Educa\u00e7\u00e3o<\/u><\/font><\/a>;<\/p>\r\n<p>\u2013 a <a href=\"https:\/\/www.in.gov.br\/en\/web\/dou\/-\/medida-provisoria-n-934-de-1-de-abril-de-2020-250710591\" target=\"_blank\"><font color=\"blue\"><u>Medida Provis\u00f3ria N.934, de 1 de abril de 2020<\/u><\/font><\/a>, transformada na <a href=\"http:\/\/www.planalto.gov.br\/ccivil_03\/_ato2019-2022\/2020\/lei\/L14040.htm\" target=\"_blank\"><font color=\"blue\"><u>Lei N. 14.040, de 18 de agosto de 2020<\/u><\/font><\/a>.<\/p>\r\n<p>\u2013 a <a href=\"https:\/\/www.in.gov.br\/en\/web\/dou\/-\/portaria-n-544-de-16-de-junho-de-2020-261924872\" target=\"_blank\"><font color=\"blue\"><u>Portaria MEC N. 544, de 16 de junho de 2020<\/u><\/font><\/a>,<\/p>\r\n<p>\u2013 a <a href=\"https:\/\/www.in.gov.br\/en\/web\/dou\/-\/portaria-conjunta-n-20-de-18-de-junho-de-2020-262408085#\" target=\"_blank\"><font color=\"blue\"><u>Portaria Conjunta ME\/MS N. 20, de 18 de junho de 2020<\/u><\/font><\/a>,<\/p>\r\n<p>\u2013 a <a href=\"https:\/\/www.legisweb.com.br\/legislacao\/?id=396530\" target=\"_blank\"><font color=\"blue\"><u>Portaria Conjunta SES\/SEDUC\/RS N. 1 de 2020<\/u><\/font><\/a>, que tem a principal fun\u00e7\u00e3o elaborar o Plano de Conting\u00eancia para Preven\u00e7\u00e3o, Monitoramento e Controle do Novo Coronav\u00edrus para as medidas de controle no \u00e2mbito da Institui\u00e7\u00e3o de Ensino.<\/p>\r\n<p>\u2013 o que consta no Processo N. <a href=\"https:\/\/portal.ufsm.br\/documentos\/publico\/processo\/documento.html?idDocumento=13326795\" target=\"_blank\"><font color=\"blue\"><u>23081.062029\/2020-80<\/u><\/font><\/a>.<\/p>\r\n<br>\r\n<p>RESOLVE:<\/p>\r\n<br>\r\n<p>Art. 1\u00ba Aprovar a cria\u00e7\u00e3o do \u00f3rg\u00e3o colegiado denominado \u201cCentro de Opera\u00e7\u00f5es de Emerg\u00eancia em Sa\u00fade P\u00fablica \u2013 COVID 19 \u2013 UFSM (COE-E UFSM) vinculado ao Gabinete do Reitor, na estrutura organizacional da Universidade Federal de Santa Maria (UFSM).<\/p>\r\n<br>\r\n<p>CAP\u00cdTULO I<\/p>\r\n<p>DAS COMPET\u00caNCIAS<\/p>\r\n<br>\r\n<p>Art.   2\u00ba Caber\u00e1 ao COE-E UFSM, \u00f3rg\u00e3o consultivo vinculado ao Gabinete do Reitor:<\/p>\r\n<p>I - elaborar o Plano de Conting\u00eancia para Preven\u00e7\u00e3o, Monitoramento e Controle do Novo Coronav\u00edrus \u2013 COVID-19, bem como articular junto ao COE Municipal as medidas de controle no \u00e2mbito da Institui\u00e7\u00e3o de Ensino; <\/p>\r\n<p>II - informar e capacitar a comunidade escolar ou acad\u00eamica sobre os cuidados a serem adotados por ocasi\u00e3o do novo coronav\u00edrus \u2013 COVID-19; <\/p>\r\n<p>III - organizar a implementa\u00e7\u00e3o dos protocolos de retomada das aulas presenciais na perspectiva da pol\u00edtica de distanciamento controlado; <\/p>\r\n<p>IV - manter a rotina de monitoramento dos protocolos, garantida a execu\u00e7\u00e3o di\u00e1ria dos mesmos; <\/p>\r\n<p>V \u2013 manter informado o COE Municipal sobre casos suspeitos ou confirmados de COVID-19 no \u00e2mbito da Institui\u00e7\u00e3o de Ensino e solicitar informa\u00e7\u00f5es sobre os encaminhamentos necess\u00e1rios; <\/p>\r\n<p>VI - analisar o hist\u00f3rico e a evolu\u00e7\u00e3o dos casos suspeitos ou confirmados de COVID-19 no \u00e2mbito da Institui\u00e7\u00e3o de Ensino, de forma a subsidiar as tomadas de decis\u00f5es do COE Municipal e Regional; <\/p>\r\n<p>VII - planejar a\u00e7\u00f5es, definir atores e determinar a ado\u00e7\u00e3o de medidas para mitigar amea\u00e7as e restabelecer a normalidade da situa\u00e7\u00e3o na Institui\u00e7\u00e3o de Ensino; e,<\/p>\r\n<p>VIII - agregar outros componentes para auxiliar na execu\u00e7\u00e3o de suas atribui\u00e7\u00f5es, sempre que necess\u00e1rio. <\/p>\r\n\r\n<p>Art.3\u00ba Compete ao presidente da Comiss\u00e3o:<\/p>\r\n<p>I - dirigir, coordenar e supervisionar as atividades da comiss\u00e3o;<\/p>\r\n<p>II - promover a convoca\u00e7\u00e3o das reuni\u00f5es;<\/p>\r\n<p>III - presidir as reuni\u00f5es;<\/p>\r\n<p>IV - proporcionar as discuss\u00f5es e vota\u00e7\u00f5es e, quando for o caso, exercer o direito de voto de desempate;<\/p>\r\n<p>V - indicar membros para realiza\u00e7\u00e3o de estudos, levantamentos e emiss\u00e3o de pareceres necess\u00e1rios \u00e0 consecu\u00e7\u00e3o da finalidade da comiss\u00e3o;<\/p>\r\n<p>VI - deliberar ad referendum da comiss\u00e3o, nos casos de urg\u00eancia;<\/p>\r\n<p>VII - convidar a participar das reuni\u00f5es e debates, consultada a Comiss\u00e3o, sem direito a voto, pessoas que possam contribuir para a discuss\u00e3o dos assuntos tratados; e,<\/p>\r\n<p>VIII - zelar pelo cumprimento das normas desta portaria.<\/p>\r\n\r\n<p>Art. 4\u00ba: Compete aos membros da Comiss\u00e3o:<\/p>\r\n<p>I - desempenhar as atribui\u00e7\u00f5es designadas pelo Presidente;<\/p>\r\n<p>II - estudar e relatar, nos prazos estabelecidos, as mat\u00e9rias que lhes forem atribu\u00eddas pelo presidente;<\/p>\r\n<p>III - participar das reuni\u00f5es proferindo voto ou pareceres e manifestando-se a respeito das mat\u00e9rias em discuss\u00e3o; e,<\/p>\r\n<p>IV - submeter pleitos e assuntos para a pauta.<\/p>\r\n<br>\r\n<p>CAP\u00cdTULO II<\/p>\r\n<p>DA COMPOSI\u00c7\u00c3O E AUTORIDADE<\/p>\r\n<br>\r\n<p><s>Art. 5\u00ba O COE-UFSM ser\u00e1 composto por 16 (dezesseis) membros, designados por portaria emitida pelo Reitor da UFSM.<\/s><a href=\"https:\/\/www.ufsm.br\/pro-reitorias\/proplan\/portaria-normativa-ufsm-n-011-2021\/\" target=\"_blank\"><font color=\"blue\"> (Reda\u00e7\u00e3o alterada pela Portaria Normativa UFSM N.011\/2021)<\/a><\/font><\/p>\r\n<p><s>Art. 5\u00ba O COE-UFSM ser\u00e1 composto por 20 (vinte) membros, designados por portaria emitida pelo Reitor da UFSM. <\/s><a href=\"https:\/\/www.ufsm.br\/pro-reitorias\/proplan\/portaria-normativa-ufsm-n-011-2021\/\" target=\"_blank\"><font color=\"blue\"> (Reda\u00e7\u00e3o dada pela Portaria Normativa UFSM N.011\/2021)<\/a><\/font> e <a href=\"https:\/\/www.ufsm.br\/pro-reitorias\/proplan\/portaria-normativa-ufsm-n-034-2021\" target=\"_blank\"><font color=\"blue\"> (Reda\u00e7\u00e3o alterada pela Portaria Normativa UFSM N.034\/2021)<\/a><\/font><\/p>\r\n<p><s>Art. 5\u00ba O COE-UFSM ser\u00e1 composto por 33 (trinta e tr\u00eas) membros, designados por portaria emitida pelo Reitor da UFSM<s>. <a href=\"https:\/\/www.ufsm.br\/pro-reitorias\/proplan\/portaria-normativa-ufsm-n-034-2021\" target=\"_blank\"><font color=\"blue\"> (Reda\u00e7\u00e3o dada pela Portaria Normativa UFSM N.034\/2021)<\/a><\/font> e <a href=\"https:\/\/www.ufsm.br\/pro-reitorias\/proplan?page_id=4860\" target=\"_blank\"><font color=\"blue\"> (Reda\u00e7\u00e3o alterada pela Portaria Normativa UFSM N.045\/2021)<\/a><\/font><\/p><\/p>\r\n<p>Art. 5\u00ba O COE-UFSM ser\u00e1 composto por 27 (vinte e sete) membros, designados por portaria emitida pelo Reitor da UFSM. <a href=\"https:\/\/www.ufsm.br\/pro-reitorias\/proplan?page_id=4860\" target=\"_blank\"><font color=\"blue\"> (Reda\u00e7\u00e3o dada pela Portaria Normativa UFSM N.045\/2021)<\/a><\/font><\/p>\r\n\r\n\r\n<p>\u00a7 1\u00ba Justifica-se o quantitativo tendo em vista a necessidade de conhecimentos multidisciplinares e o volume de demandas da \u00e1rea em quest\u00e3o.<\/p>\r\n<p>\u00a7 2\u00ba A comiss\u00e3o ser\u00e1 presidida pelo reitor da UFSM.<\/p>\r\n<p>\u00a7 3\u00ba Na aus\u00eancia do(a) presidente em uma reuni\u00e3o doCOE-E UFSM, a Presid\u00eancia ser\u00e1 exercida pelo Vice-Reitor.<\/p>\r\n<p>\u00a7 4\u00ba Os suplentes dos membros do COE-E UFSM ser\u00e3o os substitutos oficialmente designados via portaria do Reitor\/Diretor como seus substitutos nas respectivas \u00e1reas de atua\u00e7\u00e3o.<\/p>\r\n<p>\u00a7 5\u00ba  Os membros ter\u00e3o mandato de 1 (um) ano, podendo ser reconduzidos pelo mesmo per\u00edodo.<\/p>\r\n<p>\u00a7 6\u00ba Cada membro poder\u00e1 ser substitu\u00eddo em qualquer \u00e9poca, sempre que houver consenso da maioria, por meio de uma solicita\u00e7\u00e3o escrita do respectivo segmento de representa\u00e7\u00e3o, ou se o pr\u00f3prio representante assim o desejar.<\/p>\r\n<p>\u00a7 7\u00ba Os membros dos incisosser\u00e3o indicados pelo Gabinete do reitor, dentre servidores da UFSM com conhecimentos e atua\u00e7\u00e3o na \u00e1rea relacionada ao Comit\u00ea.<\/p>\r\n<br>\r\n<p>CAP\u00cdTULO III<\/p>\r\n<p>DO QU\u00d3RUM DE REUNI\u00c3O E DE VOTA\u00c7\u00c3O<\/p>\r\n<br>\r\n<p>Art. 6\u00ba as reuni\u00f5es acontecer\u00e3o com a presen\u00e7a m\u00ednima da maioria simples dos seus membros, considerando-se este n\u00famero legal para a delibera\u00e7\u00e3o e vota\u00e7\u00e3o.<\/p>\r\n<p>Par\u00e1grafo \u00fanico.  Quando da ocorr\u00eancia de empate na vota\u00e7\u00e3o, caber\u00e1 ao Presidente, o voto qualificado.<\/p>\r\n<p>Art. 7\u00ba As convoca\u00e7\u00f5es ser\u00e3o feitas atrav\u00e9s de correio eletr\u00f4nico pelo presidente, com anteced\u00eancia m\u00ednima de 24 (vinte e quatro horas), devendo constar da mesma, a Ordem do Dia.<\/p>\r\n<p>Art. 8\u00ba Havendo n\u00famero legal e declarada aberta a sess\u00e3o, proceder-se-\u00e1 a discuss\u00e3o e posterior realiza\u00e7\u00e3o dos pareceres que dever\u00e3o embasar os processos a serem analisados pelo \u00f3rg\u00e3o colegiado em quest\u00e3o.<\/p>\r\n<p>Par\u00e1grafo \u00fanico. N\u00e3o havendo qu\u00f3rum, os membros ser\u00e3o convocados para nova reuni\u00e3o 48 (quarenta e oito) horas depois, com a mesma pauta.<\/p>\r\n<br>\r\n<p>CAP\u00cdTULO IV<\/p>\r\n<p>DA PERIODICIDADE DAS REUNI\u00d5ES<\/p>\r\n<br>\r\n<p>Art.9\u00ba A comiss\u00e3o reunir-se-\u00e1, ordinariamente 1 (uma) vez por m\u00eas e extraordinariamente, sempre que convocada pelo presidente ou maioria de seus membros.<\/p>\r\n<p>Par\u00e1grafo \u00fanico.As reuni\u00f5es desta comiss\u00e3o preferencialmente ser\u00e3o realizadas por videoconfer\u00eancia e sem pagamento de di\u00e1rias e deslocamentos.<\/p>\r\n<br>\r\n<p>CAP\u00cdTULO V<\/p>\r\n<p>DO \u00d3RG\u00c3O DE APOIO ADMINISTRATIVO<\/p>\r\n<br>\r\n<p>Art. 10 Caber\u00e1 ao Gabinete do Reitor a responsabilidade de realizar apoio administrativo e demais encaminhamentos para o devido andamento dos trabalhos da referida comiss\u00e3o.<\/p>\r\n<br>\r\n<p>CAP\u00cdTULO VI<\/p>\r\n<p>DO TERMO DE CONCLUS\u00c3O DOS TRABALHOS<\/p>\r\n<br>\r\n<p>Art. 11 A referida comiss\u00e3o ter\u00e1 vig\u00eancia de 1 (um) ano, a contar da data de vig\u00eancia desta portaria.<\/p>\r\n<p>Art. 12 O COE-E UFSM, tornar\u00e1 p\u00fablica suas a\u00e7\u00f5es, reuni\u00f5es e materiais espec\u00edficos de sua \u00e1rea em s\u00edtio eletr\u00f4nico da UFSM, ressalvado o conte\u00fado sujeito a sigilo, n\u00e3o havendo necessidades de emitir relat\u00f3rios peri\u00f3dicos e anuais.<\/p>\r\n<br>\r\n<p>CAP\u00cdTULO VII<\/p>\r\n<p>DAS DISPOSI\u00c7\u00d5ES GERAIS E TRANSIT\u00d3RIAS<\/p>\r\n<br>\r\n<p>Art. 13 \u00c9 vedada a divulga\u00e7\u00e3o de discuss\u00f5es em curso sem a pr\u00e9via anu\u00eancia do presidente. <\/p>\r\n<p>Art. 14 A participa\u00e7\u00e3o dos membros deste \u00f3rg\u00e3o colegiadoser\u00e1 considerada presta\u00e7\u00e3o de servi\u00e7o p\u00fablico relevante, e n\u00e3o ser\u00e1 remunerada. <\/p>\r\n<p>Par\u00e1grafo \u00fanico. As atividades do colegiado e de seus membros n\u00e3o poder\u00e1 causar preju\u00edzo \u00e0 presta\u00e7\u00e3o do servi\u00e7o p\u00fablico pelo servidor membro do Colegiado.<\/p>\r\n<p>Art. 15 A cria\u00e7\u00e3o de subcolegiados por ato deste colegiado observar\u00e1 o seguinte: <\/p>\r\n<p>I - o n\u00famero m\u00e1ximo de seus membros ser\u00e1 de 07 (sete)pessoas; <\/p>\r\n<p>II \u2013 dever\u00e1 funcionar car\u00e1ter tempor\u00e1rio e dura\u00e7\u00e3o n\u00e3o superior a vig\u00eancia dessas portaria; e <\/p>\r\n<p>III \u2013 o n\u00famero m\u00e1ximo de subcolegiados que poder\u00e3o operar simultaneamente ser\u00e1 de 2 (dois). <\/p>\r\n<p>Par\u00e1grafo \u00fanico.  A mera necessidade de reuni\u00f5es eventuais para debate, articula\u00e7\u00e3o ou trabalho que envolva agentes p\u00fablicos da administra\u00e7\u00e3o p\u00fablica federal n\u00e3o ser\u00e1 admitida como fundamento para as propostas de que trata o caput.<\/p>\r\n<p>Art. 16 Esta Portaria entrou em vigor em 01 de dezembro de 2020, devido a urg\u00eancia justificada no expediente administrativo.<\/p>\r\n<p>Par\u00e1grafo \u00fanico. Havendo qualquer modifica\u00e7\u00e3o legislativa, ou ainda, havendo qualquer situa\u00e7\u00e3o legal que impacte na legalidade da presente Portaria, a mesma se aplica de imediato.<\/p><\/p>\r\n<br>\r\n<p>Paulo Afonso Burmann<\/p>\r\n<p>Reitor<\/p>\r\n<br>\r\n<\/s>\r\n<p><font color=\"red0000\">Este texto n\u00e3o substitui o documento original, publicado no Portal de Documentos em 31 de dezembro de 2020.<\/font> Dispon\u00edvel em: <a href=\"https:\/\/portal.ufsm.br\/documentos\/publico\/documento.html?id=13346515\" target=\"_blank\"><font color=\"blue\">https:\/\/portal.ufsm.br\/documentos\/publico\/documento.html?id=13346515<\/font><\/a>\r\n\r\n\r\n\t\t<\/div>\n\t\t\t\t<\/div>\n\t\t\t\t\t<\/div>\n\t\t<\/div>\n\t\t\t\t\t<\/div>\n\t\t<\/section>\n\t\t\t\t<\/div>\n\t\t","protected":false},"excerpt":{"rendered":"<p>\ufeff PORTARIA NORMATIVA UFSM N. 008\/2020 MINIST\u00c9RIO DA EDUCA\u00c7\u00c3O UNIVERSIDADE FEDERAL DE SANTA MARIA PORTARIA NORMATIVA UFSM N. 008, DE 18 DE DEZEMBRO DE 2020 Aprova a cria\u00e7\u00e3o do \u00f3rg\u00e3o colegiado tempor\u00e1rio- denominado \u201cCentro de Opera\u00e7\u00f5es de Emerg\u00eancia em Sa\u00fade P\u00fablica \u2013 COVID 19 \u2013 UFSM (COE-E UFSM)\u201dvinculado ao Gabinete do Reitor, na estrutura organizacional [&hellip;]<\/p>\n","protected":false},"author":205,"featured_media":0,"parent":0,"menu_order":0,"comment_status":"closed","ping_status":"closed","template":"","meta":{"footnotes":""},"categories":[],"tags":[],"class_list":["post-4187","page","type-page","status-publish","hentry"],"acf":[],"_links":{"self":[{"href":"https:\/\/www.ufsm.br\/pro-reitorias\/proplan\/wp-json\/wp\/v2\/pages\/4187","targetHints":{"allow":["GET"]}}],"collection":[{"href":"https:\/\/www.ufsm.br\/pro-reitorias\/proplan\/wp-json\/wp\/v2\/pages"}],"about":[{"href":"https:\/\/www.ufsm.br\/pro-reitorias\/proplan\/wp-json\/wp\/v2\/types\/page"}],"author":[{"embeddable":true,"href":"https:\/\/www.ufsm.br\/pro-reitorias\/proplan\/wp-json\/wp\/v2\/users\/205"}],"replies":[{"embeddable":true,"href":"https:\/\/www.ufsm.br\/pro-reitorias\/proplan\/wp-json\/wp\/v2\/comments?post=4187"}],"version-history":[{"count":0,"href":"https:\/\/www.ufsm.br\/pro-reitorias\/proplan\/wp-json\/wp\/v2\/pages\/4187\/revisions"}],"wp:attachment":[{"href":"https:\/\/www.ufsm.br\/pro-reitorias\/proplan\/wp-json\/wp\/v2\/media?parent=4187"}],"wp:term":[{"taxonomy":"category","embeddable":true,"href":"https:\/\/www.ufsm.br\/pro-reitorias\/proplan\/wp-json\/wp\/v2\/categories?post=4187"},{"taxonomy":"post_tag","embeddable":true,"href":"https:\/\/www.ufsm.br\/pro-reitorias\/proplan\/wp-json\/wp\/v2\/tags?post=4187"}],"curies":[{"name":"wp","href":"https:\/\/api.w.org\/{rel}","templated":true}]}}