{"id":4240,"date":"2021-01-19T16:03:00","date_gmt":"2021-01-19T19:03:00","guid":{"rendered":"https:\/\/www.ufsm.br\/pro-reitorias\/proplan\/?page_id=4240"},"modified":"2023-03-02T09:49:49","modified_gmt":"2023-03-02T12:49:49","slug":"portaria-normativa-ufsm-n-011-2021","status":"publish","type":"page","link":"https:\/\/www.ufsm.br\/pro-reitorias\/proplan\/portaria-normativa-ufsm-n-011-2021","title":{"rendered":"Portaria Normativa UFSM N. 011\/2021"},"content":{"rendered":"\t\t<div data-elementor-type=\"wp-page\" data-elementor-id=\"4240\" class=\"elementor elementor-4240\">\n\t\t\t\t\t\t<section class=\"elementor-section elementor-top-section elementor-element elementor-element-0eab728 elementor-section-boxed elementor-section-height-default elementor-section-height-default\" data-id=\"0eab728\" data-element_type=\"section\">\n\t\t\t\t\t\t<div class=\"elementor-container elementor-column-gap-default\">\n\t\t\t\t\t<div class=\"elementor-column elementor-col-100 elementor-top-column elementor-element elementor-element-460507a\" data-id=\"460507a\" data-element_type=\"column\">\n\t\t\t<div class=\"elementor-widget-wrap elementor-element-populated\">\n\t\t\t\t\t\t<div class=\"elementor-element elementor-element-a54431d elementor-widget elementor-widget-html\" data-id=\"a54431d\" data-element_type=\"widget\" data-widget_type=\"html.default\">\n\t\t\t\t<div class=\"elementor-widget-container\">\n\t\t\t\r\n\r\n\r\n<title><b>PORTARIA NORMATIVA UFSM N. 011\/2021<\/b><\/title>\r\n\r\n\r\n<div align=\"center\"><img decoding=\"async\" src=\"https:\/\/www.ufsm.br\/pro-reitorias\/proplan\/wp-content\/uploads\/sites\/344\/2019\/09\/brasao-da-republica-do-brasil-logo.png\" alt=\"Bras\u00e3o Rep\u00fablica Federativa do Brasil\" width=\"6%\" height=\"6%\"><\/div>\r\n<h1><font color=\"blue\"><font size=\"5\"><div align=\"center\">MINIST\u00c9RIO DA EDUCA\u00c7\u00c3O<\/b><\/font><\/font><\/div><\/H1>\r\n<p><b><font color=\"0000blue\"><div align=\"center\">UNIVERSIDADE FEDERAL DE SANTA MARIA<\/b><\/font><\/div><\/p>\r\n<p><div align=\"center\"><b><a href=\"https:\/\/portal.ufsm.br\/documentos\/publico\/documento.html?id=13367219\" target=\"_blank\"><font color=\"blue\">PORTARIA NORMATIVA UFSM N. 011, DE 18 DE JANEIRO DE 2021<\/font><\/a><\/b><\/div><\/p>\r\n<br>\r\n<p><div align=\"right\"><font color=\"800000\">Aprova a altera\u00e7\u00e3o do caput 5\u00ba da Portaria Normativa UFSM N. 008, de 18 de dezembro de 2020.<\/font><\/div><\/p>\r\n<p><a href=\"https:\/\/www.ufsm.br\/pro-reitorias\/proplan?page_id=5264\" target=\"_blank\"><font color=\"blue\">Revogada pela Resolu\u00e7\u00e3o UFSM N. 116\/2023<\/font><\/a><\/p>\r\n<br><div align=\"justify\">\r\n<s>\r\n<p>O REITOR DA UNIVERSIDADE FEDERAL DE SANTA MARIA, no uso de suas atribui\u00e7\u00f5es legais e estatut\u00e1rias, e tendo em vista:<\/p>\r\n<p>\u2013 o Art. 56 da <a href=\"http:\/\/www.planalto.gov.br\/ccivil_03\/leis\/l9394.htm\" target=\"_blank\"><font color=\"blue\">Lei N. 9.394, de 20 de dezembro de 1996<\/font><\/a>, que estabelece as diretrizes e bases da educa\u00e7\u00e3o nacional;<\/p>\r\n<p>\u2013 o<a href=\"http:\/\/www.planalto.gov.br\/ccivil_03\/_Ato2015-2018\/2017\/Decreto\/D9191.htm\" target=\"_blank\"><font color=\"blue\"> Decreto N. 9.191, de 1\u00b0 de novembro de 2017<\/font><\/a>, que estabelece as normas e as diretrizes para elabora\u00e7\u00e3o, reda\u00e7\u00e3o, altera\u00e7\u00e3o, consolida\u00e7\u00e3o e encaminhamento de propostas de atos normativos ao Presidente da Rep\u00fablica pelos Ministros de Estado;<\/p>\r\n<p>\u2013 o<a href=\"http:\/\/www.planalto.gov.br\/ccivil_03\/_Ato2019-2022\/2019\/Decreto\/D9759.htm\" target=\"_blank\"><font color=\"blue\"> Decreto N. 9.759, de 11 de abril de 2019<\/font><\/a>, que extingue e estabelece diretrizes, regras e limita\u00e7\u00f5es para colegiados da administra\u00e7\u00e3o p\u00fablica federal; e,<\/p>\r\n<p>\u2013 <a href=\"https:\/\/www.in.gov.br\/web\/dou\/-\/sumula-do-parecer-cne\/cp-n-5\/2020-254924735\" target=\"_blank\"><font color=\"blue\">Parecer N. 5 de 2020<\/font><\/a>, do Conselho Nacional de Educa\u00e7\u00e3o;<\/p>\r\n<p>\u2013 a <a href=\"http:\/\/www.planalto.gov.br\/ccivil_03\/_ato2019-2022\/2020\/mpv\/mpv934.htm\" target=\"_blank\"><font color=\"blue\"> Medida Provis\u00f3ria N.934, de 1 de abril de 2020<\/font><\/a>, transformada na <a href=\"http:\/\/www.planalto.gov.br\/ccivil_03\/_ato2019-2022\/2020\/Lei\/L14040.htm\" target=\"_blank\"><font color=\"blue\"> Lei N. 14.040, de 18 de agosto de 2020<\/font><\/a>.<\/p>\r\n<p>\u2013 a<a href=\"https:\/\/www.in.gov.br\/en\/web\/dou\/-\/portaria-n-544-de-16-de-junho-de-2020-261924872\" target=\"_blank\"><font color=\"blue\"> Portaria MEC N. 544, de 16 de junhode 2020<\/font><\/a>,<\/p>\r\n<p>\u2013 a<a href=\"https:\/\/www.in.gov.br\/en\/web\/dou\/-\/portaria-conjunta-n-20-de-18-de-junho-de-2020-262408085\" target=\"_blank\"><font color=\"blue\"> Portaria Conjunta ME\/MS N. 20, de 18 de junho de 2020<\/font><\/a>,<\/p>\r\n<p>\u2013 a<a href=\"https:\/\/coronavirus.rs.gov.br\/upload\/arquivos\/202006\/05104657-portaria-conjunta-ses-seduc.pdf\" target=\"_blank\"><font color=\"blue\"> Portaria Conjunta SES\/SEDUC\/RS N. 1 de 2020<\/font><\/a>, que tem a principal fun\u00e7\u00e3o elaborar o Plano de Conting\u00eancia para Preven\u00e7\u00e3o, Monitoramento e Controle do Novo Coronav\u00edrus para as medidas de controle no \u00e2mbito da Institui\u00e7\u00e3o de Ensino.<\/p>\r\n<p>\u2013 o que consta no Processo N. <a href=\"https:\/\/portal.ufsm.br\/documentos\/publico\/processo\/documento.html?idDocumento=13326795\" target=\"_blank\"><font color=\"blue\">23081.062029\/2020-80<\/font><\/a>.<\/p> \r\n<br>\r\n<p>RESOLVE:<\/p>\r\n<br>\r\n<p>Art. 1\u00ba RETIFICAR na <a href=\"https:\/\/www.ufsm.br\/pro-reitorias\/proplan\/portaria-normativa-n-008-2020\/\" target=\"_blank\"><font color=\"blue\">Portaria Normativa UFSM N. 008, de 18 de dezembro de 2020<\/font><\/a>, que aprova a cria\u00e7\u00e3o do \u00f3rg\u00e3o colegiado tempor\u00e1rio denominado \"Centro de Opera\u00e7\u00f5es de Emerg\u00eancia em Sa\u00fade P\u00fablica - COVID 19 - UFSM\", o Art. 5\u00ba, onde se l\u00ea: \"O COE-UFSM ser\u00e1 composto de 16 (dezesseis) membros designados por portaria emitida pelo Reitor da UFSM\"; leia-se: \"O COE-UFSM ser\u00e1 composto por 20 (vinte) membros, designados por portaria emitida pelo Reitor da UFSM\".<\/p>\r\n<p>Art. 2\u00ba - Mant\u00eam-se os demais itens da portaria original, inclusive o per\u00edodo de vig\u00eancia.<\/p>\r\n<p>Art. 3\u00ba - Esta Portaria entra em vigor em 19 de janeiro de 2021, devido \u00e0 urg\u00eancia justificada no expediente administrativo.<\/p>\r\n<p>Par\u00e1grafo \u00fanico: Havendo qualquer modifica\u00e7\u00e3o legislativa, ou ainda, havendo qualquer situa\u00e7\u00e3o legal que impacte na legalidade da presente Portaria, a mesma se aplica de imediato.<\/p>\r\n<br>\r\n<p>Luciano Schuch<\/p>\r\n<p>Vice-Reitor, no exerc\u00edcio da Reitoria.<\/p>\r\n<\/s>\r\n<br>\r\n<p><font color=\"red0000\">Este texto n\u00e3o substitui o documento original, publicado no Portal de Documentos em 18 de janeiro de 2021.<\/font> Dispon\u00edvel em: <a href=\"https:\/\/portal.ufsm.br\/documentos\/publico\/documento.html?id=13367219\" target=\"_blank\"><font color=\"blue\">https:\/\/portal.ufsm.br\/documentos\/publico\/documento.html?id=13355919<\/font><\/a>\r\n\r\n\t\t<\/div>\n\t\t\t\t<\/div>\n\t\t\t\t\t<\/div>\n\t\t<\/div>\n\t\t\t\t\t<\/div>\n\t\t<\/section>\n\t\t\t\t<\/div>\n\t\t","protected":false},"excerpt":{"rendered":"<p>PORTARIA NORMATIVA UFSM N. 011\/2021 MINIST\u00c9RIO DA EDUCA\u00c7\u00c3O UNIVERSIDADE FEDERAL DE SANTA MARIA PORTARIA NORMATIVA UFSM N. 011, DE 18 DE JANEIRO DE 2021 Aprova a altera\u00e7\u00e3o do caput 5\u00ba da Portaria Normativa UFSM N. 008, de 18 de dezembro de 2020. Revogada pela Resolu\u00e7\u00e3o UFSM N. 116\/2023 O REITOR DA UNIVERSIDADE FEDERAL DE SANTA [&hellip;]<\/p>\n","protected":false},"author":230,"featured_media":0,"parent":0,"menu_order":0,"comment_status":"closed","ping_status":"closed","template":"","meta":{"footnotes":""},"categories":[],"tags":[],"class_list":["post-4240","page","type-page","status-publish","hentry"],"acf":[],"_links":{"self":[{"href":"https:\/\/www.ufsm.br\/pro-reitorias\/proplan\/wp-json\/wp\/v2\/pages\/4240","targetHints":{"allow":["GET"]}}],"collection":[{"href":"https:\/\/www.ufsm.br\/pro-reitorias\/proplan\/wp-json\/wp\/v2\/pages"}],"about":[{"href":"https:\/\/www.ufsm.br\/pro-reitorias\/proplan\/wp-json\/wp\/v2\/types\/page"}],"author":[{"embeddable":true,"href":"https:\/\/www.ufsm.br\/pro-reitorias\/proplan\/wp-json\/wp\/v2\/users\/230"}],"replies":[{"embeddable":true,"href":"https:\/\/www.ufsm.br\/pro-reitorias\/proplan\/wp-json\/wp\/v2\/comments?post=4240"}],"version-history":[{"count":0,"href":"https:\/\/www.ufsm.br\/pro-reitorias\/proplan\/wp-json\/wp\/v2\/pages\/4240\/revisions"}],"wp:attachment":[{"href":"https:\/\/www.ufsm.br\/pro-reitorias\/proplan\/wp-json\/wp\/v2\/media?parent=4240"}],"wp:term":[{"taxonomy":"category","embeddable":true,"href":"https:\/\/www.ufsm.br\/pro-reitorias\/proplan\/wp-json\/wp\/v2\/categories?post=4240"},{"taxonomy":"post_tag","embeddable":true,"href":"https:\/\/www.ufsm.br\/pro-reitorias\/proplan\/wp-json\/wp\/v2\/tags?post=4240"}],"curies":[{"name":"wp","href":"https:\/\/api.w.org\/{rel}","templated":true}]}}