{"id":4258,"date":"2021-02-10T07:53:35","date_gmt":"2021-02-10T10:53:35","guid":{"rendered":"https:\/\/www.ufsm.br\/pro-reitorias\/proplan\/?page_id=4258"},"modified":"2022-02-18T10:17:28","modified_gmt":"2022-02-18T13:17:28","slug":"resolucao-ufsm-n-042-2021","status":"publish","type":"page","link":"https:\/\/www.ufsm.br\/pro-reitorias\/proplan\/resolucao-ufsm-n-042-2021","title":{"rendered":"Resolu\u00e7\u00e3o UFSM N. 042\/2021"},"content":{"rendered":"\t\t<div data-elementor-type=\"wp-page\" data-elementor-id=\"4258\" class=\"elementor elementor-4258\">\n\t\t\t\t\t\t<section class=\"elementor-section elementor-top-section elementor-element elementor-element-250ec94 elementor-section-boxed elementor-section-height-default elementor-section-height-default\" data-id=\"250ec94\" data-element_type=\"section\">\n\t\t\t\t\t\t<div class=\"elementor-container elementor-column-gap-default\">\n\t\t\t\t\t<div class=\"elementor-column elementor-col-100 elementor-top-column elementor-element elementor-element-15936ac\" data-id=\"15936ac\" data-element_type=\"column\">\n\t\t\t<div class=\"elementor-widget-wrap elementor-element-populated\">\n\t\t\t\t\t\t<div class=\"elementor-element elementor-element-4e275af elementor-widget elementor-widget-html\" data-id=\"4e275af\" data-element_type=\"widget\" data-widget_type=\"html.default\">\n\t\t\t\t<div class=\"elementor-widget-container\">\n\t\t\t\r\n\r\n\r\n<title><b>RESOLU\u00c7\u00c3O N. 042\/2021<\/b><\/title>\r\n\r\n\r\n<div align=\"center\"><img decoding=\"async\" src=\"https:\/\/www.ufsm.br\/pro-reitorias\/proplan\/wp-content\/uploads\/sites\/344\/2019\/09\/brasao-da-republica-do-brasil-logo.png\" alt=\"Bras\u00e3o Rep\u00fablica Federativa do Brasil\" width=\"6%\" height=\"6%\"><\/div>    \r\n<h1><font color=\"blue\"><font size=\"5\"><div align=\"center\">MINIST\u00c9RIO DA EDUCA\u00c7\u00c3O<\/b><\/font><\/font><\/div><\/H1>\r\n<p><b><font color=\"0000blue\"><div align=\"center\">UNIVERSIDADE FEDERAL DE SANTA MARIA<\/b><\/font><\/div><\/p>\r\n<p><div align=\"center\"><b><a href=\"https:\/\/portal.ufsm.br\/documentos\/relacao\/formRelacionamento.html?idDocumento=13395445\" target=\"_blank\"><font color=\"blue\">RESOLU\u00c7\u00c3O UFSM N. 042, DE 09 DE FEVEREIRO 2021<\/font><\/a><\/b><\/div><\/p>\r\n<br>\r\n<p><div align=\"right\"><font color=\"800000\"><s>Estabelece que a Resolu\u00e7\u00e3o N. 024, de 24 de 11 de agosto de 2020 passa a vigorar com as seguintes altera\u00e7\u00f5es.<\/s><\/font><\/div><\/p>\r\n<br>\r\n<p><a href=\"https:\/\/www.ufsm.br\/pro-reitorias\/proplan\/resolucao-ufsm-n-079-2022\/\"><font color=\"blue\">Revogada pela Resolu\u00e7\u00e3o N. 079\/2022<\/font><\/a><\/p>\r\n<br><div align=\"justify\">\r\n<p><s>O REITOR DA UNIVERSIDADE FEDERAL DE SANTA MARIA, no uso de suas atribui\u00e7\u00f5es legais e estatut\u00e1rias e considerando:<\/p>\r\n<p>- o <a href=\"https:\/\/www.ufsm.br\/pro-reitorias\/proplan\/estatuto-ufsm-2010\/\" target=\"_blank\"><font color=\"blue\"><u>Estatuto da Universidade Federal de Santa Maria<\/u><\/font><\/a>, com as adequa\u00e7\u00f5es aprovadas pela <a href=\"https:\/\/www.ufsm.br\/pro-reitorias\/proplan\/resolucao-n-037-2010\/\" target=\"_blank\"><font color=\"blue\"><u>Resolu\u00e7\u00e3o UFSM N. 037\/2010<\/u><\/font><\/a> e aprovadas pela Portaria N. 156, de 12 de mar\u00e7o de 2014, publicada no Di\u00e1rio Oficial da Uni\u00e3o em 13 de mar\u00e7o de 2014;<\/p>\r\n<p>- o <a href=\"http:\/\/www.planalto.gov.br\/ccivil_03\/_ato2015-2018\/2017\/decreto\/D9191.htm\" target=\"_blank\"><font color=\"blue\"><u>Decreto N. 9.191, de 1\u00ba de novembro de 2017<\/u><\/font><\/a>, que estabelece as normas e as diretrizes para elabora\u00e7\u00e3o, reda\u00e7\u00e3o, altera\u00e7\u00e3o, consolida\u00e7\u00e3o e encaminhamento de proposta de atos normativos ao Presidente da Rep\u00fablica pelos Ministros de Estado;<\/p>\r\n<p>- a <a href=\"https:\/\/www.in.gov.br\/en\/web\/dou\/-\/portarial-n-114-de-6-de-agosto-de-2020-271462938\" target=\"_blank\"><font color=\"blue\"><u>Portaria N. 114, de 6 de Agosto de 2020<\/u><\/font><\/a>, da Funda\u00e7\u00e3o Coordena\u00e7\u00e3o de Aperfei\u00e7oamento de Pessoal de N\u00edvel Superior, do Minist\u00e9rio da Educa\u00e7\u00e3o, que estabelece cronograma estendido e regras para o in\u00edcio das atividades dos Projetos Institucionais do Programa de Resid\u00eancia Pedag\u00f3gica e do Programa de Bolsas de Inicia\u00e7\u00e3o \u00e0 Doc\u00eancia (Pibid);<\/p>\r\n<p>- a <a href=\"https:\/\/www.in.gov.br\/en\/web\/dou\/-\/instrucao-normativa-n-109-de-29-de-outubro-de-2020-286060110\" target=\"_blank\"><font color=\"blue\"><u>Instru\u00e7\u00e3o Normativa N. 109, de 29 de outubro de 2020<\/u><\/font><\/a>, da Secretaria de Gest\u00e3o e Desempenho de Pessoal, da Secretaria Especial de Desburocratiza\u00e7\u00e3o, Gest\u00e3o e Governo Digital do Minist\u00e9rio da Economia, que Estabelece orienta\u00e7\u00f5es aos \u00f3rg\u00e3os e entidades do Sistema de Pessoal Civil da Administra\u00e7\u00e3o P\u00fablica Federal - SIPEC para o retorno gradual e seguro ao trabalho presencial e sua Retifica\u00e7\u00e3o;<\/p>\r\n<p>- a <a href=\"https:\/\/www.in.gov.br\/en\/web\/dou\/-\/portaria-n-1.030-de-1-de-dezembro-de-2020-291532789\" target=\"_blank\"><font color=\"blue\"><u>Portaria N. 1.030, de 1\u00ba de dezembro de 2020, do Minist\u00e9rio da Educa\u00e7\u00e3o<\/u><\/font><\/a>, que disp\u00f5e sobre o retorno \u00e0s aulas presenciais e sobre car\u00e1ter excepcional de utiliza\u00e7\u00e3o de recursos educacionais digitais para integraliza\u00e7\u00e3o da carga hor\u00e1ria das atividades pedag\u00f3gicas enquanto durar a situa\u00e7\u00e3o de pandemia do novo coronav\u00edrus - Covid-19;<\/p>\r\n<p>- a <a href=\"https:\/\/www.in.gov.br\/en\/web\/dou\/-\/portaria-mec-n-1.038-de-7-de-dezembro-de-2020-292694534\" target=\"_blank\"><font color=\"blue\"><u> Portaria N. 1.038, de 7 de dezembro de 2020, do Minist\u00e9rio da Educa\u00e7\u00e3o<\/u><\/font><\/a>, que altera a <a href=\"https:\/\/www.in.gov.br\/en\/web\/dou\/-\/portaria-n-544-de-16-de-junho-de-2020-261924872\" target=\"_blank\"><font color=\"blue\"><u>Portaria MEC N. 544, de 16 de junho de 2020<\/u><\/font><\/a>, que disp\u00f5e sobre a substitui\u00e7\u00e3o das aulas presenciais por aulas em meio digitais, enquanto durar a situa\u00e7\u00e3o de pandemia do novo coronav\u00edrus - Covid-19, e a <a href=\"https:\/\/www.in.gov.br\/en\/web\/dou\/-\/portaria-n-1.030-de-1-de-dezembro-de-2020-291532789\" target=\"_blank\"><font color=\"blue\"><u>Portaria MEC N. 1.030, de 1\u00ba de dezembro de 2020<\/u><\/font><\/a>, que disp\u00f5e sobre o retorno \u00e0s aulas presenciais e sobre car\u00e1ter excepcional de utiliza\u00e7\u00e3o de recursos educacionais digitais para integraliza\u00e7\u00e3o da carga hor\u00e1ria das atividades pedag\u00f3gicas, enquanto durar a situa\u00e7\u00e3o de pandemia do novo coronav\u00edrus - Covid-19;<\/p>\r\n<p>- a <a href=\"https:\/\/www.in.gov.br\/en\/web\/dou\/-\/resolucao-cne\/cp-n-2-de-10-de-dezembro-de-2020-293526006\" target=\"_blank\"><font color=\"blue\"><u>Resolu\u00e7\u00e3o N. 2, de 10 de dezembro de 2020, do Conselho Nacional de Educa\u00e7\u00e3o, do Minist\u00e9rio da Educa\u00e7\u00e3o<\/u><\/font><\/a>, que institui Diretrizes Nacionais orientadoras para a implementa\u00e7\u00e3o dos dispositivos da <a href=\"http:\/\/www.planalto.gov.br\/ccivil_03\/_ato2019-2022\/2020\/lei\/L14040.htm\" target=\"_blank\"><font color=\"blue\"><u>Lei N. 14.040, de 18 de agosto de 2020<\/u><\/font><\/a>, que estabelece normas educacionais excepcionais a serem adotadas pelos sistemas de ensino, institui\u00e7\u00f5es e redes escolares, p\u00fablicas, privadas, comunit\u00e1rias e confessionais, durante o estado de calamidade reconhecido pelo <a href=\"http:\/\/www.planalto.gov.br\/ccivil_03\/portaria\/DLG6-2020.htm\" target=\"_blank\"><font color=\"blue\"><u>Decreto Legislativo N. 6, de 20 de mar\u00e7o de 2020<\/u><\/font><\/a>;<\/p>\r\n<p>- a <a href=\"https:\/\/www.in.gov.br\/en\/web\/dou\/-\/resolucao-n-21-de-28-de-dezembro-de-2020-296802348\" target=\"_blank\"><font color=\"blue\"><u>Resolu\u00e7\u00e3o N. 21, DE 28 de dezembro de 2020, do Fundo Nacional do Desenvolvimento da Educa\u00e7\u00e3o, do Minist\u00e9rio da Educa\u00e7\u00e3o<\/u><\/font><\/a>, que prorroga, excepcionalmente, o prazo de utiliza\u00e7\u00e3o e de presta\u00e7\u00e3o de contas dos recursos recebidos a t\u00edtulo de custeio no \u00e2mbito do Programa de Educa\u00e7\u00e3o Tutorial \u2013 PET; e,<\/p>\r\n<p>- o Parecer N. 014\/2021 da Comiss\u00e3o de Legisla\u00e7\u00e3o e Normas (CLN) e Parecer N. 002\/2021 da Comiss\u00e3o de Ensino, Pesquisa e Extens\u00e3o (COMEPE), aprovado na 957\u00aa Sess\u00e3o do Conselho de Ensino, Pesquisa e Extens\u00e3o (CEPE), de 09 de fevereiro de 2021, referente ao Processo N. <a href=\"https:\/\/portal.ufsm.br\/documentos\/publico\/processo\/documento.html?idDocumento=13387327\" target=\"_blank\"><font color=\"blue\"><u>23081.009306\/2021-15<\/u><\/font><\/a>.<\/p>\r\n<br>\r\n<p>RESOLVE:<\/p>\r\n<br>\r\n<p>Art. 1\u00ba Estabelecer que a <a href=\"https:\/\/www.ufsm.br\/pro-reitorias\/proplan\/resolucao-n-024-2020\/\" target=\"_blank\"><font color=\"blue\"><u>Resolu\u00e7\u00e3o N. 024, de 11 de agosto de 2020<\/u><\/font><\/a>, passa a vigorar com as seguintes altera\u00e7\u00f5es:<\/p>\r\n<br>\r\n<p>\u201cArt. 7\u00ba Em rela\u00e7\u00e3o ao Di\u00e1rio de Classe, as atividades e avalia\u00e7\u00f5es ser\u00e3o registradas em face do acompanhamento e realiza\u00e7\u00e3o das atividades por parte dos discentes.<\/p>\r\n<p>\u00a71\u00ba O discente ter\u00e1 sua aprova\u00e7\u00e3o com o cumprimento das atividades previstas.<\/p>\r\n<p>(...)\r\n<br>\r\n<p>CAP\u00cdTULO III-A <\/p>\r\n<p>DO REDE 2021.1 E DA IMPLEMENTA\u00c7\u00c3O GRADUAL, ESCALONADA E MODULAR DO CALEND\u00c1RIO SUPLEMENTAR<\/p>\r\n<br>\r\n<p>Art. 38A Ser\u00e1 implementado o Regime de Exerc\u00edcios Domiciliares Especiais 2021.1 (REDE 2021.1), no qual as disciplinas ofertadas em REDE dever\u00e3o ser cursadas na sua integralidade neste regime.<\/p>\r\n<p>Art. 38B Os estudantes que possuem disciplinas te\u00f3ricas n\u00e3o cursadas ou n\u00e3o finalizadas no REDE 2020, primeiro e segundo semestre, poder\u00e3o matricular-se naquelas ofertadas no REDE 2021.1, com o intuito de priorizar a presencialidade f\u00edsica para as disciplinas pr\u00e1ticas e te\u00f3rico-pr\u00e1ticas a serem ofertadas no Calend\u00e1rio Suplementar. <\/p>\r\n<p>Art. 38C As ofertas do REDE 2021.1 ser\u00e3o elaboradas colaborativamente entre Cursos e Departamentos.<\/p>\r\n<p>Par\u00e1grafo \u00fanico. Nos cursos com grandes quantidades de disciplinas pr\u00e1ticas e\/ou te\u00f3rico-pr\u00e1ticas, que tenham chegado em um ponto de satura\u00e7\u00e3o da via remota, poder\u00e3o ser ofertadas Disciplinas Complementares de Gradua\u00e7\u00e3o (DCG) e\/ou Atividades Complementares de Gradua\u00e7\u00e3o (ACG) no formato de Congressos, Semin\u00e1rios, Palestras, entre outros.<\/p>\r\n<br>\r\n<p>Art. 38D O Calend\u00e1rio Suplementar ser\u00e1 aprovado pelo CEPE e implementado quando j\u00e1 estiver aprovado e implementado o Plano de Retorno, nos moldes do que preconiza o Cap\u00edtulo IV da presente resolu\u00e7\u00e3o.<\/p>\r\n<p>Art. 38E O Calend\u00e1rio Suplementar ter\u00e1 prioridade para ofertas\/reposi\u00e7\u00e3o das atividades de disciplinas pr\u00e1ticas e te\u00f3rico-pr\u00e1ticas.<\/p>\r\n<p>Art. 38F O Calend\u00e1rio Suplementar respeitar\u00e1 o disposto no Art. 31 da presente resolu\u00e7\u00e3o, todavia poder\u00e1 ser, em car\u00e1ter de excepcionalidade, implementado concomitantemente com o REDE 2021.1, respeitando as indica\u00e7\u00f5es do Plano de Retorno e, consequentemente, as normas de Biosseguran\u00e7a, bem como as realidades, possibilidades, necessidades, viabilidades e potencialidades de cada Curso e Departamento, em constru\u00e7\u00e3o colaborativa e articulada.<\/p>\r\n<p>Art. 38G A publica\u00e7\u00e3o do Calend\u00e1rio Suplementar conter\u00e1 os devidos prazos para as ofertas e matr\u00edculas do mesmo, permitindo aos Cursos e Departamentos ajustarem suas realidades particulares de in\u00edcio e t\u00e9rmino, m\u00f3dulos, turmas, ordem de implementa\u00e7\u00e3o e escalas em semestres dos cursos.<\/p>\r\n<p>Par\u00e1grafo \u00fanico. Ressalta-se que a oferta e a implementa\u00e7\u00e3o do Calend\u00e1rio Suplementar abranger\u00e1, no m\u00ednimo, todo o ano letivo de 2021, possibilitando aos cursos desenvolverem as atividades de suas disciplinas dentro deste per\u00edodo. <\/p>\r\n<br>\r\n<p>Art. 38H Os Cursos e Departamentos, durante o per\u00edodo de planejamento, entre os meses de fevereiro, mar\u00e7o e abril de 2021, dever\u00e3o construir propostas de m\u00f3dulos e escalonamentos para as ofertas do Calend\u00e1rio Suplementar, em conson\u00e2ncia com as normas das Comiss\u00f5es Setoriais e Comiss\u00e3o Geral de Biosseguran\u00e7a e ajustando, com os elementos necess\u00e1rios, quando da execu\u00e7\u00e3o do Plano de Retorno.<\/p>\r\n<p>Par\u00e1grafo \u00fanico. As propostas referidas no caput do presente artigo somente ter\u00e3o cronograma para sua implementa\u00e7\u00e3o, quando da aprova\u00e7\u00e3o e publica\u00e7\u00e3o do Calend\u00e1rio Suplementar.<\/p>\r\n<br>\r\n<p>CAP\u00cdTULO VI <\/p>\r\n<p>DISPOSI\u00c7\u00d5ES GERAIS<\/p>\r\n<br>\r\n<p>Art. 38I As disciplinas cursadas em REDE e no Calend\u00e1rio Suplementar dever\u00e3o ter acompanhamento com a aplica\u00e7\u00e3o de instrumentos gerais que avaliem a qualidade do processo de ensino-aprendizagem e propiciem melhoria cont\u00ednua.\u201d (NR)<\/p>\r\n<br>\r\n<p>Art. 2\u00ba Esta resolu\u00e7\u00e3o entra em vigor em 10 de fevereiro de 2021, por se tratar de urg\u00eancia justificada nos autos do expediente administrativo.<\/p>\r\n<p>Par\u00e1grafo \u00fanico. Havendo qualquer modifica\u00e7\u00e3o legislativa, ou ainda, havendo qualquer situa\u00e7\u00e3o legal que impacte na legalidade da presente Resolu\u00e7\u00e3o, a mesma se aplica de imediato.<\/p>\r\n<br>\r\n<p>Paulo Afonso Burmann<\/p>\r\n<p>Reitor<\/s><\/p>\r\n<br>\r\n<p><font color=\"red0000\">Este texto n\u00e3o substitui o documento original,publicado no Portal de Documentos em 10 de fevereiro de 2021.<\/font> Dispon\u00edvel em: <a href=\"https:\/\/portal.ufsm.br\/documentos\/relacao\/formRelacionamento.html?idDocumento=13395445\"><font color=\"blue\">https:\/\/portal.ufsm.br\/documentos\/relacao\/formRelacionamento.html?idDocumento=13395445<\/font><\/a>\r\n\r\n\t\t<\/div>\n\t\t\t\t<\/div>\n\t\t\t\t\t<\/div>\n\t\t<\/div>\n\t\t\t\t\t<\/div>\n\t\t<\/section>\n\t\t\t\t<\/div>\n\t\t","protected":false},"excerpt":{"rendered":"<p>RESOLU\u00c7\u00c3O N. 042\/2021 MINIST\u00c9RIO DA EDUCA\u00c7\u00c3O UNIVERSIDADE FEDERAL DE SANTA MARIA RESOLU\u00c7\u00c3O UFSM N. 042, DE 09 DE FEVEREIRO 2021 Estabelece que a Resolu\u00e7\u00e3o N. 024, de 24 de 11 de agosto de 2020 passa a vigorar com as seguintes altera\u00e7\u00f5es. Revogada pela Resolu\u00e7\u00e3o N. 079\/2022 O REITOR DA UNIVERSIDADE FEDERAL DE SANTA MARIA, no [&hellip;]<\/p>\n","protected":false},"author":205,"featured_media":0,"parent":0,"menu_order":0,"comment_status":"closed","ping_status":"closed","template":"","meta":{"footnotes":""},"categories":[],"tags":[],"class_list":["post-4258","page","type-page","status-publish","hentry"],"acf":[],"_links":{"self":[{"href":"https:\/\/www.ufsm.br\/pro-reitorias\/proplan\/wp-json\/wp\/v2\/pages\/4258","targetHints":{"allow":["GET"]}}],"collection":[{"href":"https:\/\/www.ufsm.br\/pro-reitorias\/proplan\/wp-json\/wp\/v2\/pages"}],"about":[{"href":"https:\/\/www.ufsm.br\/pro-reitorias\/proplan\/wp-json\/wp\/v2\/types\/page"}],"author":[{"embeddable":true,"href":"https:\/\/www.ufsm.br\/pro-reitorias\/proplan\/wp-json\/wp\/v2\/users\/205"}],"replies":[{"embeddable":true,"href":"https:\/\/www.ufsm.br\/pro-reitorias\/proplan\/wp-json\/wp\/v2\/comments?post=4258"}],"version-history":[{"count":0,"href":"https:\/\/www.ufsm.br\/pro-reitorias\/proplan\/wp-json\/wp\/v2\/pages\/4258\/revisions"}],"wp:attachment":[{"href":"https:\/\/www.ufsm.br\/pro-reitorias\/proplan\/wp-json\/wp\/v2\/media?parent=4258"}],"wp:term":[{"taxonomy":"category","embeddable":true,"href":"https:\/\/www.ufsm.br\/pro-reitorias\/proplan\/wp-json\/wp\/v2\/categories?post=4258"},{"taxonomy":"post_tag","embeddable":true,"href":"https:\/\/www.ufsm.br\/pro-reitorias\/proplan\/wp-json\/wp\/v2\/tags?post=4258"}],"curies":[{"name":"wp","href":"https:\/\/api.w.org\/{rel}","templated":true}]}}