{"id":4404,"date":"2021-03-24T15:37:20","date_gmt":"2021-03-24T18:37:20","guid":{"rendered":"https:\/\/www.ufsm.br\/pro-reitorias\/proplan\/?page_id=4404"},"modified":"2023-03-02T10:18:22","modified_gmt":"2023-03-02T13:18:22","slug":"portaria-001-2021-cal","status":"publish","type":"page","link":"https:\/\/www.ufsm.br\/pro-reitorias\/proplan\/portaria-001-2021-cal","title":{"rendered":"Portaria Normativa CAL\/UFSM N. 001\/2021"},"content":{"rendered":"\t\t<div data-elementor-type=\"wp-page\" data-elementor-id=\"4404\" class=\"elementor elementor-4404\">\n\t\t\t\t\t\t<section class=\"elementor-section elementor-top-section elementor-element elementor-element-1bc4651 elementor-section-boxed elementor-section-height-default elementor-section-height-default\" data-id=\"1bc4651\" data-element_type=\"section\">\n\t\t\t\t\t\t<div class=\"elementor-container elementor-column-gap-default\">\n\t\t\t\t\t<div class=\"elementor-column elementor-col-100 elementor-top-column elementor-element elementor-element-ae45a08\" data-id=\"ae45a08\" data-element_type=\"column\">\n\t\t\t<div class=\"elementor-widget-wrap elementor-element-populated\">\n\t\t\t\t\t\t<div class=\"elementor-element elementor-element-5b49cbd elementor-widget elementor-widget-html\" data-id=\"5b49cbd\" data-element_type=\"widget\" data-widget_type=\"html.default\">\n\t\t\t\t<div class=\"elementor-widget-container\">\n\t\t\t\r\n\r\n\r\n<title><b>PORTARIA NORMATIVA CAL\/UFSM N. 001, DE 25 DE FEVEREIRO DE 2021<\/b><\/title>\r\n\r\n\r\n<div align=\"center\"><img decoding=\"async\" src=\"https:\/\/www.ufsm.br\/pro-reitorias\/proplan\/wp-content\/uploads\/sites\/344\/2019\/09\/brasao-da-republica-do-brasil-logo.png\" alt=\"Bras\u00e3o Rep\u00fablica Federativa do Brasil\" width=\"6%\" height=\"6%\"><\/div>\r\n<h1><font color=\"blue\"><font size=\"5\"><div align=\"center\">MINIST\u00c9RIO DA EDUCA\u00c7\u00c3O<\/b><\/font><\/font><\/div><\/H1>\r\n<p><b><font color=\"0000blue\"><div align=\"center\">UNIVERSIDADE FEDERAL DE SANTA MARIA<\/b><\/font><\/div>\r\n<b><font color=\"0000blue\"><div align=\"center\">CENTRO DE ARTES E LETRAS<\/b><\/font><\/div><\/p>\r\n<div align=\"center\"><b><a href=\"https:\/\/portal.ufsm.br\/documentos\/publico\/documento.html?id=13463000\" target=\"_blank\"><font color=\"blue\">PORTARIA NORMATIVA CAL\/UFSM N. 001, DE 25 DE FEVEREIRO DE 2021<\/font><\/a><\/b><\/div>\r\n<br>\r\n<p><a href=\"https:\/\/www.ufsm.br\/pro-reitorias\/proplan?page_id=5264\" target=\"_blank\"><font color=\"blue\">Revogada pela Resolu\u00e7\u00e3o UFSM N. 116\/2023<\/font><\/a><\/p>\r\n<br><div align=\"justify\">\r\n<s>\r\n<p>A VICE-DIRETORA DO CENTRO DE ARTES E LETRAS DA UNIVERSIDADE FEDERAL DE SANTA MARIA, nomeada pela  <a href=\"https:\/\/portal.ufsm.br\/documentos\/publico\/documento.html?id=11377341\" target=\"_blank\"><font color=\"blue\">Portaria n\u00b0 91.421\/18<\/font><\/a>, no uso de suas atribui\u00e7\u00f5es legais, em virtude da delega\u00e7\u00e3o de compet\u00eancia atribu\u00edda pela  <a href=\"https:\/\/portal.ufsm.br\/documentos\/publico\/documento.html?id=7162479\" target=\"_blank\"><font color=\"blue\">Portaria n\u00b0 55.927<\/font><\/a>, de 29 de setembro de 2009, e tendo em vista:\r\n<p>- o Art. 56 da <a href=\"http:\/\/www.planalto.gov.br\/ccivil_03\/leis\/l9394.htm\" target=\"_blank\"><font color=\"blue\">Lei N. 9.394<\/font><\/a>, de 20 de dezembro de 1996, que estabelece as diretrizes e bases da educa\u00e7\u00e3o nacional;<\/p>\r\n<p>- o <a href=\"http:\/\/www.planalto.gov.br\/ccivil_03\/_ato2015-2018\/2017\/decreto\/D9191.htm\" target=\"_blank\"><font color=\"blue\">Decreto N. 9.191<\/font><\/a>, de 1\u00ba de novembro de 2017, que estabelece as normas e as diretrizes para elabora\u00e7\u00e3o, reda\u00e7\u00e3o, altera\u00e7\u00e3o, consolida\u00e7\u00e3o e encaminhamento de propostas de atos normativos ao Presidente da Rep\u00fablica pelos Ministros de Estado;<\/p>\r\n<p>- o <a href=\"https:\/\/www.ufsm.br\/pro-reitorias\/proplan\/codigo-de-etica-e-convivencia-discente-da-universidade-federal-de-santa-maria\/\" target=\"_blank\"><font color=\"blue\">C\u00f3digo de \u00c9tica e Conviv\u00eancia Discente da UFSM<\/font><\/a>, anexo da <a href=\"https:\/\/www.ufsm.br\/pro-reitorias\/proplan\/resolucao-n-017-2018\/\" target=\"_blank\"><font color=\"blue\">Resolu\u00e7\u00e3o 017\/2018<\/font><\/a>, de 16 de julho de 2018;<\/p>\r\n<p>- o <a href=\"http:\/\/www.planalto.gov.br\/ccivil_03\/_ato2019-2022\/2019\/decreto\/D9759.htm\" target=\"_blank\"><font color=\"blue\">Decreto N. 9.759<\/font><\/a>, de 11 de abril de 2019, que extingue e estabelece diretrizes, regras e limita\u00e7\u00f5es para colegiados da administra\u00e7\u00e3o p\u00fablica federal; e,<\/p>\r\n<p>- a <a href=\"https:\/\/www.ufsm.br\/pro-reitorias\/proplan\/resolucao-n-016-2020\/\" target=\"_blank\"><font color=\"blue\">Resolu\u00e7\u00e3o N. 016\/2020<\/font><\/a>, de 23 de junho de 2020, que estabelece a nova estrutura organizacional da Pr\u00f3-Reitoria de Extens\u00e3o (PRE) da Universidade Federal de Santa Maria (UFSM), suas compet\u00eancias e atribui\u00e7\u00f5es e altera o Regimento Geral da UFSM; e<\/p>\r\n<p>- o que consta no Processo N. <a href=\"https:\/\/portal.ufsm.br\/documentos\/publico\/processo\/documento.html?idDocumento=13416450\" target=\"_blank\"><font color=\"blue\">23081.014149\/2021-51<\/font><\/a>;<\/p>\r\n<br>\r\n<p><b><div align=\"center\">RESOLVE:<\/b><\/div><\/p>\r\n<p>Art. 1\u00b0 Aprovar a cria\u00e7\u00e3o do \u00f3rg\u00e3o colegiado denominado \u201cComiss\u00e3o tempor\u00e1ria para elabora\u00e7\u00e3o do Regimento Interno da Orquestra Sinf\u00f4nica da UFSM\u201d vinculado ao Departamento de M\u00fasica do Centro de Artes e Letras (CAL) da Universidade Federal de Santa Maria (UFSM).<\/p>\r\n<br>\r\n<p><b><div align=\"center\">T\u00cdTULO I<\/p> \r\n<p>DAS COMPET\u00caNCIAS<\/b><\/div><\/p>\r\n<p>Art. 2\u00b0 Compete \u00e0 Comiss\u00e3o elaborar, a partir do estudo do documento intitulado \u201cProposta 2020 - Regimento da Orquestra Sinf\u00f4nica da Universidade Federal de Santa Maria\u201d, o documento final do Regimento Interno da Orquestra Sinf\u00f4nica a ser submetido \u00e0 aprecia\u00e7\u00e3o dos \u00f3rg\u00e3os competentes.<\/p>\r\n<br>\r\n<p><b><div align=\"center\">T\u00cdTULO II<\/p> \r\n<p>DA COMPOSI\u00c7\u00c3O E AUTORIDADE<\/b><\/div><\/p>\r\n<p>Art 3\u00b0 A \u201cComiss\u00e3o tempor\u00e1ria para elabora\u00e7\u00e3o do Regimento Interno da Orquestra Sinf\u00f4nica da UFSM\u201d ser\u00e1 constitu\u00edda por dois docentes do Departamento de M\u00fasica e um discente do Bacharelado em M\u00fasica, que seja atuante na Orquestra Sinf\u00f4nica e membro do Diret\u00f3rio Acad\u00eamico do Curso de M\u00fasica da UFSM, todos indicados pelo Colegiado do Departamento de M\u00fasica.<\/p>\r\n<p>Par\u00e1grafo \u00danico. O presidente da Comiss\u00e3o ser\u00e1 o docente mais antigo na UFSM.<\/p>\r\n<\/p>\r\n<br>\r\n<p><b><div align=\"center\">T\u00cdTULO III<\/p> \r\n<p>DO QU\u00d3RUM DE REUNI\u00c3O E DE VOTA\u00c7\u00c3O<\/b><\/div><\/p>\r\n<p>Art. 4\u00ba As reuni\u00f5es acontecer\u00e3o com a presen\u00e7a m\u00ednima da maioria absoluta dos membros da Comiss\u00e3o, considerando-se esse o n\u00famero legal para a delibera\u00e7\u00e3o e vota\u00e7\u00e3o.<\/p>\r\n<br>\r\n<p><b><div align=\"center\">T\u00cdTULO IV<\/p> \r\n<p>DA PERIODICIDADE DAS REUNI\u00d5ES<\/b><\/div><\/p>\r\n<p>Art. 5\u00ba A Comiss\u00e3o reunir-se-\u00e1, ordinariamente, 1 (uma) vez por semana ou extraordinariamente, sempre que convocada pelo(a) presidente e desde que haja demanda para o referido \u00f3rg\u00e3o colegiado.<\/p>\r\n<br>\r\n<p><b><div align=\"center\">T\u00cdTULO V<\/p> \r\n<p>DO \u00d3RG\u00c3O DE APOIO ADMINISTRATIVO<\/b><\/div><\/p>\r\n<p>Art. 6\u00ba Caber\u00e1 ao Departamento de M\u00fasica, ao Centro de Artes e Letras e \u00e0 Pr\u00f3- Reitoria de Extens\u00e3o a responsabilidade de realizar o apoio administrativo e demais encaminhamentos para o devido andamento dos trabalhos da Comiss\u00e3o.<\/p>\r\n<br>\r\n<p><b><div align=\"center\">T\u00cdTULO VI<\/p> \r\n<p>DO TERMO DE CONCLUS\u00c3O DOS TRABALHOS<\/b><\/div><\/p>\r\n<p>Art. 7\u00ba A Comiss\u00e3o apresentar\u00e1 termo de conclus\u00e3o dos trabalhos at\u00e9 31\/08\/2021.<\/p>\r\n<br>\r\n<p><b><div align=\"center\">T\u00cdTULO VII<\/p> \r\n<p>DOS RELAT\u00d3RIOS PERI\u00d3DICOS E DO RELAT\u00d3RIO FINAL<\/b><\/div><\/p>\r\n<p>Art. 8\u00ba O relat\u00f3rio final dever\u00e1 ser encaminhado ao Chefe do Departamento de M\u00fasica em at\u00e9 15 (quinze) dias ap\u00f3s a conclus\u00e3o dos trabalhos da Comiss\u00e3o.<\/p>\r\n<br>\r\n<p><b><div align=\"center\">T\u00cdTULO VIII<\/p> \r\n<p>DAS DISPOSI\u00c7\u00d5ES GERAIS E TRANSIT\u00d3RIAS<\/b><\/div><\/p>\r\n<p>Art. 9\u00b0 \u00c9 vedada a divulga\u00e7\u00e3o de discuss\u00f5es em curso sem a pr\u00e9via anu\u00eancia da chefia do Departamento de M\u00fasica.<\/p>\r\n<p>Art. 10 A participa\u00e7\u00e3o dos membros deste \u00f3rg\u00e3o colegiado ser\u00e1 considerada presta\u00e7\u00e3o de servi\u00e7o p\u00fablico relevante, e n\u00e3o ser\u00e1 remunerada.<\/p>\r\n<p>Art. 11 As reuni\u00f5es deste \u00f3rg\u00e3o colegiado ser\u00e3o realizadas por videoconfer\u00eancia.<\/p>\r\n<p>Art. 12 \u00c9 vedada a possibilidade de cria\u00e7\u00e3o de subcolegiados por ato deste colegiado.<\/p>\r\n<p>Art. 13 Esta Portaria entra em vigor em 01 de mar\u00e7o de 2021, por se tratar de urg\u00eancia justificada no expediente administrativo, e ter\u00e1 vig\u00eancia de 6 (seis) meses.<\/p>\r\n<p>Par\u00e1grafo \u00fanico. Havendo qualquer modifica\u00e7\u00e3o legislativa, ou ainda, havendo qualquer situa\u00e7\u00e3o legal que impacte na legalidade da presente Portaria, a mesma se aplica de imediato.<\/p>\r\n<br>\r\n<p>Cristiane Fuzer,<\/p>\r\n<p>Vice-Diretora.<\/p>\r\n<\/s>\r\n<br>\r\n<p><font color=\"red0000\">Este texto n\u00e3o substitui o documento original, publicado no Portal de Documentos em 25 de fevereiro de 2021.<\/font> Dispon\u00edvel em: <a href=\"https:\/\/portal.ufsm.br\/documentos\/publico\/documento.html?id=13463000\" target=\"_blank\"><font color=\"blue\">https:\/\/portal.ufsm.br\/documentos\/publico\/documento.html?id=13463000<\/font><\/a>\r\n\r\n\t\t<\/div>\n\t\t\t\t<\/div>\n\t\t\t\t\t<\/div>\n\t\t<\/div>\n\t\t\t\t\t<\/div>\n\t\t<\/section>\n\t\t\t\t<\/div>\n\t\t","protected":false},"excerpt":{"rendered":"<p>PORTARIA NORMATIVA CAL\/UFSM N. 001, DE 25 DE FEVEREIRO DE 2021 MINIST\u00c9RIO DA EDUCA\u00c7\u00c3O UNIVERSIDADE FEDERAL DE SANTA MARIA CENTRO DE ARTES E LETRAS PORTARIA NORMATIVA CAL\/UFSM N. 001, DE 25 DE FEVEREIRO DE 2021 Revogada pela Resolu\u00e7\u00e3o UFSM N. 116\/2023 A VICE-DIRETORA DO CENTRO DE ARTES E LETRAS DA UNIVERSIDADE FEDERAL DE SANTA MARIA, [&hellip;]<\/p>\n","protected":false},"author":230,"featured_media":0,"parent":0,"menu_order":0,"comment_status":"closed","ping_status":"closed","template":"","meta":{"footnotes":""},"categories":[],"tags":[],"class_list":["post-4404","page","type-page","status-publish","hentry"],"acf":[],"_links":{"self":[{"href":"https:\/\/www.ufsm.br\/pro-reitorias\/proplan\/wp-json\/wp\/v2\/pages\/4404","targetHints":{"allow":["GET"]}}],"collection":[{"href":"https:\/\/www.ufsm.br\/pro-reitorias\/proplan\/wp-json\/wp\/v2\/pages"}],"about":[{"href":"https:\/\/www.ufsm.br\/pro-reitorias\/proplan\/wp-json\/wp\/v2\/types\/page"}],"author":[{"embeddable":true,"href":"https:\/\/www.ufsm.br\/pro-reitorias\/proplan\/wp-json\/wp\/v2\/users\/230"}],"replies":[{"embeddable":true,"href":"https:\/\/www.ufsm.br\/pro-reitorias\/proplan\/wp-json\/wp\/v2\/comments?post=4404"}],"version-history":[{"count":0,"href":"https:\/\/www.ufsm.br\/pro-reitorias\/proplan\/wp-json\/wp\/v2\/pages\/4404\/revisions"}],"wp:attachment":[{"href":"https:\/\/www.ufsm.br\/pro-reitorias\/proplan\/wp-json\/wp\/v2\/media?parent=4404"}],"wp:term":[{"taxonomy":"category","embeddable":true,"href":"https:\/\/www.ufsm.br\/pro-reitorias\/proplan\/wp-json\/wp\/v2\/categories?post=4404"},{"taxonomy":"post_tag","embeddable":true,"href":"https:\/\/www.ufsm.br\/pro-reitorias\/proplan\/wp-json\/wp\/v2\/tags?post=4404"}],"curies":[{"name":"wp","href":"https:\/\/api.w.org\/{rel}","templated":true}]}}