{"id":4477,"date":"2021-05-06T14:29:10","date_gmt":"2021-05-06T17:29:10","guid":{"rendered":"https:\/\/www.ufsm.br\/pro-reitorias\/proplan\/?page_id=4477"},"modified":"2021-05-06T14:49:59","modified_gmt":"2021-05-06T17:49:59","slug":"portaria-normativa-conjunta-ufsm-iffar-n-022-2021","status":"publish","type":"page","link":"https:\/\/www.ufsm.br\/pro-reitorias\/proplan\/portaria-normativa-conjunta-ufsm-iffar-n-022-2021","title":{"rendered":"Portaria Normativa Conjunta UFSM\/IFFar N. 022\/2021"},"content":{"rendered":"\t\t<div data-elementor-type=\"wp-page\" data-elementor-id=\"4477\" class=\"elementor elementor-4477\">\n\t\t\t\t\t\t<section class=\"elementor-section elementor-top-section elementor-element elementor-element-c8c7451 elementor-section-boxed elementor-section-height-default elementor-section-height-default\" data-id=\"c8c7451\" data-element_type=\"section\">\n\t\t\t\t\t\t<div class=\"elementor-container elementor-column-gap-default\">\n\t\t\t\t\t<div class=\"elementor-column elementor-col-100 elementor-top-column elementor-element elementor-element-07d6b94\" data-id=\"07d6b94\" data-element_type=\"column\">\n\t\t\t<div class=\"elementor-widget-wrap elementor-element-populated\">\n\t\t\t\t\t\t<div class=\"elementor-element elementor-element-3430fdf elementor-widget elementor-widget-html\" data-id=\"3430fdf\" data-element_type=\"widget\" data-widget_type=\"html.default\">\n\t\t\t\t<div class=\"elementor-widget-container\">\n\t\t\t\r\n\r\n\r\n<title><b>PORTARIA NORMATIVA CONJUNTA UFSM\/IFFar N. 022\/2021<\/b><\/title>\r\n\r\n\r\n<div align=\"center\"><img decoding=\"async\" src=\"https:\/\/www.ufsm.br\/pro-reitorias\/proplan\/wp-content\/uploads\/sites\/344\/2019\/09\/brasao-da-republica-do-brasil-logo.png\" alt=\"Bras\u00e3o Rep\u00fablica Federativa do Brasil\" width=\"6%\" height=\"6%\"><\/div>    \r\n<h1><font color=\"blue\"><font size=\"5\"><div align=\"center\">MINIST\u00c9RIO DA EDUCA\u00c7\u00c3O<\/b><\/font><\/font><\/div><\/H1>\r\n<p><b><font color=\"0000blue\"><div align=\"center\">UNIVERSIDADE FEDERAL DE SANTA MARIA<\/b><\/font><\/div><\/p>\r\n<p><div align=\"center\"><b><a href=\"https:\/\/portal.ufsm.br\/documentos\/publico\/documento.html?id=13525632\" target=\"_blank\"><font color=\"blue\">PORTARIA NORMATIVA CONJUNTA UFSM \/IFFar N. 022, DE 27 DE ABRIL DE 2021<\/font><\/a><\/b><\/div><\/p>\r\n<br>\r\n<p><div align=\"right\"><font color=\"800000\">Delegar a responsabilidade com as documenta\u00e7\u00f5es relacionadas aos cursos t\u00e9cnicos do antigo Col\u00e9gio Agr\u00edcola de Frederico Westphalen.<\/font><\/div><\/p>\r\n<br>\r\n<br><div align=\"justify\">\r\n<p>O REITOR DA UNIVERSIDADE FEDERAL DE SANTA MARIA e a REITORA DO INSTITUTO FEDERAL  DE EDUCA\u00c7\u00c3O, CI\u00caNCIA E TECNOLOGIA FARROUPILHA no uso de suas atribui\u00e7oes legais e estatut\u00e1rias, e considerando:<\/p>\r\n<p>- A <a href=\"https:\/\/pesquisa.in.gov.br\/imprensa\/jsp\/visualiza\/index.jsp?jornal=1&amp;pagina=85&amp;data=31\/12\/2014\" target=\"_blank\"><font color=\"blue\"><u>Portaria MEC n\u00ba 1.075, de 30 de dezembro de 2014<\/u><\/font><\/a>, publicada no Di\u00e1rio Oficial da Uni\u00e3o em 31 de dezembro de 2014, que transfere o Col\u00e9gio Agr\u00edcola de Frederico Westphalen, da Universidade Federal de Santa Maria, para o Instituto Federal de Educa\u00e7\u00e3o, Ci\u00eancia e Tecnologia Farroupilha, com a denomina\u00e7\u00e3o Campus Frederico Westphalen e os acordos realizados durante o processo de migra\u00e7\u00e3o do Col\u00e9gio Agr\u00edcola de Frederico Westphalen da UFSM para o IFFar, contidos no processo administrativo n\u00ba <a href=\"https:\/\/portal.ufsm.br\/documentos\/publico\/processo\/documento.html?idDocumento=5226149\" target=\"_blank\"><font color=\"blue\"><u>23081.007068\/2012-12<\/u><\/font><\/a>,<\/p>\r\n<p>- A COTA N. 00044\/2021\/PROJUR\/PFUFSM\/PGF\/AGU;<\/p>\r\n<p>- O que consta no Processo Administrativo N. <a href=\"https:\/\/portal.ufsm.br\/documentos\/publico\/processo\/documento.html?idDocumento=13376028\" target=\"_blank\"><font color=\"blue\"><u>23081.006411\/2021-94<\/u><\/font><\/a>, resolvem conjuntamente:<\/p>\r\n<p>Art. 1\u00ba Delegar aos cargos abaixo relacionados, em conson\u00e2ncia com a organiza\u00e7\u00e3o administrativa praticada no \u00e2mbito da Universidade Federal de Santa Maria a pr\u00e1tica das atribui\u00e7\u00f5es em rela\u00e7\u00e3o \u00e0 responsabilidade com as documenta\u00e7\u00f5es relacionadas aos cursos t\u00e9cnicos, da secretaria escolar do antigo Col\u00e9gio Agr\u00edcola de Frederico Westphalen:<\/p>\r\n<p>I \u2013 o ocupante do Cargo de Diretor Geral do Campus Frederico Westphalen do Instituto Federal de Educa\u00e7\u00e3o, Ci\u00eancia e Tecnologia Farroupilha: assinaturas referentes ao sistema acad\u00eamico.<\/p>\r\n<p>II \u2013 o ocupante do Cargo de Diretor Geral Substituto do Campus Frederico Westphalen do Instituto Federal de Educa\u00e7\u00e3o, Ci\u00eancia e Tecnologia Farroupilha: assinaturas referentes ao sistema acad\u00eamico.<\/p>\r\n<p>Art. 2\u00ba Esta Portaria entra em vigor em em 28 de mar\u00e7o de 2021, por se tratar de urg\u00eancia justificada no expediente administrativo e revogando as Portarias UFSM:<\/p>\r\n<p>Par\u00e1grafo \u00fanico. Havendo qualquer modifica\u00e7\u00e3o legislativa, ou ainda, havendo qualquer situa\u00e7\u00e3o legal que impacte na legalidade da presente Portaria, a mesma se aplica de imediato.<\/p>\r\n<br>\r\n<table style=\"border-collapse:collapse;border-spacing:0\" class=\"tg\"><thead><tr><th style=\"border-color:#ffffff;border-style:solid;border-width:1px;font-family:Arial, sans-serif;font-size:16px;font-weight:normal;overflow:hidden;padding:10px 5px;text-align:left;vertical-align:top\">Paulo Afonso Burmann,<\/th><th style=\"border-color:#ffffff;border-style:solid;border-width:1px;font-family:Arial, sans-serif;font-size:16px;font-weight:normal;overflow:hidden;padding:10px 5px;text-align:left;vertical-align:top\">N\u00eddia Heringer,<\/th><\/tr><\/thead><tbody><tr><td style=\"border-color:#ffffff;border-style:solid;border-width:1px;font-family:Arial, sans-serif;font-size:16px;overflow:hidden;padding:10px 5px;text-align:left;vertical-align:top\">Reitor da UFSM.<\/td><td style=\"border-color:#ffffff;border-style:solid;border-width:1px;font-family:Arial, sans-serif;font-size:16px;overflow:hidden;padding:10px 5px;text-align:left;vertical-align:top\">Reitora do IFFar.<\/td><\/tr><\/tbody><\/table>\r\n<br>\r\n<p><font color=\"red0000\">Este texto n\u00e3o substitui o documento original, publicado no Portal de Documentos em 27 de abril de 2021.<\/font> Dispon\u00edvel em: <a href=\"https:\/\/portal.ufsm.br\/documentos\/publico\/documento.html?id=13525632\" target=\"_blank\"><font color=\"blue\">https:\/\/portal.ufsm.br\/documentos\/publico\/documento.html?id=13525632<\/font><\/a>\r\n\r\n\t\t<\/div>\n\t\t\t\t<\/div>\n\t\t\t\t\t<\/div>\n\t\t<\/div>\n\t\t\t\t\t<\/div>\n\t\t<\/section>\n\t\t\t\t<\/div>\n\t\t","protected":false},"excerpt":{"rendered":"<p>PORTARIA NORMATIVA CONJUNTA UFSM\/IFFar N. 022\/2021 MINIST\u00c9RIO DA EDUCA\u00c7\u00c3O UNIVERSIDADE FEDERAL DE SANTA MARIA PORTARIA NORMATIVA CONJUNTA UFSM \/IFFar N. 022, DE 27 DE ABRIL DE 2021 Delegar a responsabilidade com as documenta\u00e7\u00f5es relacionadas aos cursos t\u00e9cnicos do antigo Col\u00e9gio Agr\u00edcola de Frederico Westphalen. O REITOR DA UNIVERSIDADE FEDERAL DE SANTA MARIA e a REITORA [&hellip;]<\/p>\n","protected":false},"author":230,"featured_media":0,"parent":0,"menu_order":0,"comment_status":"closed","ping_status":"closed","template":"","meta":{"footnotes":""},"categories":[],"tags":[],"class_list":["post-4477","page","type-page","status-publish","hentry"],"acf":[],"_links":{"self":[{"href":"https:\/\/www.ufsm.br\/pro-reitorias\/proplan\/wp-json\/wp\/v2\/pages\/4477","targetHints":{"allow":["GET"]}}],"collection":[{"href":"https:\/\/www.ufsm.br\/pro-reitorias\/proplan\/wp-json\/wp\/v2\/pages"}],"about":[{"href":"https:\/\/www.ufsm.br\/pro-reitorias\/proplan\/wp-json\/wp\/v2\/types\/page"}],"author":[{"embeddable":true,"href":"https:\/\/www.ufsm.br\/pro-reitorias\/proplan\/wp-json\/wp\/v2\/users\/230"}],"replies":[{"embeddable":true,"href":"https:\/\/www.ufsm.br\/pro-reitorias\/proplan\/wp-json\/wp\/v2\/comments?post=4477"}],"version-history":[{"count":0,"href":"https:\/\/www.ufsm.br\/pro-reitorias\/proplan\/wp-json\/wp\/v2\/pages\/4477\/revisions"}],"wp:attachment":[{"href":"https:\/\/www.ufsm.br\/pro-reitorias\/proplan\/wp-json\/wp\/v2\/media?parent=4477"}],"wp:term":[{"taxonomy":"category","embeddable":true,"href":"https:\/\/www.ufsm.br\/pro-reitorias\/proplan\/wp-json\/wp\/v2\/categories?post=4477"},{"taxonomy":"post_tag","embeddable":true,"href":"https:\/\/www.ufsm.br\/pro-reitorias\/proplan\/wp-json\/wp\/v2\/tags?post=4477"}],"curies":[{"name":"wp","href":"https:\/\/api.w.org\/{rel}","templated":true}]}}