{"id":4505,"date":"2021-06-08T16:18:37","date_gmt":"2021-06-08T19:18:37","guid":{"rendered":"https:\/\/www.ufsm.br\/pro-reitorias\/proplan\/?page_id=4505"},"modified":"2021-06-08T16:19:21","modified_gmt":"2021-06-08T19:19:21","slug":"resolucao-n-055-2021-anexo-i","status":"publish","type":"page","link":"https:\/\/www.ufsm.br\/pro-reitorias\/proplan\/resolucao-n-055-2021-anexo-i","title":{"rendered":"Resolu\u00e7\u00e3o N. 055\/2021-Anexo I"},"content":{"rendered":"\t\t<div data-elementor-type=\"wp-page\" data-elementor-id=\"4505\" class=\"elementor elementor-4505\">\n\t\t\t\t\t\t<section class=\"elementor-section elementor-top-section elementor-element elementor-element-38f281f elementor-section-boxed elementor-section-height-default elementor-section-height-default\" data-id=\"38f281f\" data-element_type=\"section\">\n\t\t\t\t\t\t<div class=\"elementor-container elementor-column-gap-default\">\n\t\t\t\t\t<div class=\"elementor-column elementor-col-100 elementor-top-column elementor-element elementor-element-40d397f\" data-id=\"40d397f\" data-element_type=\"column\">\n\t\t\t<div class=\"elementor-widget-wrap elementor-element-populated\">\n\t\t\t\t\t\t<div class=\"elementor-element elementor-element-079020c elementor-widget elementor-widget-html\" data-id=\"079020c\" data-element_type=\"widget\" data-widget_type=\"html.default\">\n\t\t\t\t<div class=\"elementor-widget-container\">\n\t\t\t\n\n\n<title><b>RESOLU\u00c7\u00c3O N. 055\/2021-ANEXO<\/b><\/title>\n\n\n<div align=\"center\"><img decoding=\"async\" src=\"https:\/\/www.ufsm.br\/pro-reitorias\/proplan\/wp-content\/uploads\/sites\/344\/2019\/09\/brasao-da-republica-do-brasil-logo.png\" alt=\"Bras\u00e3o Rep\u00fablica Federativa do Brasil\" width=\"6%\" height=\"6%\"><\/div>    \n<h1><font color=\"blue\"><font size=\"5\"><div align=\"center\">MINIST\u00c9RIO DA EDUCA\u00c7\u00c3O<\/b><\/font><\/font><\/div><\/H1>\n<p><b><font color=\"0000blue\"><div align=\"center\">UNIVERSIDADE FEDERAL DE SANTA MARIA<\/b><\/font><\/div><\/p>\n<p><div align=\"center\"><b><a href=\"https:\/\/portal.ufsm.br\/documentos\/publico\/documento.html?id=13572887\"><font color=\"blue\">ANEXO 1 DA RESOLU\u00c7\u00c3O UFSM N. 055, DE 02 DE JUNHO DE 2021<\/font><\/a><\/b><\/div><\/p>\n<br>\n<table><table width=\"75%\">\n<tr><td width=\"15%\"><div align=\"center\">Descri\u00e7\u00e3o<\/div><\/td><td><div align=\"center\">Ementa\/Resumo<\/div><\/td><td><div align=\"center\">Data<\/div><\/td><\/tr>\n\n\n<tr><td><a href=\"https:\/\/www.ufsm.br\/pro-reitorias\/proplan\/resolucao-n-001-1965\/\" target=\"_blank\"><font color=\"blue\"><u>RESOLU\u00c7\u00c3O N. 001\/1965<\/u><\/font><\/a><\/td><td><div align=\"center\">Estabelece que as Unidades Universit\u00e1rias dispor\u00e3o anualmente,  a partir do exerc\u00edcio de 1.965, de Fundos Especiais,  para concess\u00e3o de \"Bolsas de Estudo\".<\/div><\/td><td><div align=\"center\">09\/06\/1965<\/div><\/td><\/tr>\n\n\n<tr><td><a href=\"https:\/\/www.ufsm.br\/pro-reitorias\/proplan\/resolucao-n-002-1965\/\" target=\"_blank\"><font color=\"blue\"><u>RESOLU\u00c7\u00c3O N. 002\/1965<\/u><\/font><\/a><\/td><td><div align=\"center\">Estabelece que a Universidade Federal de Santa Maria, destacar\u00e1 anualmente do Or\u00e7amento, recursos para fins de concess\u00e3o de \"Bolsas-Alimenta\u00e7\u00e3o\".<\/div><\/td><td><div align=\"center\">09\/06\/1965<\/div><\/td><\/tr>\n\n\n<tr><td><a href=\"https:\/\/www.ufsm.br\/pro-reitorias\/proplan\/resolucao-n-001-1969A\/\" target=\"_blank\"><font color=\"blue\"><u>RESOLU\u00c7\u00c3O N. 001\/1969A<\/u><\/font><\/a><\/td><td><div align=\"center\">Institui o certificado de participa\u00e7\u00e3o no est\u00e1gio do Campus Avan\u00e7ado de Roraima.<\/div><\/td><td><div align=\"center\">01\/10\/1969<\/div><\/td><\/tr>\n\n\n<tr><td><a href=\"https:\/\/www.ufsm.br\/pro-reitorias\/proplan\/resolucao-n-016-1978\/\" target=\"_blank\"><font color=\"blue\"><u>RESOLU\u00c7\u00c3O N. 016\/1978<\/u><\/font><\/a><\/td><td><div align=\"center\">Aprova a distribui\u00e7\u00e3o da carga hor\u00e1ria docente relacionada na publica\u00e7\u00e3o GRUPO MAGIST\u00c9RIO - HOR\u00c1RIO DE TRABALHO NO DEPARTAMENTO.<\/div><\/td><td><div align=\"center\">17\/07\/1978<\/div><\/td><\/tr>\n\n\n<tr><td><a href=\"https:\/\/www.ufsm.br\/pro-reitorias\/proplan\/resolucao-n-057-1979\/\" target=\"_blank\"><font color=\"blue\"><u>RESOLU\u00c7\u00c3O N. 057\/1979<\/u><\/font><\/a><\/td><td><div align=\"center\">Delega compet\u00eancias ao Pr\u00f3-reitor de Extens\u00e3o.<\/div><\/td><td><div align=\"center\">18\/07\/1979<\/div><\/td><\/tr>\n\n\n<tr><td><a href=\"https:\/\/www.ufsm.br\/pro-reitorias\/proplan\/resolucao-n-066-1979\/\" target=\"_blank\"><font color=\"blue\"><u>RESOLU\u00c7\u00c3O N. 066\/1979<\/u><\/font><\/a><\/td><td><div align=\"center\">Torna p\u00fablica as normas para a realiza\u00e7\u00e3o de cursos extracurriculares e\/ou de extens\u00e3o.<\/div><\/td><td><div align=\"center\">05\/09\/1979<\/div><\/td><\/tr>\n\n\n<tr><td><a href=\"https:\/\/www.ufsm.br\/pro-reitorias\/proplan\/resolucao-n-089-1980\/\" target=\"_blank\"><font color=\"blue\"><u>RESOLU\u00c7\u00c3O N. 089\/1980<\/u><\/font><\/a><\/td><td><div align=\"center\">Tornar p\u00fablicas altera\u00e7\u00f5es aprovadas pelo Egr\u00e9gio Conselho Universit\u00e1rio, na estrutura do Departamento de Administra\u00e7\u00e3o Hospitalar.<\/div><\/td><td><div align=\"center\">31\/10\/1980<\/div><\/td><\/tr>\n\n\n\n<tr><td><a href=\"https:\/\/www.ufsm.br\/pro-reitorias\/proplan\/resolucao-n-102-1981\/\" target=\"_blank\"><font color=\"blue\"><u>RESOLU\u00c7\u00c3O N. 102\/1981<\/u><\/font><\/a><\/td><td><div align=\"center\">Institui no \u00e2mbito da UFSM o programa de desenvolvimento de fontes alternativas de energia.<\/div><\/td><td><div align=\"center\">15\/06\/1981<\/div><\/td><\/tr>\n\n\n\n<tr><td><a href=\"https:\/\/www.ufsm.br\/pro-reitorias\/proplan\/resolucao-n-009-1982\/\" target=\"_blank\"><font color=\"blue\"><u>RESOLU\u00c7\u00c3O N. 009\/1982<\/u><\/font><\/a><\/td><td><div align=\"center\">Altera a reda\u00e7\u00e3o do art. 16 da Resolu\u00e7\u00e3o n\u00ba 110 - Normas para o exerc\u00edcio das fun\u00e7\u00f5es de ALUNO MONITOR da UFSM.<\/div><\/td><td><div align=\"center\">04\/04\/1982<\/div><\/td><\/tr>\n\n\n\n\n\n\n\n\n\n\n<tr><td><a href=\"https:\/\/www.ufsm.br\/pro-reitorias\/proplan\/resolucao-n-023-1982\/\" target=\"_blank\"><font color=\"blue\"><u>RESOLU\u00c7\u00c3O N. 023\/1982<\/u><\/font><\/a><\/td><td><div align=\"center\">Delega compet\u00eancia ao Sr. Pr\u00f3-reitor de Extens\u00e3o para autorizar o pagamento de servi\u00e7os extraordin\u00e1rios para casos que especifica.<\/div><\/td><td><div align=\"center\">21\/12\/1982<\/div><\/td><\/tr>\n\n\n\n\n\n<tr><td><a href=\"https:\/\/www.ufsm.br\/pro-reitorias\/proplan\/resolucao-n-020-1985\/\" target=\"_blank\"><font color=\"blue\"><u>RESOLU\u00c7\u00c3O N. 020\/1985<\/u><\/font><\/a><\/td><td><div align=\"center\">Disp\u00f5e sobre a concess\u00e3o da medalha de pesquisador.<\/div><\/td><td><div align=\"center\">06\/12\/1985<\/div><\/td><\/tr>\n\n\n\n\n<tr><td><a href=\"https:\/\/www.ufsm.br\/pro-reitorias\/proplan\/resolucao-n-027-1987\/\" target=\"_blank\"><font color=\"blue\"><u>RESOLU\u00c7\u00c3O N. 027\/1987<\/u><\/font><\/a><\/td><td><div align=\"center\">Define procedimentos e responsabilidades sobre corte de \u00e1rvores no Campus.<\/div><\/td><td><div align=\"center\">02\/07\/1987<\/div><\/td><\/tr>\n\n\n\n<tr><td><a href=\"https:\/\/www.ufsm.br\/pro-reitorias\/proplan\/resolucao-n-050-1989\/\" target=\"_blank\"><font color=\"blue\"><u>\n\nRESOLU\u00c7\u00c3O N. 050\/1989<\/u><\/font><\/a><\/td><td><div align=\"center\">Institui o Programa de Est\u00e1gio Supervisionado no \u00e2mbito da Crech\u00ea\/UFSM.<\/div><\/td><td><div align=\"center\">14\/08\/1989<\/div><\/td><\/tr>\n\n\n<tr><td><a href=\"https:\/\/www.ufsm.br\/pro-reitorias\/proplan\/resolucao-n-019-1990\/\" target=\"_blank\"><font color=\"blue\"><u>\n\nRESOLU\u00c7\u00c3O N. 019\/1990<\/u><\/font><\/a><\/td><td><div align=\"center\">Fica o Reitor Autorizado Ad Referendum a Receber Acr\u00e9scimo ao Or\u00e7amento de Qualquer Fonte, devendo a sua destina\u00e7\u00e3o ser submetida ao Conselho Universit\u00e1rio.<\/div><\/td><td><div align=\"center\">19\/09\/1990<\/div><\/td><\/tr>\n\n\n\n\n<tr><td><a href=\"https:\/\/www.ufsm.br\/pro-reitorias\/proplan\/resolucao-n-004-1992\/\" target=\"_blank\"><font color=\"blue\"><u>\n\nRESOLU\u00c7\u00c3O N. 004\/1992<\/u><\/font><\/a><\/td><td><div align=\"center\">Estabelece  gratifica\u00e7\u00e3o  por Encargos  com  Cursos  de Treinamento  e  Aperfei\u00e7oamento.<\/div><\/td><td><div align=\"center\">20\/04\/1992<\/div><\/td><\/tr>\n\n\n\n\n<tr><td><a href=\"https:\/\/www.ufsm.br\/pro-reitorias\/proplan\/resolucao-n-006-1993\/\" target=\"_blank\"><font color=\"blue\"><u>\n\nRESOLU\u00c7\u00c3O N. 006\/1993<\/u><\/font><\/a><\/td><td><div align=\"center\">Regimento Geral dos Programas\/ Cursos de P\u00f3s-Gradua\u00e7\u00e3o.<\/div><\/td><td><div align=\"center\">10\/03\/1993<\/div><\/td><\/tr>\n\n\n\n<tr><td><a href=\"https:\/\/www.ufsm.br\/pro-reitorias\/proplan\/resolucao-n-016-1993\/\" target=\"_blank\"><font color=\"blue\"><u>\n\nRESOLU\u00c7\u00c3O N. 016\/1993<\/u><\/font><\/a><\/td><td><div align=\"center\">Estabelece Normas Visando a Disciplinar a Utiliza\u00e7\u00e3o de Estudos de Problemas Brasileiros nos Curr\u00edculos dos Cursos da UFSM, em obedi\u00eancia ao disposto na Lei n\u00ba 8.663, de 14 de junho de 1993, que revogou o Decreto-Lei n\u00ba 869, de 12 de dezembro de 1969.<\/div><\/td><td><div align=\"center\">24\/08\/1993<\/div><\/td><\/tr>\n\n\n\n\n\n\n\n<tr><td><a href=\"https:\/\/www.ufsm.br\/pro-reitorias\/proplan\/resolucao-n-003-1994\/\" target=\"_blank\"><font color=\"blue\"><u>\n\nRESOLU\u00c7\u00c3O N. 003\/1994<\/u><\/font><\/a><\/td><td><div align=\"center\">Declarar que o Hospital Universit\u00e1rio de Santa Maria passa a constituir-se em \u00f3rg\u00e3o integrante da Administra\u00e7\u00e3o Central da UFSM.<\/div><\/td><td><div align=\"center\">30\/03\/1994<\/div><\/td><\/tr>\n\n\n\n\n<tr><td><a href=\"https:\/\/www.ufsm.br\/pro-reitorias\/proplan\/resolucao-n-019-1994\/\" target=\"_blank\"><font color=\"blue\"><u> RESOLU\u00c7\u00c3O N. 019\/1994<\/u><\/font><\/a><\/td><td><div align=\"center\">Mant\u00e9m o pagamento dos 84,32% at\u00e9 31-12-94.<\/div><\/td><td><div align=\"center\">14\/09\/1994<\/div><\/td><\/tr>\n\n\n\n<tr><td><a href=\"https:\/\/www.ufsm.br\/pro-reitorias\/proplan\/resolucao-n-020-1994\/\" target=\"_blank\"><font color=\"blue\"><u>\n\nRESOLU\u00c7\u00c3O N. 020\/1994<\/u><\/font><\/a><\/td><td><div align=\"center\">Autoriza a Abertura de Cr\u00e9dito Or\u00e7ament\u00e1rio Adicional ao Hospital Universit\u00e1rio.<\/div><\/td><td><div align=\"center\">13\/09\/1994<\/div><\/td><\/tr>\n\n\n\n\n<tr><td><a href=\"https:\/\/www.ufsm.br\/pro-reitorias\/proplan\/resolucao-n-023-1994\/\" target=\"_blank\"><font color=\"blue\"><u>\n\nRESOLU\u00c7\u00c3O N. 023\/1994<\/u><\/font><\/a><\/td><td><div align=\"center\">Revoga as Resolu\u00e7\u00f5es N\u00ba 005\/94, de 10.05.94 e N\u00ba 009\/94, de 05.07.94, Disp\u00f5e sobre os Novos Prazos para Apresenta\u00e7\u00e3o dos Projetos de Avalia\u00e7\u00e3o dos Cursos da UFSM e d\u00e1 outras provid\u00eancias.<\/div><\/td><td><div align=\"center\">17\/10\/1994<\/div><\/td><\/tr>\n\n\n\n<tr><td><a href=\"https:\/\/www.ufsm.br\/pro-reitorias\/proplan\/resolucao-orcamentaria-n-002-1994\/\" target=\"_blank\"><font color=\"blue\"><u>\n\nRESOLU\u00c7\u00c3O OR\u00c7AMENT\u00c1RIA N. 002\/94<\/u><\/font><\/a><\/td><td><div align=\"center\">Revoga a Resolu\u00e7\u00e3o Or\u00e7ament\u00e1ria N\u00ba 01\/04 que Disp\u00f5e da Aprova\u00e7\u00e3o do Or\u00e7amento Interno da UFSM para o Exerc\u00edcio Financeiro de 1994.<\/div><\/td><td><div align=\"center\">31\/12\/1994<\/div><\/td><\/tr>\n\n\n\n\n<tr><td><a href=\"https:\/\/www.ufsm.br\/pro-reitorias\/proplan\/resolucao-n-023-1996\/\" target=\"_blank\"><font color=\"blue\"><u>\n\nRESOLU\u00c7\u00c3O N. 023\/1996<\/u><\/font><\/a><\/td><td><div align=\"center\">Regulamenta a Concess\u00e3o de F\u00e9rias aos Servidores da Universidade Federal de Santa Maria e Revoga a Resolu\u00e7\u00e3o N. 021\/94 de 28\/09\/94.<\/div><\/td><td><div align=\"center\">25\/10\/1996<\/div><\/td><\/tr>\n\n\n<tr><td><a href=\"https:\/\/www.ufsm.br\/pro-reitorias\/proplan\/resolucao-n-006-1997\/\" target=\"_blank\"><font color=\"blue\"><u>\n\nRESOLU\u00c7\u00c3O N. 006\/1997<\/u><\/font><\/a><\/td><td><div align=\"center\">Disp\u00f5e sobre a Participa\u00e7\u00e3o de Servidores da UFSM nas Atividades Realizadas pelas Funda\u00e7\u00f5es.<\/div><\/td><td><div align=\"center\">03\/04\/1997<\/div><\/td><\/tr>\n\n\n<tr><td><a href=\"https:\/\/www.ufsm.br\/pro-reitorias\/proplan\/resolucao-n-004-1999\/\" target=\"_blank\"><font color=\"blue\"><u>\n\nRESOLU\u00c7\u00c3O N. 004\/1999<\/u><\/font><\/a><\/td><td><div align=\"center\">Disciplina a Tramita\u00e7\u00e3o dos Processos de Compra de Aparelhos\/Equipamentos Eletro-Eletr\u00f4nicos na Institui\u00e7\u00e3o.<\/div><\/td><td><div align=\"center\">11\/06\/1999<\/div><\/td><\/tr>\n\n\n<tr><td><a href=\"https:\/\/www.ufsm.br\/pro-reitorias\/proplan\/resolucao-n-007-1999\/\" target=\"_blank\"><font color=\"blue\"><u>\n\nRESOLU\u00c7\u00c3O N. 007\/1999<\/u><\/font><\/a><\/td><td><div align=\"center\">Altera o Percentual dos Recursos do Fundo de Incentivo \u00e0 Extens\u00e3o - FIEX Destinados a Custeio e Bolsas para as  Atividades de Extens\u00e3o, Aprovado pelo Conselho de Ensino, Pesquisa e Extens\u00e3o em sua 540\u00aa Sess\u00e3o.<\/div><\/td><td><div align=\"center\">28\/06\/1999<\/div><\/td><\/tr>\n\n\n\n\n<tr><td><a href=\"https:\/\/www.ufsm.br\/pro-reitorias\/proplan\/resolucao-n-002-2000\/\" target=\"_blank\"><font color=\"blue\"><u>\n\nRESOLU\u00c7\u00c3O N. 002\/2000<\/u><\/font><\/a><\/td><td><div align=\"center\">Aprova as Normas para Distribui\u00e7\u00e3o de Recursos de Outros Custeios e Capital - OCC para o Or\u00e7amento 2000 - Abertura.<\/div><\/td><td><div align=\"center\">20\/03\/2000<\/div><\/td><\/tr>\n\n\n<tr><td><a href=\"https:\/\/www.ufsm.br\/pro-reitorias\/proplan\/resolucao-n-010-2000\/\" target=\"_blank\"><font color=\"blue\"><u>\n\nRESOLU\u00c7\u00c3O N. 010\/2000<\/u><\/font><\/a><\/td><td><div align=\"center\">Altera os Prazos Previstos no Par\u00e1grafo \u00danico do Art. 3\u00ba da Resolu\u00e7\u00e3o N. 008\/00, de 08.09.2000, que Sistematiza o  Cadastro de Atividades Docentes do Ensino de 3\u00ba Grau da UFSM, para os fins que especifica, revogando-a.<\/div><\/td><td><div align=\"center\">27\/09\/2000<\/div><\/td><\/tr>\n\n\n\n\n<tr><td><a href=\"https:\/\/www.ufsm.br\/pro-reitorias\/proplan\/resolucao-n-006-2001\/\" target=\"_blank\"><font color=\"blue\"><u>\n\nRESOLU\u00c7\u00c3O N. 006\/2001<\/u><\/font><\/a><\/td><td><div align=\"center\">Estabelece Normas de Regulamenta\u00e7\u00e3o, Registro e Avalia\u00e7\u00e3o das Atividades de Extens\u00e3o no \u00c2mbito da UFSM.<\/div><\/td><td><div align=\"center\">06\/06\/2001<\/div><\/td><\/tr>\n\n\n\n<tr><td><a href=\"https:\/\/www.ufsm.br\/pro-reitorias\/proplan\/resolucao-n-013-2004\/\" target=\"_blank\"><font color=\"blue\"><u>\n\nRESOLU\u00c7\u00c3O N. 013\/2004<\/u><\/font><\/a><\/td><td><div align=\"center\">Divulga a Aprova\u00e7\u00e3o, Pelo Conselho de Ensino, Pesquisa e Extens\u00e3o, da Publica\u00e7\u00e3o Estrutura e Apresenta\u00e7\u00e3o de Monografias, Disserta\u00e7\u00f5es e Teses; MDT - 6\u00aa  EDI\u00c7\u00c3O\" e Revoga a  Resolu\u00e7\u00e3o N. 006\/2000 de 21\/08\/2000.<\/div><\/td><td><div align=\"center\">07\/12\/2004<\/div><\/td><\/tr>\n\n\n\n\n<tr><td><a href=\"https:\/\/www.ufsm.br\/pro-reitorias\/proplan\/resolucao-n-022-2009\/\" target=\"_blank\"><font color=\"blue\"><u>\n\nRESOLU\u00c7\u00c3O N. 022\/2009<\/u><\/font><\/a><\/td><td><div align=\"center\">Aprova a Reestrutura\u00e7\u00e3o do Departamento de Registro e Controle Acad\u00eamico da Universidade Federal de Santa Maria.<\/div><\/td><td><div align=\"center\">15\/12\/2009<\/div><\/td><\/tr>\n\n\n\n<tr><td><a href=\"https:\/\/www.ufsm.br\/pro-reitorias\/proplan\/resolucao-n-047-2011\/\" target=\"_blank\"><font color=\"blue\"><u>\n\nRESOLU\u00c7\u00c3O N. 047\/2011<\/u><\/font><\/a><\/td><td><div align=\"center\">Cria, na Estrutura Organizacional do Hospital Universit\u00e1rio de Santa Maria - HUSM, o Gabinete de Projetos - GAP e d\u00e1 outras provid\u00eancias.<\/div><\/td><td><div align=\"center\">15\/12\/2011<\/div><\/td><\/tr>\n\n\n<tr><td><a href=\"https:\/\/www.ufsm.br\/pro-reitorias\/proplan\/resolucao-orcamentaria-n-001-2012\/\" target=\"_blank\"><font color=\"blue\"><u>\n\nRESOLU\u00c7\u00c3O OR\u00c7AMENT\u00c1RIA N. 001\/2012<\/u><\/font><\/a><\/td><td><div align=\"center\">Or\u00e7a a Receita e fixa a Despesa da Universidade Federal de Santa Maria para o Exerc\u00edcio Financeiro de 2012.<\/div><\/td><td><div align=\"center\">02\/07\/2012<\/div><\/td><\/tr>\n\n\n\n<tr><td><a href=\"https:\/\/www.ufsm.br\/pro-reitorias\/proplan\/resolucao-orcamentaria-n-001-2013\/\" target=\"_blank\"><font color=\"blue\"><u>\n\nRESOLU\u00c7\u00c3O OR\u00c7AMENT\u00c1RIA N. 001\/2013<\/u><\/font><\/a><\/td><td><div align=\"center\">Or\u00e7a a Receita e fixa a Despesa da Universidade Federal de Santa Maria para o Exerc\u00edcio Financeiro de 2013.<\/div><\/td><td><div align=\"center\">26\/07\/2013<\/div><\/td><\/tr>\n\n\n\n<tr><td><a href=\"https:\/\/www.ufsm.br\/pro-reitorias\/proplan\/resolucao-n-039-2013\/\" target=\"_blank\"><font color=\"blue\"><u>\n\nRESOLU\u00c7\u00c3O N. 039\/2013<\/u><\/font><\/a><\/td><td><div align=\"center\">Regulamenta a Mobilidade Acad\u00eamica Internacional do Programa Ci\u00eancia sem Fronteiras no \u00c2mbito da UFSM.<\/div><\/td><td><div align=\"center\">30\/12\/2013<\/div><\/td><\/tr>\n\n\n\n<tr><td><a href=\"https:\/\/www.ufsm.br\/pro-reitorias\/proplan\/resolucao-orcamentaria-n-001-2014\/\" target=\"_blank\"><font color=\"blue\"><u>\n\nRESOLU\u00c7\u00c3O OR\u00c7AMENT\u00c1RIA N. 001\/2014<\/u><\/font><\/a><\/td><td><div align=\"center\">Or\u00e7a a Receita e fixa a Despesa da Universidade Federal de Santa Maria para o Exerc\u00edcio Financeiro de 2014.<\/div><\/td><td><div align=\"center\">08\/07\/2014<\/div><\/td><\/tr>\n\n\n\n<tr><td><a href=\"https:\/\/www.ufsm.br\/pro-reitorias\/proplan\/resolucao-n-036-2015\/\" target=\"_blank\"><font color=\"blue\"><u>\n\nRESOLU\u00c7\u00c3O N. 036\/2015<\/u><\/font><\/a><\/td><td><div align=\"center\">Institui, em Car\u00e1ter Provis\u00f3rio, o Programa de Incentivo \u00e0 Inicia\u00e7\u00e3o Cient\u00edfica do Hospital Universit\u00e1rio de Santa Maria - PROIC-HUSM.<\/div><\/td><td><div align=\"center\">17\/04\/2015<\/div><\/td><\/tr>\n\n\n<tr><td><a href=\"https:\/\/www.ufsm.br\/pro-reitorias\/proplan\/resolucao-orcamentaria-n-001-2015\/\" target=\"_blank\"><font color=\"blue\"><u>\n\nRESOLU\u00c7\u00c3O OR\u00c7AMENT\u00c1RIA N. 001\/2015<\/u><\/font><\/a><\/td><td><div align=\"center\">Or\u00e7a a Receita e fixa a Despesa da Universidade Federal de Santa Maria para o Exerc\u00edcio Financeiro de 2015.<\/div><\/td><td><div align=\"center\">26\/08\/2015<\/div><\/td><\/tr>\n\n\n<tr><td><a href=\"https:\/\/www.ufsm.br\/pro-reitorias\/proplan\/resolucao-orcamentaria-n-001-2016\/\" target=\"_blank\"><font color=\"blue\"><u>\n\nRESOLU\u00c7\u00c3O OR\u00c7AMENT\u00c1RIA N. 001\/2016<\/u><\/font><\/a><\/td><td><div align=\"center\">Or\u00e7a a Receita e fixa a Despesa da Universidade Federal de Santa Maria para o Exerc\u00edcio Financeiro de 2016.<\/div><\/td><td><div align=\"center\">26\/08\/2016<\/div><\/td><\/tr>\n\n\n<tr><td><a href=\"https:\/\/www.ufsm.br\/pro-reitorias\/proplan\/resolucao-orcamentaria-n-001-2017\/\" target=\"_blank\"><font color=\"blue\"><u>\n\nRESOLU\u00c7\u00c3O OR\u00c7AMENT\u00c1RIA N. 001\/2017<\/u><\/font><\/a><\/td><td><div align=\"center\">Or\u00e7a a Receita e fixa a Despesa da Universidade Federal de Santa Maria para o Exerc\u00edcio Financeiro de 2017.<\/div><\/td><td><div align=\"center\">31\/07\/2017<\/div><\/td><\/tr>\n\n<tr><td><a href=\"https:\/\/www.ufsm.br\/pro-reitorias\/proplan\/resolucao-n-030-2017\/\" target=\"_blank\"><font color=\"blue\"><u>\n\nRESOLU\u00c7\u00c3O N. 030\/2017<\/u><\/font><\/a><\/td><td><div align=\"center\">Aprova a altera\u00e7\u00e3o do Regulamento Interno da Coordenadoria de A\u00e7\u00f5es Educacionais da UFSM, \u00d3rg\u00e3o Executivo da Administra\u00e7\u00e3o Superior.<\/div><\/td><td><div align=\"center\">19\/12\/2017<\/div><\/td><\/tr>\n\n\n<tr><td><a href=\"https:\/\/www.ufsm.br\/pro-reitorias\/proplan\/resolucao-orcamentaria-n-001-2018\/\" target=\"_blank\"><font color=\"blue\"><u>\n\nRESOLU\u00c7\u00c3O OR\u00c7AMENT\u00c1RIA N. 001\/2018<\/u><\/font><\/a><\/td><td><div align=\"center\">Or\u00e7a a Receita e fixa a Despesa da Universidade Federal de Santa Maria para o Exerc\u00edcio Financeiro de 2018.<\/div><\/td><td><div align=\"center\">08\/10\/2018<\/div><\/td><\/tr>\n\n\n\n\n\n\n\n<tr><td><a href=\"https:\/\/www.ufsm.br\/pro-reitorias\/proplan\/portaria-n-63-693-2012\/\" target=\"_blank\"><font color=\"blue\"><u>\n\nPortaria N. 63.693\/2012<\/u><\/font><\/a><\/td><td><div align=\"center\">Resolve sobre a jornada de trabalho dos servidores da Biblioteca Setorial do Centro de Ci\u00eancias Sociais e Humanas da UFSM.<\/div><\/td><td><div align=\"center\">30\/10\/2012<\/div><\/td><\/tr>\n\n<tr><td><a href=\"https:\/\/www.ufsm.br\/pro-reitorias\/proplan\/portaria-n-65-627-2013\/\" target=\"_blank\"><font color=\"blue\"><u>\n\nPortaria N. 65.627\/2013<\/u><\/font><\/a><\/td><td><div align=\"center\">Alterar a jornada de trabalho dos servidores da Biblioteca Setorial do Centro de Ci\u00eancias Naturais e Exatas da UFSM para 40 (quarenta) horas semanais.<\/div><\/td><td><div align=\"center\">30\/04\/2013<\/div><\/td><\/tr>\n\n\n\n<tr><td><a href=\"https:\/\/www.ufsm.br\/pro-reitorias\/proplan\/portaria-n-75-134-2015\/\" target=\"_blank\"><font color=\"blue\"><u>\n\nPortaria N. 75.134\/2015<\/u><\/font><\/a><\/td><td><div align=\"center\">Resolve, conforme Artigo 1\u00ba \u2014 A jornada de trabalho dos servidores da Secretaria do Departamento de Zootecnia, ser\u00e1 cumprida em turno de 6 (seis) horas di\u00e1rias ininterruptas e 30 (trinta) horas semanais, registradas em ponto eletr\u00f4nico.<\/div><\/td><td><div align=\"center\">08\/05\/2015<\/div><\/td><\/tr>\n\n\n\n<tr><td><a href=\"https:\/\/www.ufsm.br\/pro-reitorias\/proplan\/portaria-n-112-2019-cal\/\" target=\"_blank\"><font color=\"blue\"><u>\n\nPortaria N. 112\/2019 - CAL<\/u><\/font><\/a><\/td><td><div align=\"center\">Aprovar a cria\u00e7\u00e3o do \u00f3rg\u00e3o colegiado denominado \"Comiss\u00e3o Organizadora do 34\u00ba Festival de Inverno da UFSM\" vinculado ao Departamento de M\u00fasica do Centro de Artes e Letras (CAL) da Universidade Federal de Santa Maria (UFSM).<\/div><\/td><td><div align=\"center\">08\/07\/2019<\/div><\/td><\/tr>\n\n\n\n\n<tr><td><a href=\"https:\/\/www.ufsm.br\/pro-reitorias\/proplan\/portaria-n-021-2020-cal\/\" target=\"_blank\"><font color=\"blue\"><u>\n\nPortaria N. 021\/2020 - CAL<\/u><\/font><\/a><\/td><td><div align=\"center\">Aprovar a cria\u00e7\u00e3o do \u00f3rg\u00e3o colegiado denominado \"Comiss\u00e3o Disciplinar\" vinculado ao Centro de Artes e Letras (CAL) da Universidade Federal de Santa Maria (UFSM).<\/div><\/td><td><div align=\"center\">27\/02\/2020<\/div><\/td><\/tr>\n\n\n\n\n<tr><td><a href=\"https:\/\/www.ufsm.br\/pro-reitorias\/proplan\/portaria-n-028-2020-cal\/\" target=\"_blank\"><font color=\"blue\"><u>\n\nPortaria N. 028\/2020 - CAL<\/u><\/font><\/a><\/td><td><div align=\"center\">Aprovar a cria\u00e7\u00e3o do \u00f3rg\u00e3o colegiado denominado \"Comiss\u00e3o Especial\", em car\u00e1ter tempor\u00e1rio, vinculado \u00e0 Coordena\u00e7\u00e3o do Curso de Licenciatura em Teatro do Centro de Artes e Letras (CAL) da Universidade Federal de Santa Maria (UFSM).<\/div><\/td><td><div align=\"center\">11\/03\/2020<\/div><\/td><\/tr>\n\n\n<tr><td><a href=\"https:\/\/www.ufsm.br\/pro-reitorias\/proplan\/portaria-n-119-2020-cal\/\" target=\"_blank\"><font color=\"blue\"><u>\n\nPortaria N. 119\/2020 - CAL<\/u><\/font><\/a><\/td><td><div align=\"center\">Aprovar a cria\u00e7\u00e3o do \u00f3rg\u00e3o colegiado denominado \"Comiss\u00e3o Organizadora do 35\u00ba Festival de Inverno da UFSM\" vinculado ao Departamento de M\u00fasica do Centro de Artes e Letras (CAL) da Universidade Federal de Santa Maria (UFSM).<\/div><\/td><td><div align=\"center\">05\/10\/2020<\/div><\/td><\/tr>\n\n\n<\/div><\/table>\n<br>\n<p><font color=\"red0000\">Este texto n\u00e3o substitui o documento original, publicado no Portal de Documentos.<\/font> Dispon\u00edvel em: <a href=\"https:\/\/portal.ufsm.br\/documentos\/publico\/documento.html?id=13572887\"><font color=\"blue\">https:\/\/portal.ufsm.br\/documentos\/publico\/documento.html?id=13572887<\/font><\/a>\n\n\t\t<\/div>\n\t\t\t\t<\/div>\n\t\t\t\t\t<\/div>\n\t\t<\/div>\n\t\t\t\t\t<\/div>\n\t\t<\/section>\n\t\t\t\t<\/div>\n\t\t","protected":false},"excerpt":{"rendered":"<p>RESOLU\u00c7\u00c3O N. 055\/2021-ANEXO MINIST\u00c9RIO DA EDUCA\u00c7\u00c3O UNIVERSIDADE FEDERAL DE SANTA MARIA ANEXO 1 DA RESOLU\u00c7\u00c3O UFSM N. 055, DE 02 DE JUNHO DE 2021 Descri\u00e7\u00e3o Ementa\/Resumo Data RESOLU\u00c7\u00c3O N. 001\/1965 Estabelece que as Unidades Universit\u00e1rias dispor\u00e3o anualmente, a partir do exerc\u00edcio de 1.965, de Fundos Especiais, para concess\u00e3o de &#8220;Bolsas de Estudo&#8221;. 09\/06\/1965 RESOLU\u00c7\u00c3O N. [&hellip;]<\/p>\n","protected":false},"author":206,"featured_media":0,"parent":0,"menu_order":0,"comment_status":"closed","ping_status":"closed","template":"","meta":{"footnotes":""},"categories":[],"tags":[],"class_list":["post-4505","page","type-page","status-publish","hentry"],"acf":[],"_links":{"self":[{"href":"https:\/\/www.ufsm.br\/pro-reitorias\/proplan\/wp-json\/wp\/v2\/pages\/4505","targetHints":{"allow":["GET"]}}],"collection":[{"href":"https:\/\/www.ufsm.br\/pro-reitorias\/proplan\/wp-json\/wp\/v2\/pages"}],"about":[{"href":"https:\/\/www.ufsm.br\/pro-reitorias\/proplan\/wp-json\/wp\/v2\/types\/page"}],"author":[{"embeddable":true,"href":"https:\/\/www.ufsm.br\/pro-reitorias\/proplan\/wp-json\/wp\/v2\/users\/206"}],"replies":[{"embeddable":true,"href":"https:\/\/www.ufsm.br\/pro-reitorias\/proplan\/wp-json\/wp\/v2\/comments?post=4505"}],"version-history":[{"count":0,"href":"https:\/\/www.ufsm.br\/pro-reitorias\/proplan\/wp-json\/wp\/v2\/pages\/4505\/revisions"}],"wp:attachment":[{"href":"https:\/\/www.ufsm.br\/pro-reitorias\/proplan\/wp-json\/wp\/v2\/media?parent=4505"}],"wp:term":[{"taxonomy":"category","embeddable":true,"href":"https:\/\/www.ufsm.br\/pro-reitorias\/proplan\/wp-json\/wp\/v2\/categories?post=4505"},{"taxonomy":"post_tag","embeddable":true,"href":"https:\/\/www.ufsm.br\/pro-reitorias\/proplan\/wp-json\/wp\/v2\/tags?post=4505"}],"curies":[{"name":"wp","href":"https:\/\/api.w.org\/{rel}","templated":true}]}}