{"id":4507,"date":"2021-06-08T16:50:27","date_gmt":"2021-06-08T19:50:27","guid":{"rendered":"https:\/\/www.ufsm.br\/pro-reitorias\/proplan\/?page_id=4507"},"modified":"2023-03-02T09:56:08","modified_gmt":"2023-03-02T12:56:08","slug":"portaria-normativa-ufsm-n-025-2021","status":"publish","type":"page","link":"https:\/\/www.ufsm.br\/pro-reitorias\/proplan\/portaria-normativa-ufsm-n-025-2021","title":{"rendered":"Portaria Normativa UFSM N. 025\/2021"},"content":{"rendered":"\t\t<div data-elementor-type=\"wp-page\" data-elementor-id=\"4507\" class=\"elementor elementor-4507\">\n\t\t\t\t\t\t<section class=\"elementor-section elementor-top-section elementor-element elementor-element-99db064 elementor-section-boxed elementor-section-height-default elementor-section-height-default\" data-id=\"99db064\" data-element_type=\"section\">\n\t\t\t\t\t\t<div class=\"elementor-container elementor-column-gap-default\">\n\t\t\t\t\t<div class=\"elementor-column elementor-col-100 elementor-top-column elementor-element elementor-element-f1b366f\" data-id=\"f1b366f\" data-element_type=\"column\">\n\t\t\t<div class=\"elementor-widget-wrap elementor-element-populated\">\n\t\t\t\t\t\t<div class=\"elementor-element elementor-element-0fd485a elementor-widget elementor-widget-html\" data-id=\"0fd485a\" data-element_type=\"widget\" data-widget_type=\"html.default\">\n\t\t\t\t<div class=\"elementor-widget-container\">\n\t\t\t<title><b>PORTARIA NORMATIVA UFSM N. 025, DE 07 DE JUNHO DE 2021<\/b><\/title>\r\n<div align=\"center\"><img decoding=\"async\" src=\"https:\/\/www.ufsm.br\/pro-reitorias\/proplan\/wp-content\/uploads\/sites\/344\/2019\/09\/brasao-da-republica-do-brasil-logo.png\" alt=\"Bras\u00e3o Rep\u00fablica Federativa do Brasil\" width=\"6%\" height=\"6%\"><\/div>    \r\n<h1><font color=\"blue\"><font size=\"5\"><div align=\"center\">MINIST\u00c9RIO DA EDUCA\u00c7\u00c3O<\/b><\/font><\/font><\/div><\/H1>\r\n<p><b><font color=\"0000blue\"><div align=\"center\">UNIVERSIDADE FEDERAL DE SANTA MARIA<\/b><\/font><\/div><\/p>\r\n<p><div align=\"center\"><b><a href=\"https:\/\/portal.ufsm.br\/documentos\/publico\/documento.html?id=13572837\" target=\"_blank\"><font color=\"blue\">PORTARIA NORMATIVA UFSM N. 025, DE 07 DE JUNHO DE 2021<\/font><\/a><\/b><\/div><\/p>\r\n<br>\r\n<p><div align=\"right\"><font color=\"800000\">Complementa o <a href=\"https:\/\/www.ufsm.br\/pro-reitorias\/proplan\/portaria-normativa-n-001-2020-anexo\/\" target=\"_blank\"><font color=\"blue\"><u>Anexo I da Portaria Normativa N. 001, de 30 de setembro de 2020.<\/u><\/font><\/a><\/font><\/div><\/p>\r\n<br>\r\n<p><a href=\"https:\/\/www.ufsm.br\/pro-reitorias\/proplan?page_id=5264\" target=\"_blank\"><font color=\"blue\">Revogada pela Resolu\u00e7\u00e3o UFSM N. 116\/2023<\/font><\/a><\/p>\r\n<br><div align=\"justify\">\r\n<s>\r\n<p>O REITOR DA UNIVERSIDADE FEDERAL DE SANTA MARIA, no uso de suas atribui\u00e7\u00f5es legais e estatut\u00e1rias, considerando o que prev\u00ea os artigos 12 do <a href=\"http:\/\/www.planalto.gov.br\/ccivil_03\/_Ato2019-2022\/2019\/Decreto\/D10139.htm\" target=\"_blank\"><font color=\"blue\"><u>Decreto 10.139, de 28 de novembro de 2019<\/u><\/font><\/a> e altera\u00e7\u00f5es subsequentes e no <a href=\"https:\/\/portal.ufsm.br\/documentos\/publico\/processo\/documento.html?idDocumento=13203464\" target=\"_blank\"><font color=\"blue\"><u>processo administrativo 23081.034209\/2020-71<\/u><\/font><\/a>.\r\n<br>\r\n<p>RESOLVE:<\/p>\r\n<br>\r\n<p>Art. 1\u00ba Complementar a rela\u00e7\u00e3o de atos normativos inferiores a decreto vigentes no \u00e2mbito da Universidade Federal de Santa Maria, constantes no <a href=\"https:\/\/www.ufsm.br\/pro-reitorias\/proplan\/portaria-normativa-n-001-2020-anexo\/\" target=\"_blank\"><font color=\"blue\"><u>Anexo I da Portaria Normativa N. 001, de 30 de setembro de 2020<\/u><\/font><\/a>.\r\n<p>Par\u00e1grafo \u00fanico. Para a elabora\u00e7\u00e3o da listagem mencionada no Caput foi observado o que consta no Memorando N. 010, de 2\u00ba de junho de 2021, da Coordenadoria de Planejamento Administrativo da Pr\u00f3-reitoria de Planejamento (COPLAD\/PROPLAN). \r\n<p>Art. 2\u00ba Esta Portaria entra em vigor em 07 de junho de 2021, de acordo com o que prev\u00ea o artigo 4\u00ba do <a href=\"http:\/\/www.planalto.gov.br\/ccivil_03\/_Ato2019-2022\/2019\/Decreto\/D10139.htm\" target=\"_blank\"><font color=\"blue\"><u>Decreto 10.139\/2019<\/u><\/font><\/a>.\r\n<p>Par\u00e1grafo \u00fanico. Havendo qualquer modifica\u00e7\u00e3o legislativa, ou ainda, havendo qualquer situa\u00e7\u00e3o legal que impacte na legalidade da presente Portaria, a mesma se aplica de imediato.<p>\r\n<br>\r\n<p>Paulo Afonso Burmann,<\/p>\r\n<p>Reitor<\/p>\r\n<br>\r\n<p><div align=\"center\">ANEXO 1 DA PORTARIA NORMATIVA UFSM N. 025, DE 07 DE JUNHO DE 2021<\/div><\/p>\r\n<br>\r\n<table><table width=\"75%\">\r\n<tr><td width=\"20%\"><div align=\"center\">Descri\u00e7\u00e3o<\/div><\/td><td width=\"50%\"><div align=\"center\">Ementa<\/div><\/td><td><div align=\"center\">Data<\/div><\/td><\/tr>\r\n\r\n<tr><td><a href=\"https:\/\/www.ufsm.br\/pro-reitorias\/proplan\/portaria-n-63-693-2012\/\" target=\"_blank\"><font color=\"blue\"><u>Portaria N. 63.693\/2012<\/u><\/font><\/a><\/td><td><div align=\"center\">Resolve sobre a jornada de trabalho dos servidores da Biblioteca Setorial do Centro de Ci\u00eancias Sociais e Humanas da UFSM.<\/div><\/td><td><div align=\"center\">30\/10\/2012<\/div><\/td><\/tr>\r\n\r\n<tr><td><a href=\"https:\/\/www.ufsm.br\/pro-reitorias\/proplan\/portaria-n-66-627-2013\/\" target=\"_blank\"><font color=\"blue\"><u>Portaria N. 65.627\/2013<\/u><\/font><\/a><\/td><td><div align=\"center\">Alterar a jornada de trabalho dos servidores da Biblioteca Setorial do Centro de Ci\u00eancias Naturais e Exatas da UFSM para 40 (quarenta) horas semanais.<\/div><\/td><td><div align=\"center\">30\/04\/2013<\/div><\/td><\/tr>\r\n<tr><td><a href=\"https:\/\/www.ufsm.br\/pro-reitorias\/proplan\/portaria-n-66-241-2013\/\" target=\"_blank\"><font color=\"blue\"><u>Portaria N. 66.241\/2013<\/u><\/font><\/a><\/td><td><div align=\"center\">Resolve, conforme Artigo 1\u00ba - A jornada de trabalho dos servidores do Hospital Universit\u00e1rio de Santa Maria, que possuem jornada flexibilizada de trabalho atrav\u00e9s das portarias de n\u00ba <a href=\"https:\/\/www.ufsm.br\/pro-reitorias\/proplan\/portaria-n-62-161-2012\/\" target=\"_blank\"><font color=\"blue\"><u>62.161 de 31 de agosto de 2012<\/u><\/font><\/a>, <a href=\"https:\/\/www.ufsm.br\/pro-reitorias\/proplan\/portaria-n-64-169-2012\/\" target=\"_blank\"><font color=\"blue\"><u>64.169 de 29 de novembro de 2012<\/u><\/font><\/a>, <a href=\"https:\/\/www.ufsm.br\/pro-reitorias\/proplan\/portaria-n-64-170-2012\/\" target=\"_blank\"><font color=\"blue\"><u>64.170 de 29 de novembro de 2012<\/u><\/font><\/a>, <a href=\"https:\/\/www.ufsm.br\/pro-reitorias\/proplan\/portaria-n-64-171-2012\/\" target=\"_blank\"><font color=\"blue\"><u>64.171 de 29 de novembro de 2012<\/u><\/font><\/a>, <a href=\"https:\/\/www.ufsm.br\/pro-reitorias\/proplan\/portaria-n-65-030-2013\/\" target=\"_blank\"><font color=\"blue\"><u>65.030 de 15 de mar\u00e7o de 2013<\/u><\/font><\/a>, ser\u00e1 cumprida em turno de 6,00 (seis) horas ou 12,00 (doze) horas di\u00e1rias ininterruptas e 30 (trinta) horas semanais, registradas em ponto eletr\u00f4nico biom\u00e9trico.<\/div><\/td><td><div align=\"center\">17\/06\/2013<\/div><\/td><\/tr>\r\n\r\n<tr><td><a href=\"https:\/\/www.ufsm.br\/pro-reitorias\/proplan\/portaria-n-66-242-2013\/\" target=\"_blank\"><font color=\"blue\"><u>Portaria N. 66.242\/2013<\/u><\/font><\/a><\/td><td><div align=\"center\">Resolve, conforme Artigo 1\u00ba - A jornada de trabalho dos servidores do Restaurante Universit\u00e1rio \u2014 Centro e Campus -, que possuem jornada flexibilizada de trabalho atrav\u00e9s da portaria de n\u00ba <a href=\"https:\/\/www.ufsm.br\/pro-reitorias\/proplan\/portaria-n-64-642-2013\/\" target=\"_blank\"><font color=\"blue\"><u>64.642, de 05 de fevereiro de 2013<\/u><\/font><\/a> e seus apostilamentos, ser\u00e1 cumprida em turno de 6,00 (seis) horas di\u00e1rias ininterruptas e 30 (trinta) horas semanais, registradas em ponto eletr\u00f4nico biom\u00e9trico.<\/div><\/td><td><div align=\"center\">17\/06\/2013<\/div><\/td><\/tr>\r\n<tr><td><a href=\"https:\/\/www.ufsm.br\/pro-reitorias\/proplan\/portaria-n-66-243-2013\/\" target=\"_blank\"><font color=\"blue\"><u>Portaria N. 66.243\/2013<\/u><\/font><\/a><\/td><td><div align=\"center\">Resolve, conforme Artigo 1\u00ba - A jornada de trabalho dos servidores do Hospital Veterin\u00e1rio Universit\u00e1rio da UFSM , que possuem jornada flexibilizada de trabalho atrav\u00e9s da portaria de n\u00ba <a href=\"https:\/\/www.ufsm.br\/pro-reitorias\/proplan\/portaria-n-63-692-2012\/\" target=\"_blank\"><font color=\"blue\"><u>63.692, de 30 de outubro de 2012<\/u><\/font><\/a>, ser\u00e1 cumprida em turno de 6,00 (seis) horas di\u00e1rias ininterruptas e 30 (trinta) horas semanais, registradas em ponto eletr\u00f4nico.<\/div><\/td><td><div align=\"center\">17\/06\/2013<\/div><\/td><\/tr>\r\n<tr><td><a href=\"https:\/\/www.ufsm.br\/pro-reitorias\/proplan\/portaria-n-66-244-2013\/\" target=\"_blank\"><font color=\"blue\"><u>Portaria N. 66.244\/2013<\/u><\/font><\/a><\/td><td><div align=\"center\">Resolve, conforme Artigo 1\u00ba - A jornada de trabalho dos servidores das Bibliotecas \u2014 Central, Centro de Ci\u00eancias Sociais e Humanas e Centro de Ci\u00eancias Naturais e Exatas, que possuem jornada flexibilizada de trabalho atrav\u00e9s das portarias de n\u00ba <a href=\"https:\/\/www.ufsm.br\/pro-reitorias\/proplan\/portaria-n-63-412-2012\/\" target=\"_blank\"><font color=\"blue\"><u>63.412 de 21 de setembro de 2012<\/u><\/font><\/a>, <a href=\"https:\/\/www.ufsm.br\/pro-reitorias\/proplan\/portaria-n-63-693-2012\/\" target=\"_blank\"><font color=\"blue\"><u>63.693 de 30 de outubro de 2012<\/u><\/font><\/a> e <a href=\"https:\/\/www.ufsm.br\/pro-reitorias\/proplan\/portaria-n-65-627-2013\/\" target=\"_blank\"><font color=\"blue\"><u>65.627 de 30 de abril de 2013<\/u><\/font><\/a> e, ser\u00e1 cumprida em turno de 6,00 (seis) horas di\u00e1rias ininterruptas e 30 (trinta) horas semanais, registradas em ponto eletr\u00f4nico.<\/div><\/td><td><div align=\"center\">17\/06\/2013<\/div><\/td><\/tr>\r\n\t\r\n<tr><td><a href=\"https:\/\/www.ufsm.br\/pro-reitorias\/proplan\/portaria-n-75-134-2015\/\" target=\"_blank\"><font color=\"blue\"><u>Portaria N. 75.134\/2015<\/u><\/font><\/a><\/td><td><div align=\"center\">Resolve, conforme Artigo 1\u00ba \u2014 A jornada de trabalho dos servidores da Secretaria do Departamento de Zootecnia, ser\u00e1 cumprida em turno de 6 (seis) horas di\u00e1rias ininterruptas e 30 (trinta) horas semanais, registradas em ponto eletr\u00f4nico.<\/div><\/td><td><div align=\"center\">08\/05\/2015<\/div><\/td><\/tr>\r\n<tr><td><a href=\"https:\/\/www.ufsm.br\/pro-reitorias\/proplan\/portaria-n-75-145-2015\/\" target=\"_blank\"><font color=\"blue\"><u>Portaria N. 75.145\/2015<\/u><\/font><\/a><\/td><td><div align=\"center\">Resolve, Conforme Artigo 1\u00ba \u2014 A jornada de trabalho dos servidores da Biblioteca Setorial do Centro de Educa\u00e7\u00e3o, ser\u00e1 cumprida em turno de 6 (seis) horas di\u00e1rias ininterruptas e 30 (trinta) horas semanais, registradas em ponto eletr\u00f4nico.<\/div><\/td><td><div align=\"center\">11\/05\/2015<\/div><\/td><\/tr>\r\n<tr><td><a href=\"https:\/\/www.ufsm.br\/pro-reitorias\/proplan\/portaria-n-75-407-2015\/\" target=\"_blank\"><font color=\"blue\"><u>Portaria N. 75.407\/2015<\/u><\/font><\/a><\/td><td><div align=\"center\">Resolve, conforme Artigo 1\u00ba - A jornada de trabalho dos servidores da Secretaria de Apoio Administrativo e da Se\u00e7\u00e3o Bolsas da PRAE, ser\u00e1 cumprida em turno de 6 (seis) horas di\u00e1rias ininterruptas e 30 (trinta) horas semanais, registradas em ponto eletr\u00f4nico.<\/div><\/td><td><div align=\"center\">26\/05\/2015<\/div><\/td><\/tr>\r\n<tr><td><a href=\"https:\/\/www.ufsm.br\/pro-reitorias\/proplan\/portaria-n-75-608-2015\/\" target=\"_blank\"><font color=\"blue\"><u>Portaria N. 75.608\/2015<\/u><\/font><\/a><\/td><td><div align=\"center\">Resolve, conforme Artigo 1\u00ba - A jornada de trabalho dos servidores da Biblioteca Setorial - CCR ser\u00e1 cumprida em turno de 6 (seis) horas di\u00e1rias ininterruptas e 30 (trinta) horas semanais, registradas em ponto eletr\u00f4nico.<\/div><\/td><td><div align=\"center\">15\/06\/2015<\/div><\/td><\/tr>\r\n\r\n<tr><td><a href=\"https:\/\/www.ufsm.br\/pro-reitorias\/proplan\/portaria-n-78-149-2016\/\" target=\"_blank\"><font color=\"blue\"><u>Portaria N. 78.149\/2016<\/u><\/font><\/a><\/td><td><div align=\"center\">Resolve, conforme Artigo 1\u00ba - A jornada de trabalho dos t\u00e9cnico-administrativos do Laborat\u00f3rio de Inform\u00e1tica do CE \u2014 LINCE ser\u00e1 cumprida em turno de 6 (seis) horas di\u00e1rias ininterruptas e 30 (trinta) horas semanais, registradas em ponto eletr\u00f4nico.<\/div><\/td><td><div align=\"center\">22\/02\/2016<\/div><\/td><\/tr>\r\n<tr><td><a href=\"https:\/\/www.ufsm.br\/pro-reitorias\/proplan\/portaria-n-78-150-2016\/\" target=\"_blank\"><font color=\"blue\"><u>Portaria N. 78.150\/2016<\/u><\/font><\/a><\/td><td><div align=\"center\">Resolve, conforme Artigo 1\u00ba - A jornada de trabalho dos t\u00e9cnico-administrativos do Curso de Odontologia \u2014 CCS ser\u00e1 cumprida em turno de 6 (seis) horas di\u00e1rias ininterruptas e 30 (trinta) horas semanais, registradas em ponto eletr\u00f4nico.<\/div><\/td><td><div align=\"center\">22\/02\/2016<\/div><\/td><\/tr>\r\n<tr><td><a href=\"https:\/\/www.ufsm.br\/pro-reitorias\/proplan\/portaria-n-79-236-2016\/\" target=\"_blank\"><font color=\"blue\"><u>Portaria N. 79.236\/2016<\/u><\/font><\/a><\/td><td><div align=\"center\">Resolve, conforme Artigo 1\u00ba - A jornada de trabalho dos t\u00e9cnico-administrativos da Dire\u00e7\u00e3o do Centro Ci\u00eancias da Sa\u00fade \u2014 CCS ser\u00e1 cumprida em turno de 6 (seis) horas di\u00e1rias ininterruptas e 30 (trinta) horas semanais, registradas em ponto eletr\u00f4nico.<\/div><\/td><td><div align=\"center\">02\/05\/2016<\/div><\/td><\/tr>\r\n<tr><td><a href=\"https:\/\/www.ufsm.br\/pro-reitorias\/proplan\/portaria-n-79-514-2016\/\" target=\"_blank\"><font color=\"blue\"><u>Portaria N. 79.514\/2016<\/u><\/font><\/a><\/td><td><div align=\"center\">Resolve, conforme Artigo 1\u00ba - A jornada de trabalho dos t\u00e9cnico-administrativos da Biblioteca Setorial - CCNE ser\u00e1 cumprida em turno de 6 (seis) horas di\u00e1rias ininterruptas e 30 (trinta) horas semanais, registradas em ponto eletr\u00f4nico.<\/div><\/td><td><div align=\"center\">18\/05\/2016<\/div><\/td><\/tr>\r\n<tr><td><a href=\"https:\/\/www.ufsm.br\/pro-reitorias\/proplan\/portaria-n-80-773-2016\/\" target=\"_blank\"><font color=\"blue\"><u>Portaria N. 80.773\/2016<\/u><\/font><\/a><\/td><td><div align=\"center\">Resolve, conforme Artigo 1\u00ba - A jornada de trabalho dos t\u00e9cnico-administrativos do Curso de Fonoaudiologia e do Departamento de Fonoaudiologia do Centro de Ci\u00eancias da Sa\u00fade ser\u00e1 cumprida em turno de 6 (seis) horas di\u00e1rias ininterruptas e 30 (trinta) horas semanais, registradas em ponto eletr\u00f4nico.<\/div><\/td><td><div align=\"center\">24\/08\/2016<\/div><\/td><\/tr>\r\n<tr><td><a href=\"https:\/\/www.ufsm.br\/pro-reitorias\/proplan\/portaria-n-80-773-2016-apostila\/\" target=\"_blank\"><font color=\"blue\"><u>Portaria N. 80.773\/2016-APOSTILA<\/u><\/font><\/a><\/td><td><div align=\"center\">Resolve, INCLUIR na <a href=\"https:\/\/www.ufsm.br\/pro-reitorias\/proplan\/portaria-n-80-773-2016\/\" target=\"_blank\"><font color=\"blue\"><u>Portaria n. 80.773, de 22 de agosto de 2016<\/u><\/font><\/a>, que concedeu Flexibiliza\u00e7\u00e3o da Jornada de Trabalho dos t\u00e9cnico-administrativos do Curso de Fonoaudiologia e do Departamento de Fonoaudiologia do Centro de Ci\u00eancias da Sa\u00fade, o Curso-Programa PG Dist\u00farbios da Comunica\u00e7\u00e3o Humana - CCS.<\/div><\/td><td><div align=\"center\">22\/09\/2016<\/div><\/td><\/tr>\r\n\r\n<tr><td><a href=\"https:\/\/www.ufsm.br\/pro-reitorias\/proplan\/portaria-n-83-217-2017\/\" target=\"_blank\"><font color=\"blue\"><u>Portaria N. 83.217\/2017<\/u><\/font><\/a><\/td><td><div align=\"center\">Resolve, conforme Artigo 1\u00ba - A jornada de trabalho dos t\u00e9cnico-administrativos do Depto. Odontologia Restauradora \u2014 CCS ser\u00e1 cumprida em turno de 6 (seis) horas di\u00e1rias ininterruptas e 30 (trinta) horas semanais, registradas em ponto eletr\u00f4nico.<\/div><\/td><td><div align=\"center\">03\/04\/2017<\/div><\/td><\/tr>\r\n<tr><td><a href=\"https:\/\/www.ufsm.br\/pro-reitorias\/proplan\/portaria-n-112-2019-cal\/\" target=\"_blank\"><font color=\"blue\"><u>Portaria N. 112\/2019 - CAL<\/u><\/font><\/a><\/td><td><div align=\"center\">Aprovar a cria\u00e7\u00e3o do \u00f3rg\u00e3o colegiado denominado \"Comiss\u00e3o Organizadora do 34\u00ba Festival de Inverno da UFSM\" vinculado ao Departamento de M\u00fasica do Centro de Artes e Letras (CAL) da Universidade Federal de Santa Maria (UFSM).<\/div><\/td><td><div align=\"center\">08\/07\/2019<\/div><\/td><\/tr>\r\n<tr><td><a href=\"https:\/\/www.ufsm.br\/pro-reitorias\/proplan\/portaria-n-021-2020-cal\/\" target=\"_blank\"><font color=\"blue\"><u>Portaria N. 021\/2020 - CAL<\/u><\/font><\/a><\/td><td><div align=\"center\">Aprovar a cria\u00e7\u00e3o do \u00f3rg\u00e3o colegiado denominado \"Comiss\u00e3o Disciplinar\" vinculado ao Centro de Artes e Letras (CAL) da Universidade Federal de Santa Maria (UFSM).<\/div><\/td><td><div align=\"center\">27\/02\/2020<\/div><\/td><\/tr>\r\n<\/div><\/table>\r\n<\/s>\r\n<br>\r\n<p><font color=\"red0000\">Este texto n\u00e3o substitui o documento original, publicado no Portal de Documentos em 08 de junho de 2021.<\/font> Dispon\u00edvel em: <a href=\"https:\/\/portal.ufsm.br\/documentos\/publico\/documento.html?id=13572837\" target=\"_blank\"><font color=\"blue\">https:\/\/portal.ufsm.br\/documentos\/publico\/documento.html?id=13572837<\/font><\/a>\t\t<\/div>\n\t\t\t\t<\/div>\n\t\t\t\t\t<\/div>\n\t\t<\/div>\n\t\t\t\t\t<\/div>\n\t\t<\/section>\n\t\t\t\t<\/div>\n\t\t","protected":false},"excerpt":{"rendered":"<p>PORTARIA NORMATIVA UFSM N. 025, DE 07 DE JUNHO DE 2021 MINIST\u00c9RIO DA EDUCA\u00c7\u00c3O UNIVERSIDADE FEDERAL DE SANTA MARIA PORTARIA NORMATIVA UFSM N. 025, DE 07 DE JUNHO DE 2021 Complementa o Anexo I da Portaria Normativa N. 001, de 30 de setembro de 2020. Revogada pela Resolu\u00e7\u00e3o UFSM N. 116\/2023 O REITOR DA UNIVERSIDADE [&hellip;]<\/p>\n","protected":false},"author":206,"featured_media":0,"parent":0,"menu_order":0,"comment_status":"closed","ping_status":"closed","template":"","meta":{"footnotes":""},"categories":[],"tags":[],"class_list":["post-4507","page","type-page","status-publish","hentry"],"acf":[],"_links":{"self":[{"href":"https:\/\/www.ufsm.br\/pro-reitorias\/proplan\/wp-json\/wp\/v2\/pages\/4507","targetHints":{"allow":["GET"]}}],"collection":[{"href":"https:\/\/www.ufsm.br\/pro-reitorias\/proplan\/wp-json\/wp\/v2\/pages"}],"about":[{"href":"https:\/\/www.ufsm.br\/pro-reitorias\/proplan\/wp-json\/wp\/v2\/types\/page"}],"author":[{"embeddable":true,"href":"https:\/\/www.ufsm.br\/pro-reitorias\/proplan\/wp-json\/wp\/v2\/users\/206"}],"replies":[{"embeddable":true,"href":"https:\/\/www.ufsm.br\/pro-reitorias\/proplan\/wp-json\/wp\/v2\/comments?post=4507"}],"version-history":[{"count":0,"href":"https:\/\/www.ufsm.br\/pro-reitorias\/proplan\/wp-json\/wp\/v2\/pages\/4507\/revisions"}],"wp:attachment":[{"href":"https:\/\/www.ufsm.br\/pro-reitorias\/proplan\/wp-json\/wp\/v2\/media?parent=4507"}],"wp:term":[{"taxonomy":"category","embeddable":true,"href":"https:\/\/www.ufsm.br\/pro-reitorias\/proplan\/wp-json\/wp\/v2\/categories?post=4507"},{"taxonomy":"post_tag","embeddable":true,"href":"https:\/\/www.ufsm.br\/pro-reitorias\/proplan\/wp-json\/wp\/v2\/tags?post=4507"}],"curies":[{"name":"wp","href":"https:\/\/api.w.org\/{rel}","templated":true}]}}