{"id":4569,"date":"2021-07-13T10:39:22","date_gmt":"2021-07-13T13:39:22","guid":{"rendered":"https:\/\/www.ufsm.br\/pro-reitorias\/proplan\/?page_id=4569"},"modified":"2023-03-02T09:33:56","modified_gmt":"2023-03-02T12:33:56","slug":"resolucao-ufsm-n-059-2021","status":"publish","type":"page","link":"https:\/\/www.ufsm.br\/pro-reitorias\/proplan\/resolucao-ufsm-n-059-2021","title":{"rendered":"Resolu\u00e7\u00e3o UFSM N. 059\/2021"},"content":{"rendered":"\t\t<div data-elementor-type=\"wp-page\" data-elementor-id=\"4569\" class=\"elementor elementor-4569\">\n\t\t\t\t\t\t<section class=\"elementor-section elementor-top-section elementor-element elementor-element-572b207 elementor-section-boxed elementor-section-height-default elementor-section-height-default\" data-id=\"572b207\" data-element_type=\"section\">\n\t\t\t\t\t\t<div class=\"elementor-container elementor-column-gap-default\">\n\t\t\t\t\t<div class=\"elementor-column elementor-col-100 elementor-top-column elementor-element elementor-element-3e1b526\" data-id=\"3e1b526\" data-element_type=\"column\">\n\t\t\t<div class=\"elementor-widget-wrap elementor-element-populated\">\n\t\t\t\t\t\t<div class=\"elementor-element elementor-element-2ea04d0 elementor-widget elementor-widget-html\" data-id=\"2ea04d0\" data-element_type=\"widget\" data-widget_type=\"html.default\">\n\t\t\t\t<div class=\"elementor-widget-container\">\n\t\t\t\r\n\r\n\r\n<title><b>RESOLU\u00c7\u00c3O N. 059\/2021<\/b><\/title>\r\n\r\n\r\n<div align=\"center\"><img decoding=\"async\" src=\"https:\/\/www.ufsm.br\/pro-reitorias\/proplan\/wp-content\/uploads\/sites\/344\/2019\/09\/brasao-da-republica-do-brasil-logo.png\" alt=\"Bras\u00e3o Rep\u00fablica Federativa do Brasil\" width=\"6%\" height=\"6%\"><\/div>    \r\n<h1><font color=\"blue\"><font size=\"5\"><div align=\"center\">MINIST\u00c9RIO DA EDUCA\u00c7\u00c3O<\/b><\/font><\/font><\/div><\/H1>\r\n<p><b><font color=\"0000blue\"><div align=\"center\">UNIVERSIDADE FEDERAL DE SANTA MARIA<\/b><\/font><\/div><\/p>\r\n<p><div align=\"center\"><b><a href=\"https:\/\/portal.ufsm.br\/documentos\/publico\/documento.html?id=13618933\" target=\"_blank\"><font color=\"blue\">RESOLU\u00c7\u00c3O UFSM N. 059, DE 09 DE JULHO DE 2021<\/font><\/a><\/b><\/div><\/p>\r\n<br>\r\n<p><div align=\"right\"><font color=\"800000\">Estabelece que a <a href=\"https:\/\/www.ufsm.br\/pro-reitorias\/proplan\/resolucao-ufsm-n-047-2021\/\" target=\"_blank\"><font color=\"blue\"><u>Resolu\u00e7\u00e3o UFSM N. 047\/2021<\/u><\/font><\/a> que disp\u00f5e sobre a elabora\u00e7\u00e3o de lista tr\u00edplice para escolha de Reitor (a) da Universidade Federal de Santa Maria (UFSM), Gest\u00e3o 2022\/2025, retificada pela <a href=\"https:\/\/www.ufsm.br\/pro-reitorias\/proplan\/resolucao-ufsm-n-050-2021\/\" target=\"_blank\"><font color=\"blue\"><u>Resolu\u00e7\u00e3o UFSM N. 050\/2021<\/u><\/font><\/a>, passa a vigorar com as seguintes altera\u00e7\u00f5es.<\/font><\/div><\/p>\r\n<br>\r\n<p><a href=\"https:\/\/www.ufsm.br\/pro-reitorias\/proplan?page_id=5264\" target=\"_blank\"><font color=\"blue\">Revogada pela Resolu\u00e7\u00e3o UFSM N. 116\/2023<\/font><\/a><\/p>\r\n<br><div align=\"justify\">\r\n<s>\r\n<p>O REITOR DA UNIVERSIDADE FEDERAL DE SANTA MARIA, no uso de suas atribui\u00e7\u00f5es legais e estatut\u00e1rias, e considerando:<\/p>\r\n<p>- a <a href=\"http:\/\/www.planalto.gov.br\/ccivil_03\/leis\/l5540.htm\" target=\"_blank\"><font color=\"blue\"><u>Lei N. 5.540, de 28 de novembro de 1968<\/u><\/font><\/a>, que Fixa normas de organiza\u00e7\u00e3o e funcionamento do ensino superior e sua articula\u00e7\u00e3o com a escola m\u00e9dia, e d\u00e1 outras provid\u00eancias;<\/p>\r\n<p>- o art. 1\u00ba da <a href=\"http:\/\/www.planalto.gov.br\/ccivil_03\/leis\/l9192.htm\" target=\"_blank\"><font color=\"blue\"><u>Lei 9.192, de 21 de dezembro de 1995<\/u><\/font><\/a>, que altera dispositivos da <a href=\"\t\" target=\"_blank\"><font color=\"blue\"><u>Lei N. 5.540, de 28 de novembro de 1968<\/u><\/font><\/a>, que regulamentam o processo de escolha dos dirigentes universit\u00e1rios;<\/p>\r\n<p>- o art. 1\u00ba do <a href=\"http:\/\/www.planalto.gov.br\/ccivil_03\/decreto\/d1916.htm\" target=\"_blank\"><font color=\"blue\"><u>Decreto 1.916, de 23 de maio de 1996<\/u><\/font><\/a>, que regulamenta o processo de escolha dos dirigentes de institui\u00e7\u00f5es federais de ensino superior, nos termos da <a href=\"http:\/\/www.planalto.gov.br\/ccivil_03\/leis\/l9192.htm\" target=\"_blank\"><font color=\"blue\"><u>Lei N. 9.192, de 21 de dezembro de 1995<\/u><\/font><\/a>;<\/p>\r\n<p>\u2013 o <a href=\"http:\/\/www.planalto.gov.br\/ccivil_03\/_Ato2007-2010\/2007\/Decreto\/D6264.htm\" target=\"_blank\"><font color=\"blue\"><u>Decreto N. 6.264, de 22 de novembro de 2007<\/u><\/font><\/a>, que altera e acresce dispositivos ao do <a href=\"http:\/\/www.planalto.gov.br\/ccivil_03\/decreto\/d1916.htm\" target=\"_blank\"><font color=\"blue\"><u>Decreto N. 1.916, de 23 de maio de 1996<\/u><\/font><\/a>, que regulamenta o processo de escolha dos dirigentes de institui\u00e7\u00f5es federais de ensino superior, nos termos da <a href=\"http:\/\/www.planalto.gov.br\/ccivil_03\/leis\/l9192.htm\" target=\"_blank\"><font color=\"blue\"><u>Lei N. 9.192, de 21 de dezembro de 1995<\/u><\/font><\/a>, e d\u00e1 outras provid\u00eancias;<\/p>\r\n<p>- o art. 25 do <a href=\"https:\/\/www.ufsm.br\/pro-reitorias\/proplan\/estatuto-ufsm-2010\/\" target=\"_blank\"><font color=\"blue\"><u>Estatuto<\/u><\/font><\/a> da Universidade Federal de Santa Maria, com as adequa\u00e7\u00f5es aprovadas pela <a href=\"https:\/\/www.ufsm.br\/pro-reitorias\/proplan\/resolucao-n-037-2010\/\" target=\"_blank\"><font color=\"blue\"><u>Resolu\u00e7\u00e3o UFSM N. 037\/2010<\/u><\/font><\/a> e aprovadas pela Portaria N. 156, de 12 de mar\u00e7o de 2014, publicada no Di\u00e1rio Oficial da Uni\u00e3o em 13 de mar\u00e7o de 2014;<\/p>\r\n<p>\u2013 a Nota T\u00e9cnica N. 400\/2018\/CGLNES\/GAB\/SESU\/SESU;<\/p>\r\n<p>- a Recomenda\u00e7\u00e3o N. 8\/2021 da Procuradoria da Rep\u00fablica Polo em Santa Maria\/RS do Minist\u00e9rio P\u00fablico Federal, de 29 de junho de 2021;<\/p>\r\n<p>- Of\u00edcio N. 1129 da Procuradoria da Rep\u00fablica Polo em Santa Maria\/RS do Minist\u00e9rio P\u00fablico Federal, de 29 de junho de 2021;<\/p>\r\n<p>- Memorando N. 30, do Gabinete do Reitor, de 29 de junho de 2021;<\/p>\r\n<p>- o Of\u00edcio N. 270, de 30 de junho de 2021, que trata da Recomenda\u00e7\u00e3o N. 08\/2021 do Minist\u00e9rio P\u00fablico Federal: altera\u00e7\u00e3o de Cronograma Eleitoral;<\/p>\r\n<p>- a Nota N. 00206\/2021\/PROJUR\/PFUFSM\/PGF\/AGU de 01 de julho de 2021; e,<\/p>\r\n<p>- o Parecer N. 053\/2021 da Comiss\u00e3o de Legisla\u00e7\u00e3o e Regimentos (CLR), aprovado na 839\u00aa Sess\u00e3o do Conselho Universit\u00e1rio (CONSU), de 02 de julho de 2021, referente ao <a href=\"https:\/\/portal.ufsm.br\/documentos\/publico\/processo\/documento.html?idDocumento=13602061\" target=\"_blank\"><font color=\"blue\"><u>Processo N. 23081.052942\/2021-59<\/u><\/font><\/a>.<\/p>\r\n<br>\r\n<p>RESOLVE:<\/p>\r\n<br>\r\n<p>Art. 1\u00ba Estabelecer que a <a href=\"https:\/\/www.ufsm.br\/pro-reitorias\/proplan\/resolucao-ufsm-n-047-2021\/\" target=\"_blank\"><font color=\"blue\"><u>Resolu\u00e7\u00e3o UFSM N. 047\/2021<\/u><\/font><\/a> que disp\u00f5e sobre a elabora\u00e7\u00e3o de lista tr\u00edplice para escolha de Reitor (a) da Universidade Federal de Santa Maria (UFSM), Gest\u00e3o 2022\/2025, retificada pela <a href=\"https:\/\/www.ufsm.br\/pro-reitorias\/proplan\/resolucao-ufsm-n-050-2021\/\" target=\"_blank\"><font color=\"blue\"><u>Resolu\u00e7\u00e3o UFSM N. 050\/2021<\/u><\/font><\/a>, passa a vigorar com as seguintes altera\u00e7\u00f5es.<\/p>\r\n<p>Par\u00e1grafo \u00fanico. Os artigos 2\u00ba, 4\u00ba e 5\u00ba da <a href=\"https:\/\/www.ufsm.br\/pro-reitorias\/proplan\/resolucao-ufsm-n-047-2021\/\" target=\"_blank\"><font color=\"blue\"><u>Resolu\u00e7\u00e3o N. 047, de 30 de abril de 2021<\/u><\/font><\/a>, passam a vigorar com a seguinte reda\u00e7\u00e3o:<\/p>\r\n<br>\r\n<p>I - Art. 2\u00ba onde l\u00ea-se:<\/p>\r\n<p>O processo eleitoral para escolha de Reitor(a) da Universidade Federal de Santa Maria (UFSM), Gest\u00e3o 2022\/2025, observara\u0301 o seguinte cronograma:<\/p>\r\n<p>I - 01 de julho: deflagra\u00e7\u00e3o do processo eleitoral e nomea\u00e7\u00e3o de Comiss\u00e3o Eleitoral; <\/p>\r\n<p>II - 05 de julho de 2021: inscri\u00e7\u00e3o dos candidatos ao cargo de Reitor(a);<\/p>\r\n<p>III - 07 de julho de 2021: divulga\u00e7\u00e3o da homologa\u00e7\u00e3o das inscri\u00e7\u00f5es pela Comiss\u00e3o Eleitoral; <\/p>\r\n<p>IV - 08 de julho de 2021, ate\u0301 23h59min: prazo para interposi\u00e7\u00e3o de recursos contra decis\u00e3o da Comiss\u00e3o Eleitoral sobre homologa\u00e7\u00e3o das candidaturas; e, <\/p>\r\n<p>V - 12 de julho de 2021: realiza\u00e7\u00e3o da elei\u00e7\u00e3o para o cargo de Reitor(a) em reuni\u00e3o ampliada dos Conselhos Superiores.<\/p>\r\n<p>Leia-se:<\/p>\r\n<p>O processo eleitoral para escolha de Reitor(a) da Universidade Federal de Santa Maria (UFSM), Gest\u00e3o 2022\/2025, observara\u0301 o seguinte cronograma: <\/p>\r\n<p>I - 01 de julho: deflagra\u00e7\u00e3o do processo eleitoral e nomea\u00e7\u00e3o de Comiss\u00e3o Eleitoral;<\/p>\r\n<p>II - 12 a 16 de julho: inscri\u00e7\u00e3o dos candidatos ao cargo de Reitor(a);<\/p>\r\n<p>III - 17 de julho de 2021: divulga\u00e7\u00e3o da homologa\u00e7\u00e3o das inscri\u00e7\u00f5es pela Comiss\u00e3o Eleitoral;<\/p>\r\n<p>IV - 19 de julho de 2021, ate\u0301 23h59min: prazo para interposi\u00e7\u00e3o de recursos contra decis\u00e3o da Comiss\u00e3o Eleitoral sobre homologa\u00e7\u00e3o das candidaturas; <\/p>\r\n<p>V - 20 a 27 de julho de 2021, ate\u0301 23h59min: per\u00edodo de campanha eleitoral dos(as) candidatos(as) homologados(as) perante a Comiss\u00e3o Eleitoral; e, <\/p>\r\n<p>VI - 28 de julho de 2021: realiza\u00e7\u00e3o da elei\u00e7\u00e3o para o cargo de Reitor(a), em reuni\u00e3o ampliada dos Conselhos Superiores.<\/p>\r\n<br>\r\n<p>II - Art. 4\u00ba onde l\u00ea-se:<\/p>\r\n<p>As inscri\u00e7\u00f5es dos candidatos ao cargo de que trata esta resolu\u00e7\u00e3o dever\u00e3o ocorrer no dia 05 de julho de 2021, mediante requerimento devidamente preenchido e entregue em processo administrativo eletr\u00f4nico via PEN-SIE, direcionado a\u0300 Secretaria dos Conselhos. <\/p>\r\n<p>\u00a71\u00ba O resultado da avalia\u00e7\u00e3o e homologa\u00e7\u00e3o das inscri\u00e7\u00f5es ser\u00e1\u0301 divulgado pela Comiss\u00e3o Eleitoral ate\u0301 07 de julho de 2021, no site www.ufsm.br. <\/p>\r\n<p>\u00a72\u00ba Eventuais recursos dever\u00e3o ser interpostos ate\u0301 as 23h59min de 08 de julho de 2021, em processo administrativo eletr\u00f4nico via PEN-SIE direcionado a\u0300 Secretaria dos Conselhos, de modo a avaliar eventual reconsidera\u00e7\u00e3o ou convocar o Conselho Universit\u00e1rio para decis\u00e3o recursal.<\/p>\r\n<p>Leia-se:<\/p>\r\n<p>As inscri\u00e7\u00f5es dos candidatos ao cargo de que trata esta resolu\u00e7\u00e3o dever\u00e3o ocorrer mediante requerimento devidamente preenchido e entregue em processo administrativo eletr\u00f4nico via PEN-SIE, direcionado a\u0300 Secretaria dos Conselhos. <\/p>\r\n<p>\u00a71\u00ba O resultado da avalia\u00e7\u00e3o e homologa\u00e7\u00e3o das inscri\u00e7\u00f5es ser\u00e1\u0301 divulgado pela Comiss\u00e3o Eleitoral no site www.ufsm.br. <\/p>\r\n<p>\u00a72\u00ba Eventuais recursos dever\u00e3o ser interpostos, em processo administrativo eletr\u00f4nico via PEN-SIE direcionado a\u0300 Secretaria dos Conselhos, de modo a avaliar eventual reconsidera\u00e7\u00e3o ou convocar o Conselho Universit\u00e1rio para decis\u00e3o recursal.<\/p>\r\n<br>\r\n<p>III - Art. 5\u00ba onde l\u00ea-se:<\/p>\r\n<p>Realizar-se-\u00e1\u0301 reuni\u00e3o ampliada dos Conselhos Superiores em 12 de julho de 2021 voltada a\u0300 elabora\u00e7\u00e3o de lista tr\u00edplice para escolha de Reitor(a) da UFSM, Gest\u00e3o 2022\/2025.<\/p>\r\n<p>Leia-se:<\/p>\r\n<p>Realizar-se-\u00e1\u0301 reuni\u00e3o ampliada dos Conselhos Superiores para a elabora\u00e7\u00e3o de lista tr\u00edplice para escolha de Reitor(a) da UFSM, Gest\u00e3o 2022\/2025.<\/p>\r\n<br>\r\n<p>Art. 2\u00ba Esta resolu\u00e7\u00e3o entra em vigor 09 de julho de 2021, por se tratar de urg\u00eancia justificada no expediente administrativo.<\/p>\r\n<p>Par\u00e1grafo \u00fanico. Havendo qualquer modifica\u00e7\u00e3o legislativa, ou ainda, havendo qualquer situa\u00e7\u00e3o legal que   impacte na legalidade da presente Resolu\u00e7\u00e3o, a mesma se aplica de imediato.<\/p>\r\n<br>\r\n<br>\r\n<p>Paulo Afonso Burmann<\/p>\r\n<p>Reitor<\/p>\r\n<\/s>\r\n<br>\r\n<br>\r\n<p><font color=\"red0000\">Este texto n\u00e3o substitui o documento original, publicado no Portal de Documentos em 12 de julho de 2021.<\/font> Dispon\u00edvel em: <a href=\"https:\/\/portal.ufsm.br\/documentos\/publico\/documento.html?id=13618933\"><font color=\"blue\">https:\/\/portal.ufsm.br\/documentos\/publico\/documento.html?id=13618933<\/font><\/a>\r\n\r\n \t\t<\/div>\n\t\t\t\t<\/div>\n\t\t\t\t\t<\/div>\n\t\t<\/div>\n\t\t\t\t\t<\/div>\n\t\t<\/section>\n\t\t\t\t<\/div>\n\t\t","protected":false},"excerpt":{"rendered":"<p>RESOLU\u00c7\u00c3O N. 059\/2021 MINIST\u00c9RIO DA EDUCA\u00c7\u00c3O UNIVERSIDADE FEDERAL DE SANTA MARIA RESOLU\u00c7\u00c3O UFSM N. 059, DE 09 DE JULHO DE 2021 Estabelece que a Resolu\u00e7\u00e3o UFSM N. 047\/2021 que disp\u00f5e sobre a elabora\u00e7\u00e3o de lista tr\u00edplice para escolha de Reitor (a) da Universidade Federal de Santa Maria (UFSM), Gest\u00e3o 2022\/2025, retificada pela Resolu\u00e7\u00e3o UFSM N. [&hellip;]<\/p>\n","protected":false},"author":206,"featured_media":0,"parent":0,"menu_order":0,"comment_status":"closed","ping_status":"closed","template":"","meta":{"footnotes":""},"categories":[],"tags":[],"class_list":["post-4569","page","type-page","status-publish","hentry"],"acf":[],"_links":{"self":[{"href":"https:\/\/www.ufsm.br\/pro-reitorias\/proplan\/wp-json\/wp\/v2\/pages\/4569","targetHints":{"allow":["GET"]}}],"collection":[{"href":"https:\/\/www.ufsm.br\/pro-reitorias\/proplan\/wp-json\/wp\/v2\/pages"}],"about":[{"href":"https:\/\/www.ufsm.br\/pro-reitorias\/proplan\/wp-json\/wp\/v2\/types\/page"}],"author":[{"embeddable":true,"href":"https:\/\/www.ufsm.br\/pro-reitorias\/proplan\/wp-json\/wp\/v2\/users\/206"}],"replies":[{"embeddable":true,"href":"https:\/\/www.ufsm.br\/pro-reitorias\/proplan\/wp-json\/wp\/v2\/comments?post=4569"}],"version-history":[{"count":0,"href":"https:\/\/www.ufsm.br\/pro-reitorias\/proplan\/wp-json\/wp\/v2\/pages\/4569\/revisions"}],"wp:attachment":[{"href":"https:\/\/www.ufsm.br\/pro-reitorias\/proplan\/wp-json\/wp\/v2\/media?parent=4569"}],"wp:term":[{"taxonomy":"category","embeddable":true,"href":"https:\/\/www.ufsm.br\/pro-reitorias\/proplan\/wp-json\/wp\/v2\/categories?post=4569"},{"taxonomy":"post_tag","embeddable":true,"href":"https:\/\/www.ufsm.br\/pro-reitorias\/proplan\/wp-json\/wp\/v2\/tags?post=4569"}],"curies":[{"name":"wp","href":"https:\/\/api.w.org\/{rel}","templated":true}]}}