{"id":4647,"date":"2021-10-13T09:08:51","date_gmt":"2021-10-13T12:08:51","guid":{"rendered":"https:\/\/www.ufsm.br\/pro-reitorias\/proplan\/?page_id=4647"},"modified":"2021-10-29T08:36:07","modified_gmt":"2021-10-29T11:36:07","slug":"portaria-normativa-n-64-642-2013","status":"publish","type":"page","link":"https:\/\/www.ufsm.br\/pro-reitorias\/proplan\/portaria-normativa-n-64-642-2013","title":{"rendered":"Portaria Normativa N. 64.642\/2013"},"content":{"rendered":"\t\t<div data-elementor-type=\"wp-page\" data-elementor-id=\"4647\" class=\"elementor elementor-4647\">\n\t\t\t\t\t\t<section class=\"elementor-section elementor-top-section elementor-element elementor-element-9fafbbb elementor-section-boxed elementor-section-height-default elementor-section-height-default\" data-id=\"9fafbbb\" data-element_type=\"section\">\n\t\t\t\t\t\t<div class=\"elementor-container elementor-column-gap-default\">\n\t\t\t\t\t<div class=\"elementor-column elementor-col-100 elementor-top-column elementor-element elementor-element-08331d9\" data-id=\"08331d9\" data-element_type=\"column\">\n\t\t\t<div class=\"elementor-widget-wrap elementor-element-populated\">\n\t\t\t\t\t\t<div class=\"elementor-element elementor-element-20d66d6 elementor-widget elementor-widget-html\" data-id=\"20d66d6\" data-element_type=\"widget\" data-widget_type=\"html.default\">\n\t\t\t\t<div class=\"elementor-widget-container\">\n\t\t\t\r\n\r\n\r\n<title><b>PORTARIA N. 64.642\/2013<\/b><\/title>\r\n\r\n\r\n<div align=\"center\"><img decoding=\"async\" src=\"https:\/\/www.ufsm.br\/pro-reitorias\/proplan\/wp-content\/uploads\/sites\/344\/2019\/09\/brasao-da-republica-do-brasil-logo.png\" alt=\"Bras\u00e3o Rep\u00fablica Federativa do Brasil\" width=\"6%\" height=\"6%\"><\/div>    \r\n<h1><font color=\"blue\"><font size=\"5\"><div align=\"center\">MINIST\u00c9RIO DA EDUCA\u00c7\u00c3O<\/b><\/font><\/font><\/div><\/H1>\r\n<p><b><font color=\"0000blue\"><div align=\"center\">UNIVERSIDADE FEDERAL DE SANTA MARIA<\/b><\/font><\/div><\/p>\r\n<p><div align=\"center\"><b><a href=\"https:\/\/portal.ufsm.br\/documentos\/publico\/documento.html?id=8663546\" target=\"_blank\"><font color=\"blue\">PORTARIA N. 64.642, DE 05 DE FEVEREIRO DE 2013.<\/font><\/a><\/b><\/div><\/p>\r\n<br>\r\n<p><div align=\"right\"><font color=\"800000\"><s>Disp\u00f5e sobre o hor\u00e1rio de funcionamento do Restaurante Universit\u00e1rio - RU da Universidade Federal de Santa Maria, a jornada de trabalho e o acompanhamento da freq\u00fc\u00eancia de seus servidores.<\/s><\/font><\/div><\/p>\r\n<br>\r\n<p><a href=\"https:\/\/www.ufsm.br\/pro-reitorias\/proplan\/resolucao-ufsm-n-063-2021\/\" target=\"_blank\"><font color=\"blue\"> Revogada pela Resolu\u00e7\u00e3o UFSM N.063\/2021<\/a><\/font><\/p>\r\n<br>\r\n<br><div align=\"justify\">\r\n<p><s>O Reitor da Universidade Federal de Santa Maria, no uso de suas atribui\u00e7\u00f5es que lhe confere o artigo, 30, inciso XIX, do <a href=\"https:\/\/www.ufsm.br\/pro-reitorias\/proplan\/estatuto-ufsm-2010\/\" target=\"_blank\"><font color=\"blue\"><u>Estatuto<\/u><\/font><\/a>, aprovado pela Portaria do Minist\u00e9rio da Educa\u00e7\u00e3o, de n\u00ba 801, de 27 de abril de 2001;<\/p>\r\n<p><b>CONSIDERANDO<\/b> o disposto na <a href=\"http:\/\/www.planalto.gov.br\/ccivil_03\/leis\/l8112cons.htm\" target=\"_blank\"><font color=\"blue\"><u>Lei 8.112, de 11 de dezembro de 1990<\/u><\/font><\/a>, com a reda\u00e7\u00e3o dada pela <a href=\"http:\/\/www.planalto.gov.br\/ccivil_03\/leis\/l9527.htm\" target=\"_blank\"><font color=\"blue\"><u>Lei 9.527, de 10 de dezembro de 1997<\/u><\/font><\/a>;<\/p>\r\n<p><b>CONSIDERANDO<\/b> o disposto no <a href=\"http:\/\/www.planalto.gov.br\/ccivil_03\/decreto\/Antigos\/D948.htm\" target=\"_blank\"><font color=\"blue\"><u>Decreto n\u00b0 948, de 05 de outubro de 1993<\/u><\/font><\/a>;<\/p> \r\n<p><b>CONSIDERANDO<\/b> o disposto no <a href=\"http:\/\/www.planalto.gov.br\/ccivil_03\/decreto\/d1590.htm\" target=\"_blank\"><font color=\"blue\"><u>Decreto n\u00b0 1.590, de 10 de agosto de 1995<\/u><\/font><\/a>;<\/p>\r\n<p><b>CONSIDERANDO<\/b> o disposto no <a href=\"http:\/\/www.planalto.gov.br\/ccivil_03\/decreto\/d1867.htm\" target=\"_blank\"><font color=\"blue\"><u>Decreto n\u00b0 1.867, de 17 de abril de 1996<\/u><\/font><\/a>;<\/p>\r\n<p><b>CONSIDERANDO<\/b> o disposto no <a href=\"http:\/\/www.planalto.gov.br\/ccivil_03\/decreto\/2003\/d4836.htm\" target=\"_blank\"><font color=\"blue\"><u>Decreto n\u00b0 4.836, de 09 de setembro de 2003<\/u><\/font><\/a>;<\/p> \r\n<p><b>CONSIDERANDO<\/b> o princ\u00edpio da efici\u00eancia, previsto no artigo 37 da <a href=\"http:\/\/www.planalto.gov.br\/ccivil_03\/constituicao\/constituicao.htm\" target=\"_blank\"><font color=\"blue\"><u>Constitui\u00e7\u00e3o Federal<\/u><\/font><\/a>;<\/p>\r\n<p><b>CONSIDERANDO<\/b> a necessidade de imprimir maior produtividade aos trabalhos Restaurante Universit\u00e1rio - RU da Universidade Federal de Santa Maria;<\/p>\r\n<p><b>CONSIDERANDO<\/b> que o Restaurante Universit\u00e1rio - RU da Universidade Federal de Santa Maria tem funcionamento das 04:30 horas \u00e0s 20:45 horas, ininteruptamente, de segunda \u00e0 sexta-feira;<\/p>\r\n<p><b>CONSIDERANDO<\/b> os termos da <a href=\"https:\/\/www.ufsm.br\/pro-reitorias\/proplan\/resolucao-n-005-2012\/\" target=\"_blank\"><font color=\"blue\"><u>Resolu\u00e7\u00e3o n\u00b0 05\/12 da UFSM<\/u><\/font><\/a>, que regulamenta o controle da frequ\u00eancia dos servidores da UFSM;<\/p>\r\n<p><b>CONSIDERANDO<\/b> o contido no processo de n\u00b0 <a href=\"https:\/\/portal.ufsm.br\/documentos\/publico\/processo\/documento.html?idDocumento=5663594\" target=\"_blank\"><font color=\"blue\"><u>23081.001766\/2013-87<\/u><\/font><\/a>, que realizou estudos exigidos pelo <a href=\"http:\/\/www.planalto.gov.br\/ccivil_03\/decreto\/d1590.htm\" target=\"_blank\"><font color=\"blue\"><u>Decreto 1.590\/95<\/u><\/font><\/a>, de modo a subsidiar o dirigente m\u00e1ximo da autarquia para poss\u00edvel implanta\u00e7\u00e3o de jornada reduzida de trabalho;<\/p>\r\n<p><b>CONSIDERANDO<\/b> o interesse e o atendimento ao p\u00fablico realizado pelo Restaurante Universit\u00e1rio - RU da UFSM no hor\u00e1rio antes mencionado;<\/p>\r\n<br>\r\n<p><b>RESOLVE:<\/b><\/p>\r\n<br>\r\n<p>Artigo 1\u00b0 - A jornada de trabalho dos servidores do Restaurante Universit\u00e1rio - RU, relacionado no anexo I desta Portaria, ser\u00e1 cumprida em turno de 6,36 (seis horas e trinta e seis) horas di\u00e1rias ininterruptas e 33 (trinta e tr\u00eas) horas semanais, registradas em ponto eletr\u00f4nico biom\u00e9trico, devendo as 7 (sete) horas semanais complementares serem cumpridas em regime de sobreaviso e retaguarda.<\/p>\r\n<p>Par\u00e1grafo Primeiro - As horas n\u00e3o trabalhadas no regime de sobreaviso ou retaguarda, por aus\u00eancia de convoca\u00e7\u00e3o, ser\u00e3o liquidadas ao t\u00e9rmino do respectivo m\u00eas e consideradas como de efetivo exerc\u00edcio, sendo que as efetivamente trabalhadas n\u00e3o gerar\u00e3o pagamento de horas-extras.<\/p>\r\n<p>Par\u00e1grafo Segundo - A redu\u00e7\u00e3o da jornada para os setores autorizados no anexo I desta portaria, tem como pressuposto o atendimento ao p\u00fablico e per\u00edodo de trabalho noturno do Restaurante Universit\u00e1rio - RU, nos termos do artigo 3\u00ba e seu \u00a7 1\u00b0 do <a href=\"http:\/\/www.planalto.gov.br\/ccivil_03\/decreto\/d1590.htm\" target=\"_blank\"><font color=\"blue\"><u>Decreto 1.590\/95<\/u><\/font><\/a>.<\/p>\r\n<p>Artigo 2\u00b0 - Para fins desta portaria, considera-se regime de sobreaviso o per\u00edodo em que o servidor fica \u00e0 disposi\u00e7\u00e3o do Restaurante Universit\u00e1rio - RU, esperando seu chamado, para cumprimento de hor\u00e1rio predeterminado;<\/p>\r\n<p>Par\u00e1grafo \u00danico - Nenhum servidor, quando convocado, poder\u00e1 furtar-se de cumprir o regime de sobreaviso ou de trabalho de retaguarda.<\/p>\r\n<p>Artigo 3\u00b0 - O registro da jornada de trabalho dos servidores do Restaurante Universit\u00e1rio - RU ser\u00e1 feito por meio de ponto eletr\u00f4nico.<\/p>\r\n\r\n<p>Artigo 4\u00b0 - Os respons\u00e1veis por cada unidade ou setor do Restaurante Universit\u00e1rio - RU, que possuem em sua lota\u00e7\u00e3o servidores autorizados a flexibilizar a jornada, nos termos do anexo I desta portaria, organizar\u00e3o o hor\u00e1rio dos mesmos no respectivo local, observado o interesse p\u00fablico e da administra\u00e7\u00e3o, de modo a garantir a continuidade dos servi\u00e7os e a passagem ordenadas das tarefas. <\/p> \r\n<p>Par\u00e1grafo \u00fanico - Cada uma dessas unidades ou setores do Restaurante Universit\u00e1rio - RU dever\u00e1 afixar, em local vis\u00edvel ao p\u00fablico, rela\u00e7\u00e3o nominal dos servidores contantes do anexo I, com especifica\u00e7\u00e3o individual do hor\u00e1rio de entrada e sa\u00edda, cabendo \u00e0 chefia imediata zelarem pela fiel observ\u00e2ncia dessas disposi\u00e7\u00f5es.<\/p>\r\n\r\n<p>Artigo 5\u00b0 - Os ocupantes de Cargos de Dire\u00e7\u00e3o ou Fun\u00e7\u00e3o Gratificada cumprir\u00e3o jornada de 40 (quarenta) horas semanais e regime de dedica\u00e7\u00e3o integral, podendo ser convocados sem preju\u00edzo da jornada, sempre que presentes o interesse e a necessidade do servi\u00e7o.<\/p>\r\n\r\n<p>Artigo 6\u00b0 - Esta Portaria entrar\u00e1 em vigor no dia 05 de fevereiro de 2013.<\/p>\r\n<br>\r\n<p>Felipe Martins M\u00fcller,<\/p>\r\n<br><br>\r\n<p><div align=\"center\">Anexo I da Portaria 64.642 de 05 de fevereiro de 2013.<\/font><\/a><\/div><\/p>\r\n<br><br>\r\n<table><table width=\"75%\">\r\n\r\n<tr><th>SIAPE<\/th><th>RELA\u00c7\u00c3O DE SERVIDORES<\/th><\/tr>\r\n<tr><td>1958993<\/td><td>Camila Costa Gressler<\/td><\/tr>\r\n<tr><td>382889<\/td><td>Marizete Oliveira de Mesquita<\/td><\/tr>\r\n<tr><td>1190644<\/td><td>S\u00f4nia Elisa Kuhn Silveira<\/td><\/tr>\r\n<tr><td>1761632<\/td><td>Tiane Teixeira Tambar\u00e1<\/td><\/tr>\r\n<tr><td>379123<\/td><td>Jos\u00e9 Pedro Farias dos Santos<\/td><\/tr>\r\n<tr><td>1095007<\/td><td>Ar\u00edete Maria Vieira<\/td><\/tr>\r\n<tr><td>379582<\/td><td>Claudete Marlene Beyerstedt<\/td><\/tr>\r\n<tr><td>378916<\/td><td>Eunice Terezinha Rissi Machado<\/td><\/tr>\r\n<tr><td>382197<\/td><td>eidi Mari Gon\u00e7alves Pinheiro<\/td><\/tr>\r\n<tr><td>378996<\/td><td>Jos\u00e9 Renato Silva da Silva<\/td><\/tr>\r\n<tr><td>378726<\/td><td>Loreci Batista<\/td><\/tr>\r\n<tr><td>378790<\/td><td>Maria de Lourdes da Costa<\/td><\/tr>\r\n<tr><td>378752<\/td><td>Maria Rosa Flores Dalla Lana<\/td><\/tr>\r\n<tr><td>378820<\/td><td>Nilza Forner Trindade<\/td><\/tr>\r\n<tr><td>378779<\/td><td>N\u00edvia Forner<\/td><\/tr>\r\n<tr><td>378824<\/td><td>Regina Borges dos Santos<\/td><\/tr>\r\n<tr><td>382366<\/td><td>Rubia Mara Oliveira Niederauer<\/td><\/tr>\r\n<tr><td>1089271<\/td><td>Vani Luiza Fighera<\/td><\/tr>\r\n<tr><td>2030063<\/td><td>Ines Massulini<\/td><\/tr>\r\n<tr><td>1092606<\/td><td>S\u00f4nia Roselaine de Pr\u00e1 Venturini<\/td><\/tr>\r\n<tr><td>381716<\/td><td>Terezinha Azevedo da Silva<\/td><\/tr>\r\n<tr><td>1093146<\/td><td>Vera Terezinha Pinto de Lima<\/td><\/tr>\r\n<tr><td>381227<\/td><td>Ana Maria Lopes<\/td><\/tr>\r\n<tr><td>379324<\/td><td>Antoninha dos Santos Pache<\/td><\/tr>\r\n<tr><td>382039<\/td><td>Geny de F\u00e1tima de Almeida<\/td><\/tr>\r\n<tr><td>378756<\/td><td>Georgina Severo da Veiga<\/td><\/tr>\r\n<tr><td>379476<\/td><td>Jandira Maciel de Souza<\/td><\/tr>\r\n<tr><td>1027784<\/td><td>Jos\u00e9 Alberto Serra dos Santos<\/td><\/tr>\r\n<tr><td>382393<\/td><td>Luiz Gustavo Veiga<\/td><\/tr>\r\n<tr><td>378851<\/td><td>Lu\u00eds Enrique de Souza Martins<\/td><\/tr>\r\n<tr><td>1103938<\/td><td>Maria Catarina Seibel Schneider<\/td><\/tr>\r\n <\/div><\/table>\r\n<br><br><\/s>\r\n<p><font color=\"red0000\">Este texto n\u00e3o substitui o documento original, publicado no Portal de Documentos.<\/font> Dispon\u00edvel em: <a href=\"https:\/\/portal.ufsm.br\/documentos\/publico\/documento.html?id=8663546\"><font color=\"blue\">https:\/\/portal.ufsm.br\/documentos\/publico\/documento.html?id=8663546<\/font><\/a>\r\n\r\n\t\t<\/div>\n\t\t\t\t<\/div>\n\t\t\t\t\t<\/div>\n\t\t<\/div>\n\t\t\t\t\t<\/div>\n\t\t<\/section>\n\t\t\t\t<\/div>\n\t\t","protected":false},"excerpt":{"rendered":"<p>PORTARIA N. 64.642\/2013 MINIST\u00c9RIO DA EDUCA\u00c7\u00c3O UNIVERSIDADE FEDERAL DE SANTA MARIA PORTARIA N. 64.642, DE 05 DE FEVEREIRO DE 2013. Disp\u00f5e sobre o hor\u00e1rio de funcionamento do Restaurante Universit\u00e1rio &#8211; RU da Universidade Federal de Santa Maria, a jornada de trabalho e o acompanhamento da freq\u00fc\u00eancia de seus servidores. Revogada pela Resolu\u00e7\u00e3o UFSM N.063\/2021 O [&hellip;]<\/p>\n","protected":false},"author":205,"featured_media":0,"parent":0,"menu_order":0,"comment_status":"closed","ping_status":"closed","template":"","meta":{"footnotes":""},"categories":[],"tags":[],"class_list":["post-4647","page","type-page","status-publish","hentry"],"acf":[],"_links":{"self":[{"href":"https:\/\/www.ufsm.br\/pro-reitorias\/proplan\/wp-json\/wp\/v2\/pages\/4647","targetHints":{"allow":["GET"]}}],"collection":[{"href":"https:\/\/www.ufsm.br\/pro-reitorias\/proplan\/wp-json\/wp\/v2\/pages"}],"about":[{"href":"https:\/\/www.ufsm.br\/pro-reitorias\/proplan\/wp-json\/wp\/v2\/types\/page"}],"author":[{"embeddable":true,"href":"https:\/\/www.ufsm.br\/pro-reitorias\/proplan\/wp-json\/wp\/v2\/users\/205"}],"replies":[{"embeddable":true,"href":"https:\/\/www.ufsm.br\/pro-reitorias\/proplan\/wp-json\/wp\/v2\/comments?post=4647"}],"version-history":[{"count":0,"href":"https:\/\/www.ufsm.br\/pro-reitorias\/proplan\/wp-json\/wp\/v2\/pages\/4647\/revisions"}],"wp:attachment":[{"href":"https:\/\/www.ufsm.br\/pro-reitorias\/proplan\/wp-json\/wp\/v2\/media?parent=4647"}],"wp:term":[{"taxonomy":"category","embeddable":true,"href":"https:\/\/www.ufsm.br\/pro-reitorias\/proplan\/wp-json\/wp\/v2\/categories?post=4647"},{"taxonomy":"post_tag","embeddable":true,"href":"https:\/\/www.ufsm.br\/pro-reitorias\/proplan\/wp-json\/wp\/v2\/tags?post=4647"}],"curies":[{"name":"wp","href":"https:\/\/api.w.org\/{rel}","templated":true}]}}