{"id":4776,"date":"2021-12-31T08:52:20","date_gmt":"2021-12-31T11:52:20","guid":{"rendered":"https:\/\/www.ufsm.br\/pro-reitorias\/proplan\/?page_id=4776"},"modified":"2021-12-31T08:55:09","modified_gmt":"2021-12-31T11:55:09","slug":"portaria-normativa-ufsm-n-040-2021","status":"publish","type":"page","link":"https:\/\/www.ufsm.br\/pro-reitorias\/proplan\/portaria-normativa-ufsm-n-040-2021","title":{"rendered":"Portaria Normativa UFSM N. 040\/2021"},"content":{"rendered":"\t\t<div data-elementor-type=\"wp-page\" data-elementor-id=\"4776\" class=\"elementor elementor-4776\">\n\t\t\t\t\t\t<section class=\"elementor-section elementor-top-section elementor-element elementor-element-fc58d69 elementor-section-boxed elementor-section-height-default elementor-section-height-default\" data-id=\"fc58d69\" data-element_type=\"section\">\n\t\t\t\t\t\t<div class=\"elementor-container elementor-column-gap-default\">\n\t\t\t\t\t<div class=\"elementor-column elementor-col-100 elementor-top-column elementor-element elementor-element-9a98887\" data-id=\"9a98887\" data-element_type=\"column\">\n\t\t\t<div class=\"elementor-widget-wrap elementor-element-populated\">\n\t\t\t\t\t\t<div class=\"elementor-element elementor-element-82a21dc elementor-widget elementor-widget-html\" data-id=\"82a21dc\" data-element_type=\"widget\" data-widget_type=\"html.default\">\n\t\t\t\t<div class=\"elementor-widget-container\">\n\t\t\t\r\n<title><b>PORTARIA NORMATIVA UFSM N. 040, DE 30 DE DEZEMBRO DE 2021<\/b><\/title>\r\n<div align=\"center\"><img decoding=\"async\" src=\"https:\/\/www.ufsm.br\/pro-reitorias\/proplan\/wp-content\/uploads\/sites\/344\/2019\/09\/brasao-da-republica-do-brasil-logo.png\" alt=\"Bras\u00e3o Rep\u00fablica Federativa do Brasil\" width=\"6%\" height=\"6%\"><\/div>    \r\n<h1><font color=\"blue\"><font size=\"5\"><div align=\"center\">MINIST\u00c9RIO DA EDUCA\u00c7\u00c3O<\/div><\/font><\/font><\/h1>\r\n<p><b><font color=\"0000blue\"><div align=\"center\">UNIVERSIDADE FEDERAL DE SANTA MARIA<\/font><\/b><\/div>\r\n<p><div align=\"center\"><b><a href=\"https:\/\/portal.ufsm.br\/documentos\/publico\/documento.html?idDocumento=13914744\" target=\"_blank\"><font color=\"blue\">PORTARIA NORMATIVA UFSM N. 040, DE 30 DE DEZEMBRO DE 2021<\/font><\/a><\/b><\/div>\r\n<br>\r\n<p><div align=\"right\"><font color=\"800000\">Estabelece a aloca\u00e7\u00e3o de Cargos Comissionados na Coordenadoria de Planejamento e Avalia\u00e7\u00e3o Institucional e na Coordenadoria de Projetos e Conv\u00eanios da Pr\u00f3-Reitoria de Planejamento da Universidade Federal de Santa Maria (UFSM).<\/font><\/div>\r\n<br>\r\n<br><div align=\"justify\">\r\n<p>O REITOR DA UNIVERSIDADE FEDERAL DE SANTA MARIA, no uso de suas atribui\u00e7\u00f5es legais e estatut\u00e1rias e considerando a troca de Gest\u00e3o para o per\u00edodo 2022-2025,<\/p>\r\n<br>\r\n<p>RESOLVE:<\/p>\r\n<br>\r\n<p>Art. 1\u00ba Estabelecer a aloca\u00e7\u00e3o de Cargos Comissionados de n\u00edvel 3 e 4 na Coordenadoria de Planejamento e Avalia\u00e7\u00e3o Institucional (COPLAI-PROPLAN) e na Coordenadoria de Projetos e Conv\u00eanios (COPROC-PROPLAN) da Pr\u00f3-Reitoria de Planejamento (PROPLAN) da Universidade Federal de Santa Maria, da seguinte forma:<\/p>\r\n<p>I \u2013 CD3 na Coordenadoria de Planejamento e Avalia\u00e7\u00e3o Institucional (COPLAI-PROPLAN) da Pr\u00f3-Reitoria de Planejamento (PROPLAN); e,<\/p>\r\n<p>II - CD4 na Coordenadoria de Projetos e Conv\u00eanios (COPROC-PROPLAN) da Pr\u00f3-Reitoria de Planejamento (PROPLAN).<\/p>\r\n<p>Par\u00e1grafo \u00fanico.  O Cargo de Dire\u00e7\u00e3o (CD 3) atribu\u00eddo ao Pr\u00f3-Reitor Adjunto \u00e9 alocado como autoridade em uma das Coordenadorias da Pr\u00f3-Reitoria de Planejamento, com a denomina\u00e7\u00e3o de autoridade \u201cPr\u00f3-Reitor (a) Adjunto (a)\u201d e as autoridades respons\u00e1veis pelas demais Coordenadorias vinculadas \u00e0 Pr\u00f3-Reitoria de Planejamento s\u00e3o atribu\u00eddos o Cargo de Dire\u00e7\u00e3o (CD4), com a denomina\u00e7\u00e3o de autoridade \u201cCoordenador (a)\u201d.<\/p>\r\n\r\n<p>Art. 2\u00ba Esta Portaria Normativa entra em vigor em 03 de janeiro de 2022, por se tratar de urg\u00eancia justi\ufb01cada no expediente administrativo.<\/p>\r\n<p>Par\u00e1grafo \u00fanico. Havendo qualquer modifica\u00e7\u00e3o legislativa, ou ainda, havendo qualquer situa\u00e7\u00e3o legal que impacte na legalidade da presente Portaria Normativa, a mesma se aplica de imediato<\/p>\r\n<br>\r\n<p>Luciano Schuch<\/p>\r\n<p>Reitor<\/p>\r\n<br>\r\n<br>\r\n<p><font color=\"red0000\">Este texto n\u00e3o substitui o documento original, publicado no Di\u00e1rio Oficial da Uni\u00e3o em 31 de dezembro de 2021.<\/font> Dispon\u00edvel em: <a href=\"https:\/\/www.in.gov.br\/en\/web\/dou\/-\/portaria-normativa-ufsm-n-40-de-30-de-dezembro-de-2021-371536294\" target=\"_blank\"><font color=\"blue\">https:\/\/www.in.gov.br\/en\/web\/dou\/-\/portaria-normativa-ufsm-n-40-de-30-de-dezembro-de-2021-371536294<\/font><\/a><\/p><\/div>\r\n\r\n\t\t<\/div>\n\t\t\t\t<\/div>\n\t\t\t\t\t<\/div>\n\t\t<\/div>\n\t\t\t\t\t<\/div>\n\t\t<\/section>\n\t\t\t\t<\/div>\n\t\t","protected":false},"excerpt":{"rendered":"<p>PORTARIA NORMATIVA UFSM N. 040, DE 30 DE DEZEMBRO DE 2021 MINIST\u00c9RIO DA EDUCA\u00c7\u00c3O UNIVERSIDADE FEDERAL DE SANTA MARIA PORTARIA NORMATIVA UFSM N. 040, DE 30 DE DEZEMBRO DE 2021 Estabelece a aloca\u00e7\u00e3o de Cargos Comissionados na Coordenadoria de Planejamento e Avalia\u00e7\u00e3o Institucional e na Coordenadoria de Projetos e Conv\u00eanios da Pr\u00f3-Reitoria de Planejamento da [&hellip;]<\/p>\n","protected":false},"author":205,"featured_media":0,"parent":0,"menu_order":0,"comment_status":"closed","ping_status":"closed","template":"","meta":{"footnotes":""},"categories":[],"tags":[],"class_list":["post-4776","page","type-page","status-publish","hentry"],"acf":[],"_links":{"self":[{"href":"https:\/\/www.ufsm.br\/pro-reitorias\/proplan\/wp-json\/wp\/v2\/pages\/4776","targetHints":{"allow":["GET"]}}],"collection":[{"href":"https:\/\/www.ufsm.br\/pro-reitorias\/proplan\/wp-json\/wp\/v2\/pages"}],"about":[{"href":"https:\/\/www.ufsm.br\/pro-reitorias\/proplan\/wp-json\/wp\/v2\/types\/page"}],"author":[{"embeddable":true,"href":"https:\/\/www.ufsm.br\/pro-reitorias\/proplan\/wp-json\/wp\/v2\/users\/205"}],"replies":[{"embeddable":true,"href":"https:\/\/www.ufsm.br\/pro-reitorias\/proplan\/wp-json\/wp\/v2\/comments?post=4776"}],"version-history":[{"count":0,"href":"https:\/\/www.ufsm.br\/pro-reitorias\/proplan\/wp-json\/wp\/v2\/pages\/4776\/revisions"}],"wp:attachment":[{"href":"https:\/\/www.ufsm.br\/pro-reitorias\/proplan\/wp-json\/wp\/v2\/media?parent=4776"}],"wp:term":[{"taxonomy":"category","embeddable":true,"href":"https:\/\/www.ufsm.br\/pro-reitorias\/proplan\/wp-json\/wp\/v2\/categories?post=4776"},{"taxonomy":"post_tag","embeddable":true,"href":"https:\/\/www.ufsm.br\/pro-reitorias\/proplan\/wp-json\/wp\/v2\/tags?post=4776"}],"curies":[{"name":"wp","href":"https:\/\/api.w.org\/{rel}","templated":true}]}}