{"id":4897,"date":"2022-05-03T13:53:52","date_gmt":"2022-05-03T16:53:52","guid":{"rendered":"https:\/\/www.ufsm.br\/pro-reitorias\/proplan\/?page_id=4897"},"modified":"2025-08-22T15:51:27","modified_gmt":"2025-08-22T18:51:27","slug":"resolucao-ufsm-n-086-de-28-de-abril-de-2022","status":"publish","type":"page","link":"https:\/\/www.ufsm.br\/pro-reitorias\/proplan\/resolucao-ufsm-n-086-de-28-de-abril-de-2022","title":{"rendered":"RESOLU\u00c7\u00c3O UFSM N\u00b0 086\/2022"},"content":{"rendered":"\t\t<div data-elementor-type=\"wp-page\" data-elementor-id=\"4897\" class=\"elementor elementor-4897\">\n\t\t\t\t\t\t<section class=\"elementor-section elementor-top-section elementor-element elementor-element-1d13c516 elementor-section-boxed elementor-section-height-default elementor-section-height-default\" data-id=\"1d13c516\" data-element_type=\"section\">\n\t\t\t\t\t\t<div class=\"elementor-container elementor-column-gap-default\">\n\t\t\t\t\t<div class=\"elementor-column elementor-col-100 elementor-top-column elementor-element elementor-element-2675fb1c\" data-id=\"2675fb1c\" data-element_type=\"column\">\n\t\t\t<div class=\"elementor-widget-wrap elementor-element-populated\">\n\t\t\t\t\t\t<div class=\"elementor-element elementor-element-672df6d9 elementor-widget elementor-widget-text-editor\" data-id=\"672df6d9\" data-element_type=\"widget\" data-widget_type=\"text-editor.default\">\n\t\t\t\t<div class=\"elementor-widget-container\">\n\t\t\t\t\t\t\t<!-- wp:tadv\/classic-paragraph \/-->\t\t\t\t\t\t<\/div>\n\t\t\t\t<\/div>\n\t\t\t\t\t<\/div>\n\t\t<\/div>\n\t\t\t\t\t<\/div>\n\t\t<\/section>\n\t\t\t\t<section class=\"elementor-section elementor-top-section elementor-element elementor-element-377bd39 elementor-section-boxed elementor-section-height-default elementor-section-height-default\" data-id=\"377bd39\" data-element_type=\"section\">\n\t\t\t\t\t\t<div class=\"elementor-container elementor-column-gap-default\">\n\t\t\t\t\t<div class=\"elementor-column elementor-col-100 elementor-top-column elementor-element elementor-element-9258348\" data-id=\"9258348\" data-element_type=\"column\">\n\t\t\t<div class=\"elementor-widget-wrap elementor-element-populated\">\n\t\t\t\t\t\t<div class=\"elementor-element elementor-element-5032c3e elementor-widget elementor-widget-html\" data-id=\"5032c3e\" data-element_type=\"widget\" data-widget_type=\"html.default\">\n\t\t\t\t<div class=\"elementor-widget-container\">\n\t\t\t\r\n\r\n\r\n<title><b>RESOLU\u00c7\u00c3O UFSM N. 086, DE 28 DE ABRIL DE 2022<\/b><\/title>\r\n\r\n\r\n<div align=\"center\"><img decoding=\"async\" src=\"https:\/\/www.ufsm.br\/pro-reitorias\/proplan\/wp-content\/uploads\/sites\/344\/2019\/09\/brasao-da-republica-do-brasil-logo.png\" alt=\"Bras\u00e3o Rep\u00fablica Federativa do Brasil\" width=\"6%\" height=\"6%\"><\/div>  <h1><font color=\"blue\"><font size=\"5\"><div align=\"center\">MINIST\u00c9RIO DA EDUCA\u00c7\u00c3O<\/div><\/font><\/font><\/H1>\r\n<b><font color=\"0000blue\"><div align=\"center\">UNIVERSIDADE FEDERAL DE SANTA MARIA<\/div><\/font><\/b>\r\n<p><div align=\"center\"><b><a href=\"https:\/\/portal.ufsm.br\/documentos\/relacao\/formRelacionamento.html?idDocumento=14136139\" target=\"_blank\"><font color=\"blue\">RESOLU\u00c7\u00c3O UFSM N\u00b0 086, DE 28 DE ABRIL DE 2022<\/font><\/a><\/b><\/div>\r\n<br>\r\n<p><div align=\"justify\"><font color=\"800000\"><ul><ul><ul><ul><ul><ul><ul><ul><ul><ul><ul><ul><ul><ul><ul><ul>Aprova o plano acad\u00eamico da empresa j\u00fanior Sigma Jr. Consultoria Estat\u00edstica vinculada ao Curso de Bacharelado em Estat\u00edstica da Universidade Federal de Santa Maria \u2014 UFSM.<\/font><\/div>\r\n<\/ul><\/ul><\/ul><\/ul><\/ul><\/ul><\/ul><\/ul><\/ul><\/ul><\/ul><\/ul><\/ul><\/ul><\/ul><\/ul><\/ul><\/ul><\/ul>\r\n\r\n<br><div align=\"justify\"><font color=\"black\">\r\n<p style=\"text-align: justify\">O REITOR DA UNIVERSIDADE FEDERAL DE SANTA MARIA, no uso de suas atribui&ccedil;&otilde;es legais e estatut&aacute;rias e considerando:<\/p>\r\n<p>- a&nbsp;<span style=\"text-decoration: underline;color: #0000ff\"><a href=\"http:\/\/www.planalto.gov.br\/ccivil_03\/_ato2015-2018\/2016\/lei\/l13267.htm\"><span style=\"color: #0000ff;text-decoration: underline\">Lei N. 13.267, de 06 de abril de 2016<\/span><\/a><\/span>, que disciplina a cria&ccedil;&atilde;o e a organiza&ccedil;&atilde;o das associa&ccedil;&otilde;es denominadas empresas juniores, com funcionamento perante institui&ccedil;&otilde;es de ensino superior;<\/p>\r\n<p>- a&nbsp;<span style=\"text-decoration: underline;color: #0000ff\"><a href=\"https:\/\/www.ufsm.br\/pro-reitorias\/proplan\/resolucao-n-027-2020\/\"><span style=\"color: #0000ff;text-decoration: underline\">Resolu&ccedil;&atilde;o N. 027\/2020, de 28 de setembro de 2020<\/span><\/a><\/span>, que aprova o regulamento que normatiza a cria&ccedil;&atilde;o e organiza&ccedil;&atilde;o das empresas j&uacute;niores na Universidade Federal de Santa Maria (UFSM);<\/p>\r\n<p>- o Despacho N. 00268\/2021\/PROJUR\/PFUFSM\/PGF\/AGU, de 30 de novembro de 2021; e,<\/p>\r\n<p>- o Parecer N. 023\/2022 da Comiss&atilde;o de Legisla&ccedil;&atilde;o e Normas (CLN), aprovado na 972<span><span>a<\/span><\/span>&nbsp;Sess&atilde;o do Conselho de Ensino, Pesquisa e Extens&atilde;o (CEPE), de 20 de abril de 2022, referente ao<span style=\"text-decoration: underline;color: #0000ff\">&nbsp;<a href=\"https:\/\/portal.ufsm.br\/documentos\/publico\/processo\/documento.html?idDocumento=13824258\"><span style=\"color: #0000ff\">Processo N. 23081.098213\/2021-49<\/span><\/a><\/span>.<\/p>\r\n<br>\r\n<p style=\"text-align: justify\">RESOLVE:<\/p>\r\n<br>\r\n<p style=\"text-align: justify\">Art. 1&ordm; Aprovar o plano acad&ecirc;mico da empresa j&uacute;nior Sigma Jr. Consultoria Estat&iacute;stica vinculada ao Curso de Bacharelado em Estat&iacute;stica da Universidade Federal de Santa Maria &mdash; UFSM.<\/p>\r\n<p style=\"text-align: justify\">Art. 2&ordm; Esta resolu&ccedil;&atilde;o entra em vigor em 1&ordm; de junho de 2022, de acordo com o que prev&ecirc; o Artigo 4&ordm; do <span style=\"text-decoration: underline;color: #0000ff\"><a href=\"https:\/\/www.in.gov.br\/en\/web\/dou\/-\/decreto-n-10.139-de-28-de-novembro-de-2019-230458659\"><span style=\"color: #0000ff;text-decoration: underline\">Decreto N. 10.139, de 28 de novembro de 2019<\/span><\/a>.<\/p>Par&aacute;grafo &uacute;nico. Havendo qualquer modifica&ccedil;&atilde;o&nbsp;&nbsp; legislativa, ou&nbsp;&nbsp; ainda, havendo qualquer situa&ccedil;&atilde;o legal que impacte na legalidade da presente Resolu&ccedil;&atilde;o, a mesma se aplica de imediato, sem preju&iacute;zo da adequa&ccedil;&atilde;o do Estatuto e\/ou Regimento Interno.<\/p>\r\n<br>\r\n<p>Luciano Schuch<\/p>\r\n<p>Reitor<\/p>\r\n<br>\r\n<p><font color=\"red0000\">Este texto n\u00e3o substitui o documento original, publicado em 03 de maio de 2022 no Portal de Documentos.<\/font> Dispon\u00edvel em: <a href=\"https:\/\/portal.ufsm.br\/documentos\/relacao\/formRelacionamento.html?idDocumento=14136139\"><font color=\"blue\">https:\/\/portal.ufsm.br\/documentos\/relacao\/formRelacionamento.html?idDocumento=14136139<\/font><\/a><\/p><\/div>\r\n\r\n \t\t<\/div>\n\t\t\t\t<\/div>\n\t\t\t\t\t<\/div>\n\t\t<\/div>\n\t\t\t\t\t<\/div>\n\t\t<\/section>\n\t\t\t\t<\/div>\n\t\t","protected":false},"excerpt":{"rendered":"<p>RESOLU\u00c7\u00c3O UFSM N. 086, DE 28 DE ABRIL DE 2022 MINIST\u00c9RIO DA EDUCA\u00c7\u00c3O UNIVERSIDADE FEDERAL DE SANTA MARIA RESOLU\u00c7\u00c3O UFSM N\u00b0 086, DE 28 DE ABRIL DE 2022 Aprova o plano acad\u00eamico da empresa j\u00fanior Sigma Jr. Consultoria Estat\u00edstica vinculada ao Curso de Bacharelado em Estat\u00edstica da Universidade Federal de Santa Maria \u2014 UFSM. O [&hellip;]<\/p>\n","protected":false},"author":5547,"featured_media":0,"parent":0,"menu_order":0,"comment_status":"closed","ping_status":"closed","template":"","meta":{"footnotes":""},"categories":[],"tags":[],"class_list":["post-4897","page","type-page","status-publish","hentry"],"acf":[],"_links":{"self":[{"href":"https:\/\/www.ufsm.br\/pro-reitorias\/proplan\/wp-json\/wp\/v2\/pages\/4897","targetHints":{"allow":["GET"]}}],"collection":[{"href":"https:\/\/www.ufsm.br\/pro-reitorias\/proplan\/wp-json\/wp\/v2\/pages"}],"about":[{"href":"https:\/\/www.ufsm.br\/pro-reitorias\/proplan\/wp-json\/wp\/v2\/types\/page"}],"author":[{"embeddable":true,"href":"https:\/\/www.ufsm.br\/pro-reitorias\/proplan\/wp-json\/wp\/v2\/users\/5547"}],"replies":[{"embeddable":true,"href":"https:\/\/www.ufsm.br\/pro-reitorias\/proplan\/wp-json\/wp\/v2\/comments?post=4897"}],"version-history":[{"count":0,"href":"https:\/\/www.ufsm.br\/pro-reitorias\/proplan\/wp-json\/wp\/v2\/pages\/4897\/revisions"}],"wp:attachment":[{"href":"https:\/\/www.ufsm.br\/pro-reitorias\/proplan\/wp-json\/wp\/v2\/media?parent=4897"}],"wp:term":[{"taxonomy":"category","embeddable":true,"href":"https:\/\/www.ufsm.br\/pro-reitorias\/proplan\/wp-json\/wp\/v2\/categories?post=4897"},{"taxonomy":"post_tag","embeddable":true,"href":"https:\/\/www.ufsm.br\/pro-reitorias\/proplan\/wp-json\/wp\/v2\/tags?post=4897"}],"curies":[{"name":"wp","href":"https:\/\/api.w.org\/{rel}","templated":true}]}}