{"id":5012,"date":"2022-08-01T09:44:25","date_gmt":"2022-08-01T12:44:25","guid":{"rendered":"https:\/\/www.ufsm.br\/pro-reitorias\/proplan\/?page_id=5012"},"modified":"2024-01-29T13:30:59","modified_gmt":"2024-01-29T16:30:59","slug":"instrucao-normativa-politecnico-ufsm-n-003-de-25-de-julho-de-2022","status":"publish","type":"page","link":"https:\/\/www.ufsm.br\/pro-reitorias\/proplan\/instrucao-normativa-politecnico-ufsm-n-003-de-25-de-julho-de-2022","title":{"rendered":"INSTRU\u00c7\u00c3O NORMATIVA POLIT\u00c9CNICO\/UFSM N. 003, DE 25 DE JULHO DE 2022"},"content":{"rendered":"\t\t<div data-elementor-type=\"wp-page\" data-elementor-id=\"5012\" class=\"elementor elementor-5012\">\n\t\t\t\t\t\t<section class=\"elementor-section elementor-top-section elementor-element elementor-element-906c60e elementor-section-boxed elementor-section-height-default elementor-section-height-default\" data-id=\"906c60e\" data-element_type=\"section\">\n\t\t\t\t\t\t<div class=\"elementor-container elementor-column-gap-default\">\n\t\t\t\t\t<div class=\"elementor-column elementor-col-100 elementor-top-column elementor-element elementor-element-39951bf\" data-id=\"39951bf\" data-element_type=\"column\">\n\t\t\t<div class=\"elementor-widget-wrap elementor-element-populated\">\n\t\t\t\t\t\t<div class=\"elementor-element elementor-element-c826a4c elementor-widget elementor-widget-html\" data-id=\"c826a4c\" data-element_type=\"widget\" data-widget_type=\"html.default\">\n\t\t\t\t<div class=\"elementor-widget-container\">\n\t\t\t\r\n\r\n\r\n<title><b>INSTRU\u00c7\u00c3O NORMATIVA POLIT\u00c9CNICO\/UFSM N.003, DE 25 DE JULHO DE 2022<\/b><\/title>\r\n\r\n\r\n<div align=\"center\"><img decoding=\"async\" src=\"https:\/\/www.ufsm.br\/pro-reitorias\/proplan\/wp-content\/uploads\/sites\/344\/2019\/09\/brasao-da-republica-do-brasil-logo.png\" alt=\"Bras\u00e3o Rep\u00fablica Federativa do Brasil\" width=\"6%\" height=\"6%\"><\/div>  <h1><font color=\"blue\"><font size=\"5\"><div align=\"center\">MINIST\u00c9RIO DA EDUCA\u00c7\u00c3O<\/div><\/font><\/font><\/H1>\r\n<b><font color=\"0000blue\"><div align=\"center\">UNIVERSIDADE FEDERAL DE SANTA MARIA<\/div><\/font><\/b>\r\n<p><div align=\"center\"><b><a href=\"https:\/\/portal.ufsm.br\/documentos\/publico\/documento.html?id=14297733\" target=\"_blank\"><font color=\"blue\">INSTRU\u00c7\u00c3O NORMATIVA POLIT\u00c9CNICO\/UFSM N. 03, DE 25 DE JULHO DE 2022<\/font><\/a><\/b><\/div><\/p>\r\n<br>\r\n<p><div align=\"justify\"><font color=\"800000\"><ul><ul><ul><ul><ul><ul><ul><ul><ul><ul><ul><ul><ul><ul><ul><ul>Estabelece normas para ingresso de portadores de diploma, reingresso e transfer\u00eancia nos cursos t\u00e9cnicos do Col\u00e9gio Polit\u00e9cnico da Universidade Federal de Santa Maria (UFSM).<\/font><\/div>\r\n<\/font><\/div>\r\n<br>\r\n<br><div align=\"justify\">\r\n<font color=\"black\">\r\n<br>\r\n\r\n<br><div align=\"justify\">\r\n<p>A DIREITORA DO COL\u00c9GIO POLIT\u00c9CNICO DA UNIVERSIDADE FEDERAL DE SANTA MARIA, no uso de suas atribui\u00e7\u00f5es legais e estatut\u00e1rias e considerando:<\/p>\r\n<div class=\"WordSection1\">\r\n<p class=\"Textbodyindent\">- a&nbsp;<a href=\"http:\/\/www.planalto.gov.br\/ccivil_03\/leis\/l9394.htm\" target=\"_blank\"><font color=\"blue\"><u>Lei N. 9.394, de 20 de dezembro de 1996<\/u><\/font><\/a>, que estabelece as diretrizes e bases da educa\u00e7\u00e3o nacional e suas altera\u00e7\u00f5es;<\/p>\r\n<p>- a&nbsp;<a href=\"https:\/\/www.in.gov.br\/en\/web\/dou\/-\/resolucao-cne\/cp-n-1-de-5-de-janeiro-de-2021-297767578\" target=\"_blank\"><font color=\"blue\"><u>Resolu\u00e7\u00e3o CNE\/CP N. 1, de 05 de janeiro de 2021<\/u><\/font><\/a>, que define as Diretrizes Curriculares Nacionais Gerais para a Educa\u00e7\u00e3o Profissional e Tecnol\u00f3gica.<\/p>\r\n\r\n<p>&nbsp;<\/p>\r\n<p>RESOLVE:<\/p>\r\n<p align=\"center\">&nbsp;<\/p>\r\n<p>Art. 1&ordm; Estabelecer normas para ingresso de portadores de diploma, reingresso e transfer&ecirc;ncia nos cursos t&eacute;cnicos do Col&eacute;gio Polit&eacute;cnico da Universidade Federal de Santa Maria (UFSM).<\/p>\r\n<p>Art. 2&ordm; Com vistas aos pedidos de ingresso, reingresso e transfer&ecirc;ncia, para fins de esclarecimento, s&atilde;o entendidos como:<\/p>\r\n<p>I - Reingresso: retorno de ex-estudante do Col&eacute;gio Polit&eacute;cnico da UFSM para o Curso que abandonou ou cancelou, ingressando no curr&iacute;culo que estiver em vig&ecirc;ncia;<\/p>\r\n<p>II - Transfer&ecirc;ncia Interna: troca de curso de estudante do Col&eacute;gio Polit&eacute;cnico da UFSM, regularmente matriculado ou com trancamento de matr&iacute;cula;<\/p>\r\n<p>III - Reingresso com Transfer&ecirc;ncia Interna: retorno de ex-estudante do Col&eacute;gio Polit&eacute;cnico da UFSM, que abandonou ou cancelou o curso e solicita reingresso em outro curso do Col&eacute;gio Polit&eacute;cnico da UFSM;<\/p>\r\n<p>IV - Transfer&ecirc;ncia Externa: transfer&ecirc;ncia de estudante de outra Institui&ccedil;&atilde;o de Ensino, regularmente matriculado ou com trancamento de matr&iacute;cula;<\/p>\r\n<p>V - Ingresso de Portador de Diploma: candidatos diplomados em cursos t&eacute;cnicos ou de gradua&ccedil;&atilde;o em Institui&ccedil;&otilde;es de Ensino p&uacute;blico ou privado reconhecidos pelo Minist&eacute;rio da Educa&ccedil;&atilde;o.<\/p>\r\n<p>Art. 3&ordm; Os pedidos de ingresso, reingresso e transfer&ecirc;ncia dever&atilde;o seguir as orienta&ccedil;&otilde;es e os prazos estabelecidos em edital.<\/p>\r\n<\/div>\r\n<p>&sect; 1&ordm; - O n&uacute;mero de vagas, os prazos, os documentos, os crit&eacute;rios e as demais informa&ccedil;&otilde;es necess&aacute;rias ser&atilde;o definidos pelas coordena&ccedil;&otilde;es de curso e especificados em edital.<\/p>\r\n<p>&sect; 2&ordm; - Ap&oacute;s a homologa&ccedil;&atilde;o pelas Coordena&ccedil;&otilde;es dos Cursos, os resultados ser&atilde;o publicados nos meios de comunica&ccedil;&atilde;o oficiais do Col&eacute;gio Polit&eacute;cnico da UFSM.<\/p>\r\n<p>Art. 4&ordm; No caso de reingresso, o(a) estudante dever&aacute; estar ciente de que precisar&aacute; realizar atualiza&ccedil;&atilde;o curricular, se o curr&iacute;culo em vig&ecirc;ncia do curso for diferente do que havia na &eacute;poca de seu ingresso.<\/p>\r\n<p>Art. 5&ordm; No caso da transfer&ecirc;ncia interna, assim que for concretizada a matr&iacute;cula no novo curso, ser&aacute; desligada a matr&iacute;cula no curso de origem.<\/p>\r\n<p>Art. 6&ordm; A transfer&ecirc;ncia interna ou o reingresso com transfer&ecirc;ncia interna poder&aacute; ser efetivado uma &uacute;nica vez pelo(a) estudante.<\/p>\r\n<p>Art. 7&ordm; Ap&oacute;s aprova&ccedil;&atilde;o na sele&ccedil;&atilde;o, o(a) estudante dever&aacute; solicitar dispensa de disciplinas, de acordo com o seu interesse e com as orienta&ccedil;&otilde;es da coordena&ccedil;&atilde;o do curso.<\/p>\r\n<p>Art. 8&ordm; Esta Instru&ccedil;&atilde;o Normativa entra em vigor no primeiro dia &uacute;til do m&ecirc;s subsequente &agrave; data de sua publica&ccedil;&atilde;o, de acordo com o que prev&ecirc; o Artigo 4&ordm; do <a href=\"http:\/\/www.planalto.gov.br\/ccivil_03\/leis\/l9394.htm\" target=\"_blank\"><font color=\"blue\"><u> Decreto N. 10.139, de 28 de novembro de 2019<\/u><\/font><\/a>, revogando o Ato Normativo Polit&eacute;cnico\/UFSM n. 001, de 03 de janeiro de 2012.<\/p>\r\n<p>Par&aacute;grafo &uacute;nico. Havendo qualquer modifica&ccedil;&atilde;o legislativa ou, ainda, havendo qualquer situa&ccedil;&atilde;o legal que impacte na legalidade da presente Instru&ccedil;&atilde;o Normativa, a mesma se aplica de imediato.<\/p>\r\n<br>\r\n<p>Marta Von Ende<\/p>\r\n<p>Diretora<\/p>\r\n<br>\r\n<p><font color=\"red0000\">Este texto n\u00e3o substitui o documento original, publicado em 25 de julho de 2022 no Portal de Documentos.<\/font> Dispon\u00edvel em: <a href=\"https:\/\/portal.ufsm.br\/documentos\/publico\/documento.html?id=14297733\"><font color=\"blue\">https:\/\/portal.ufsm.br\/documentos\/publico\/documento.html?id=14297733<\/font><\/a><\/p><\/div>\r\n\r\n \t\t<\/div>\n\t\t\t\t<\/div>\n\t\t\t\t\t<\/div>\n\t\t<\/div>\n\t\t\t\t\t<\/div>\n\t\t<\/section>\n\t\t\t\t<\/div>\n\t\t","protected":false},"excerpt":{"rendered":"<p>INSTRU\u00c7\u00c3O NORMATIVA POLIT\u00c9CNICO\/UFSM N.003, DE 25 DE JULHO DE 2022 MINIST\u00c9RIO DA EDUCA\u00c7\u00c3O UNIVERSIDADE FEDERAL DE SANTA MARIA INSTRU\u00c7\u00c3O NORMATIVA POLIT\u00c9CNICO\/UFSM N. 03, DE 25 DE JULHO DE 2022 Estabelece normas para ingresso de portadores de diploma, reingresso e transfer\u00eancia nos cursos t\u00e9cnicos do Col\u00e9gio Polit\u00e9cnico da Universidade Federal de Santa Maria (UFSM). A DIREITORA [&hellip;]<\/p>\n","protected":false},"author":5547,"featured_media":0,"parent":0,"menu_order":0,"comment_status":"closed","ping_status":"closed","template":"","meta":{"footnotes":""},"categories":[],"tags":[],"class_list":["post-5012","page","type-page","status-publish","hentry"],"acf":[],"_links":{"self":[{"href":"https:\/\/www.ufsm.br\/pro-reitorias\/proplan\/wp-json\/wp\/v2\/pages\/5012","targetHints":{"allow":["GET"]}}],"collection":[{"href":"https:\/\/www.ufsm.br\/pro-reitorias\/proplan\/wp-json\/wp\/v2\/pages"}],"about":[{"href":"https:\/\/www.ufsm.br\/pro-reitorias\/proplan\/wp-json\/wp\/v2\/types\/page"}],"author":[{"embeddable":true,"href":"https:\/\/www.ufsm.br\/pro-reitorias\/proplan\/wp-json\/wp\/v2\/users\/5547"}],"replies":[{"embeddable":true,"href":"https:\/\/www.ufsm.br\/pro-reitorias\/proplan\/wp-json\/wp\/v2\/comments?post=5012"}],"version-history":[{"count":0,"href":"https:\/\/www.ufsm.br\/pro-reitorias\/proplan\/wp-json\/wp\/v2\/pages\/5012\/revisions"}],"wp:attachment":[{"href":"https:\/\/www.ufsm.br\/pro-reitorias\/proplan\/wp-json\/wp\/v2\/media?parent=5012"}],"wp:term":[{"taxonomy":"category","embeddable":true,"href":"https:\/\/www.ufsm.br\/pro-reitorias\/proplan\/wp-json\/wp\/v2\/categories?post=5012"},{"taxonomy":"post_tag","embeddable":true,"href":"https:\/\/www.ufsm.br\/pro-reitorias\/proplan\/wp-json\/wp\/v2\/tags?post=5012"}],"curies":[{"name":"wp","href":"https:\/\/api.w.org\/{rel}","templated":true}]}}