{"id":5013,"date":"2022-08-01T11:30:46","date_gmt":"2022-08-01T14:30:46","guid":{"rendered":"https:\/\/www.ufsm.br\/pro-reitorias\/proplan\/?page_id=5013"},"modified":"2022-08-01T11:31:29","modified_gmt":"2022-08-01T14:31:29","slug":"instrucao-normativa-politecnico-ufsm-n-002-de-29-de-novembro-de-2021","status":"publish","type":"page","link":"https:\/\/www.ufsm.br\/pro-reitorias\/proplan\/instrucao-normativa-politecnico-ufsm-n-002-de-29-de-novembro-de-2021","title":{"rendered":"INSTRU\u00c7\u00c3O NORMATIVA POLIT\u00c9CNICO\/UFSM N. 002, DE 29 DE NOVEMBRO DE 2021"},"content":{"rendered":"\t\t<div data-elementor-type=\"wp-page\" data-elementor-id=\"5013\" class=\"elementor elementor-5013\">\n\t\t\t\t\t\t<section class=\"elementor-section elementor-top-section elementor-element elementor-element-75b861e elementor-section-boxed elementor-section-height-default elementor-section-height-default\" data-id=\"75b861e\" data-element_type=\"section\">\n\t\t\t\t\t\t<div class=\"elementor-container elementor-column-gap-default\">\n\t\t\t\t\t<div class=\"elementor-column elementor-col-100 elementor-top-column elementor-element elementor-element-e337af4\" data-id=\"e337af4\" data-element_type=\"column\">\n\t\t\t<div class=\"elementor-widget-wrap elementor-element-populated\">\n\t\t\t\t\t\t<div class=\"elementor-element elementor-element-8304262 elementor-widget elementor-widget-html\" data-id=\"8304262\" data-element_type=\"widget\" data-widget_type=\"html.default\">\n\t\t\t\t<div class=\"elementor-widget-container\">\n\t\t\t\r\n\r\n\r\n<title><b>INSTRU\u00c7\u00c3O NORMATIVA POLIT\u00c9CNICO\/UFSM N. 002, DE 29 DE NOVEMBRO DE 2021<\/b><\/title>\r\n\r\n\r\n<div align=\"center\"><img decoding=\"async\" src=\"https:\/\/www.ufsm.br\/pro-reitorias\/proplan\/wp-content\/uploads\/sites\/344\/2019\/09\/brasao-da-republica-do-brasil-logo.png\" alt=\"Bras\u00e3o Rep\u00fablica Federativa do Brasil\" width=\"6%\" height=\"6%\"><\/div>  <h1><font color=\"blue\"><font size=\"5\"><div align=\"center\">MINIST\u00c9RIO DA EDUCA\u00c7\u00c3O<\/div><\/font><\/font><\/H1>\r\n<b><font color=\"0000blue\"><div align=\"center\">UNIVERSIDADE FEDERAL DE SANTA MARIA<\/div><\/font><\/b>\r\n<p><div align=\"center\"><b><a href=\"https:\/\/portal.ufsm.br\/documentos\/publico\/documento.html?id=14183663\" target=\"_blank\"><font color=\"blue\">INSTRU\u00c7\u00c3O NORMATIVA POLIT\u00c9CNICO\/UFSM N. 002, DE 29 DE NOVEMBRO DE 2021<\/font><\/a><\/b><\/div>\r\n<br>\r\n<p><div align=\"justify\"><font color=\"800000\">Estabelece orienta\u00e7\u00f5es para o aproveitamento de estudos e certifica\u00e7\u00e3o de conhecimentos em l\u00ednguas adicionais para o Ensino M\u00e9dio.<\/font><\/div>\r\n<br>\r\n<br><div align=\"justify\">\r\n<p>A DIREITORA DO COL\u00c9GIO POLIT\u00c9CNICO DA UNIVERSIDADE FEDERAL DE SANTA MARIA, no uso de suas atribui\u00e7\u00f5es legais e estatut\u00e1rias e considerando:<\/p>\r\n<div class=\"WordSection1\">\r\n<p>-&nbsp; a <a href=\"http:\/\/www.planalto.gov.br\/ccivil_03\/leis\/l9394.htm\">Lei 9.394, de 20 de dezembro de 1996<\/a>, que estabelece que a educa&ccedil;&atilde;o b&aacute;sica, no ensino fundamental e m&eacute;dio, poder&aacute; organizar em classes, ou turmas, com alunos de anos\/s&eacute;ries distintos, com n&iacute;veis equivalentes de adiantamento na mat&eacute;ria, para o ensino de l&iacute;nguas adicionais, artes, ou outros componentes curriculares (art. 24, IV);<\/p>\r\n<p>-&nbsp; os <a href=\"http:\/\/portal.mec.gov.br\/seb\/arquivos\/pdf\/introducao.pdf\">Par&acirc;metros Curriculares Nacionais de L&iacute;ngua Estrangeira: 3&ordm; e 4&ordm; Ciclos do Ensino Fundamental &ndash; L&iacute;ngua Estrangeira, do Minist&eacute;rio da Educa&ccedil;&atilde;o (1998)<\/a>, que definiram, dentre outros temas, a justificativa social para a inclus&atilde;o de l&iacute;ngua estrangeira no ensino fundamental, a caracteriza&ccedil;&atilde;o do objeto de ensino da l&iacute;ngua estrangeira, o papel da &aacute;rea de l&iacute;ngua estrangeira no ensino fundamental diante da constru&ccedil;&atilde;o da cidadania, a rela&ccedil;&atilde;o do processo de ensinar e aprender l&iacute;ngua estrangeira com os temas transversais, o ensino e a aprendizagem de l&iacute;ngua estrangeira nos terceiro e quarto ciclos, os objetivos gerais de l&iacute;ngua estrangeira para o ensino fundamental, conte&uacute;dos propostos para o terceiro e quarto ciclos, a avalia&ccedil;&atilde;o, as orienta&ccedil;&otilde;es did&aacute;ticas, a a&ccedil;&atilde;o dos par&acirc;metros e a forma&ccedil;&atilde;o de professores de l&iacute;ngua estrangeira;<\/p>\r\n<p>-&nbsp; <a href=\"http:\/\/portal.mec.gov.br\/seb\/arquivos\/pdf\/blegais.pdf\">os Par&acirc;metros Curriculares Nacionais: Ensino M&eacute;dio, da Secretaria de Educa&ccedil;&atilde;o M&eacute;dia e Tecnol&oacute;gica, do Minist&eacute;rio da Educa&ccedil;&atilde;o (2000)<\/a>, que tratam do novo Ensino M&eacute;dio, a sua reforma curricular e a organiza&ccedil;&atilde;o, altera&ccedil;&otilde;es nas suas diretrizes curriculares e processo de trabalho;<\/p>\r\n<p>-&nbsp; os Par&acirc;metros Curriculares Nacionais + Ensino M&eacute;dio: Orienta&ccedil;&otilde;es Educacionais Complementares aos Par&acirc;metros Curriculares Nacionais. Linguagens, C&oacute;digos e suas Tecnologias, do Minist&eacute;rio da Educa&ccedil;&atilde;o (2002), que abordam aspectos da l&iacute;ngua estrangeira moderna: conceitos estruturantes e compet&ecirc;ncias gerais, seleciona conte&uacute;dos, trata do trabalho por projetos e situa&ccedil;&otilde;es-desafio, avalia&ccedil;&atilde;o e forma&ccedil;&atilde;o do professor;<\/p>\r\n<p>-&nbsp; <a href=\"http:\/\/portal.mec.gov.br\/seb\/arquivos\/pdf\/book_volume_01_internet.pdf\">as Orienta&ccedil;&otilde;es Curriculares para o Ensino M&eacute;dio: Linguagens, C&oacute;digos e suas Tecnologias, da Secretaria de Educa&ccedil;&atilde;o B&aacute;sica, do Minist&eacute;rio da Educa&ccedil;&atilde;o (2006)<\/a>, definindo os conhecimentos de l&iacute;nguas estrangeiras, orienta&ccedil;&otilde;es pedag&oacute;gicas para o desenvolvimento da comunica&ccedil;&atilde;o oral, da leitura e da pr&aacute;tica da escrita conforme teorias sobre letramento. Define os conhecimentos de espanhol, bem como as orienta&ccedil;&otilde;es pedag&oacute;gicas para o ensino da l&iacute;ngua: teorias, metodologias, materiais did&aacute;ticos e temas afins;<\/p>\r\n<p>-&nbsp; o <a href=\"https:\/\/normativasconselhos.mec.gov.br\/normativa\/view\/CNE_PAR_CNECEBN52011.pdf?query=M%C3%89DIO\">Parecer CNE\/CEB n&ordm; 05, de 4 de maio de 2011<\/a>, que tra&ccedil;a as Diretrizes Curriculares Nacionais para o Ensino M&eacute;dio;<\/p>\r\n<\/div>\r\n<div class=\"WordSection2\">\r\n<p>-&nbsp; a <a href=\"http:\/\/www.planalto.gov.br\/ccivil_03\/_ato2015-2018\/2017\/lei\/l13415.htm\">Lei n&ordm; 13.415, de 16 de fevereiro de 2017<\/a>, que altera a Lei n&ordm; 9.394\/96, que estabelece as Diretrizes e Bases da Educa&ccedil;&atilde;o Nacional &ndash; substitui o modelo &uacute;nico de curr&iacute;culo do Ensino M&eacute;dio para um modelo diversificado e flex&iacute;vel, sendo composto pela Base Nacional Comum Curricular e por Itiner&aacute;rios Formativos. Em rela&ccedil;&atilde;o ao tema, estabelece o referido diploma legal que:<\/p>\r\n<p>*Art. 3&ordm; A Lei n&ordm; 9.394\/96, passa a vigorar acrescida do art. 35-A.<\/p>\r\n<p>&sect; 4&ordm; Os curr&iacute;culos do ensino m&eacute;dio incluir&atilde;o, obrigatoriamente, o estudo da l&iacute;ngua inglesa e poder&atilde;o ofertar outras l&iacute;nguas estrangeiras, em car&aacute;ter optativo, preferencialmente o espanhol, de acordo com a disponibilidade da oferta, locais e hor&aacute;rios definidos pelos sistemas de ensino.<\/p>\r\n<p>-&nbsp; o texto da <a href=\"http:\/\/basenacionalcomum.mec.gov.br\/images\/BNCC_EI_EF_110518_versaofinal_site.pdf\">Base Nacional Comum Curricular (BNCC) &ndash; Ensino M&eacute;dio, homologada em 14 de dezembro de 2018 pelo Minist&eacute;rio da Educa&ccedil;&atilde;o<\/a>;<\/p>\r\n<p>-&nbsp; o <a href=\"https:\/\/normativasconselhos.mec.gov.br\/normativa\/view\/CNE_PAR_CNECEBN32018.pdf?query=M%C3%89DIO\">Parecer CNE\/CEB n&ordm; 03, de 11 de novembro de 2018<\/a>, que atualiza as Diretrizes Curriculares Nacionais para o Ensino M&eacute;dio, observadas as altera&ccedil;&otilde;es introduzidas na LDB pela Lei 13.415\/2017;<\/p>\r\n<p>-&nbsp; o que consta na <a href=\"https:\/\/normativasconselhos.mec.gov.br\/normativa\/view\/CNE_RES_CNECEBN32018.pdf\">Resolu&ccedil;&atilde;o CNE\/CEB N&ordm; 03, de 21 de novembro de 2018<\/a>, que atualiza as Diretrizes Curriculares Nacionais para o Ensino M&eacute;dio em m&uacute;ltiplos dispositivos, coloca em evid&ecirc;ncia as viv&ecirc;ncias e saberes dos estudantes e que contribuem para o desenvolvimento das suas identidades e condi&ccedil;&otilde;es cognitivas e socioemocionais (art. 7&ordm;), conforme previsto nos artigos em destaque:<\/p>\r\n<p>*Art. 7&ordm;, &sect; 5&ordm; - a organiza&ccedil;&atilde;o curricular deve possibilitar cont&iacute;nuo e articulado aproveitamento de estudos e de experi&ecirc;ncias pessoais, sociais e do trabalho.<\/p>\r\n<p>*Art. 17, &sect; 13 &ndash; as atividades realizadas pelos estudantes, consideradas parte da carga hor&aacute;ria do ensino m&eacute;dio, podem ser aulas, cursos, est&aacute;gios, oficinas, trabalho supervisionado, atividades de extens&atilde;o, pesquisa de campo, inicia&ccedil;&atilde;o cient&iacute;fica, aprendizagem profissional, participa&ccedil;&atilde;o em trabalhos volunt&aacute;rios e demais atividades com intencionalidade pedag&oacute;gica orientadas pelos docentes, assim como podem ser realizadas na forma presencial &ndash; mediada ou n&atilde;o por tecnologia<\/p>\r\n<p>&ndash; ou a dist&acirc;ncia, inclusive mediante regime de parceria com institui&ccedil;&otilde;es previamente credenciadas pelo sistema de ensino.<\/p>\r\n<p>*Art. 18 Para efeito de cumprimento das exig&ecirc;ncias curriculares do ensino m&eacute;dio, os sistemas de ensino devem estabelecer crit&eacute;rios para reconhecer compet&ecirc;ncias dos estudantes, tanto da forma&ccedil;&atilde;o geral b&aacute;sica quanto dos itiner&aacute;rios formativos do curr&iacute;culo, mediante diversas formas de comprova&ccedil;&atilde;o, a saber:<\/p>\r\n<p>- avalia&ccedil;&atilde;o de saberes;<\/p>\r\n<p>- demonstra&ccedil;&atilde;o pr&aacute;tica;<\/p>\r\n<p>- documenta&ccedil;&atilde;o emitida por institui&ccedil;&otilde;es de car&aacute;ter educativo.<\/p>\r\n<p>*Art. 20 Os sistemas de ensino, atendendo a legisla&ccedil;&atilde;o e a normatiza&ccedil;&atilde;o nacional vigentes e na busca da adequa&ccedil;&atilde;o &agrave;s necessidades dos estudantes e do meio social, devem:<\/p>\r\n<p>V- orientar as institui&ccedil;&otilde;es ou redes de ensino para promoverem:<\/p>\r\n<p>a) classifica&ccedil;&atilde;o do estudante, mediante avalia&ccedil;&atilde;o pela institui&ccedil;&atilde;o, para inser&ccedil;&atilde;o em etapa adequada ao seu grau de desenvolvimento e experi&ecirc;ncia;<\/p>\r\n<p>b) aproveitamento de estudos realizados e de conhecimentos constitu&iacute;dos tanto no ensino formal como no informal e na experi&ecirc;ncia extraescolar;<\/p>\r\n<p>c) certifica&ccedil;&atilde;o que habilite o concluinte do ensino m&eacute;dio ao prosseguimento dos estudos em n&iacute;vel superior ou em outros cursos ou forma&ccedil;&otilde;es para os quais a conclus&atilde;o do ensino m&eacute;dio seja etapa obrigat&oacute;ria;<\/p>\r\n<\/div>\r\n<div class=\"WordSection3\">\r\n<p>d)&nbsp;&nbsp;&nbsp;&nbsp;&nbsp; aproveitamento de conhecimentos para o prosseguimento dos estudos em diferentes forma&ccedil;&otilde;es, seja por aproveitamento de cr&eacute;ditos, por certifica&ccedil;&otilde;es complementares, entre outras, conforme o art. 18.<\/p>\r\n<p>&nbsp;<\/p>\r\n<p>&nbsp;<\/p>\r\n<p>RESOLVE:<\/p>\r\n<p>&nbsp;<\/p>\r\n<p>&nbsp;<\/p>\r\n<p>Art. 1&ordm; Aprovar as normas de aproveitamento de estudos e reconhecimento de compet&ecirc;ncias dos estudantes do ensino m&eacute;dio, em l&iacute;nguas adicionais (ingl&ecirc;s e espanhol) podendo ser por:<\/p>\r\n<p>I - avalia&ccedil;&atilde;o de saberes;<\/p>\r\n<p>II&nbsp; - demonstra&ccedil;&atilde;o pr&aacute;tica;<\/p>\r\n<p>III&nbsp; - documenta&ccedil;&atilde;o emitida por institui&ccedil;&otilde;es de car&aacute;ter educativo.<\/p>\r\n<p>Art. 2&ordm; A avalia&ccedil;&atilde;o de saberes, referida no Inciso I do artigo anterior, dar-se-&aacute; por meio de prova a ser conduzida por uma banca especial de servidores, especialistas na &aacute;rea, nomeada pela Dire&ccedil;&atilde;o do Col&eacute;gio, especificamente, para esta finalidade.<\/p>\r\n<p>Art. 3&ordm; Na demonstra&ccedil;&atilde;o pr&aacute;tica de que trata o Inciso II, do artigo 1&ordm;, o candidato dever&aacute; mostrar a capacidade de se comunicar de forma plena, dominando as habilidades lingu&iacute;sticas fundamentais: ouvir, falar, ler e escrever, independentemente da forma e ou lugar onde tenha vivenciado a sua experi&ecirc;ncia no aprendizado adquirido, conforme prev&ecirc; o art. 17, &sect; 13 da Resolu&ccedil;&atilde;o CNE\/CEB 03\/2018.<\/p>\r\n<p>Art. 4&ordm; A documenta&ccedil;&atilde;o emitida por institui&ccedil;&otilde;es de car&aacute;ter educativo, referida no Inciso III, do art. 1&ordm;, dever&aacute; conter carga hor&aacute;ria, conte&uacute;dos, avalia&ccedil;&atilde;o, data de expedi&ccedil;&atilde;o do documento e assinatura do respons&aacute;vel pela Institui&ccedil;&atilde;o que emitiu o documento comprobat&oacute;rio.<\/p>\r\n<p>Art. 5&ordm; Para todos os casos, referidos nos artigos 2&ordm;, 3&ordm; e 4&ordm;, desta Instru&ccedil;&atilde;o Normativa, ser&aacute; constitu&iacute;da, pela Dire&ccedil;&atilde;o do Col&eacute;gio, uma Banca Especial de Servidores da &aacute;rea das Linguagens que proceder&aacute; a an&aacute;lise e a avalia&ccedil;&atilde;o do pedido.<\/p>\r\n<p>Art. 6&ordm; A solicita&ccedil;&atilde;o, objeto desta Instru&ccedil;&atilde;o Normativa, dever&aacute; ser protocolada junto ao Setor de Registro e Controle Acad&ecirc;mico, conforme previs&atilde;o do calend&aacute;rio letivo do ano, que encaminhar&aacute; &agrave; Coordena&ccedil;&atilde;o do Ensino M&eacute;dio para que d&ecirc; prosseguimento &agrave; solicita&ccedil;&atilde;o junto &agrave; Banca avaliadora.<\/p>\r\n<p>&sect; 1&ordm; A Banca avaliadora ter&aacute; o prazo de 30 dias para concluir o trabalho e divulgar o resultado.<\/p>\r\n<p>&sect; 2&ordm; A documenta&ccedil;&atilde;o gerada do processo desta Instru&ccedil;&atilde;o Normativa ser&aacute; arquivada junto da documenta&ccedil;&atilde;o do requerente.<\/p>\r\n<p>&sect; 3&ordm; Caber&aacute; &agrave; Banca avaliadora indicar se o aproveitamento solicitado ser&aacute; deferido ou indeferido.<\/p>\r\n<ol>\r\n<li>em caso de deferimento lhe caber&aacute; apontar o n&iacute;vel obtido: b&aacute;sico, intermedi&aacute;rio ou avan&ccedil;ado, conforme especificado no Art. 7&ordm;<\/li>\r\n<li>em caso de indeferimento, caber&aacute; ao solicitante cumprir o que prev&ecirc; o Projeto Pedag&oacute;gico do Ensino M&eacute;dio para obter aprova&ccedil;&atilde;o em l&iacute;nguas adicionais.<\/li>\r\n<\/ol><\/div>\r\n<p>Art. 7&ordm; O resultado final desta solicita&ccedil;&atilde;o seguir&aacute; os procedimentos de avalia&ccedil;&atilde;o adotados pelo Col&eacute;gio em seu Projeto Pedag&oacute;gico (m&eacute;dia final 7,0) e corresponder&aacute; aos seguintes n&iacute;veis de conhecimentos para fins de utiliza&ccedil;&atilde;o de enquadramento no ensino de l&iacute;nguas adicionais no Col&eacute;gio Polit&eacute;cnico:<\/p>\r\n<p>-&nbsp; B&aacute;sico, para a 1&ordf; s&eacute;rie.<\/p>\r\n<p>-&nbsp; Intermedi&aacute;rio, para a 2&ordf; s&eacute;rie.<\/p>\r\n<p>-&nbsp; Avan&ccedil;ado, para a 3&ordf; s&eacute;rie.<\/p>\r\n<p>Art. 8&ordm; As situa&ccedil;&otilde;es n&atilde;o previstas nesta instru&ccedil;&atilde;o normativa ser&atilde;o decididas pela Banca Avaliadora, juntamente com a Coordena&ccedil;&atilde;o do Ensino M&eacute;dio e em grau de Recurso pelo Departamento de Ensino.<\/p>\r\n<p>Art. 9&ordm; Esta instru&ccedil;&atilde;o normativa entra em vigor na data da sua publica&ccedil;&atilde;o.<\/p>\r\n<p>Marta Von Ende<\/p>\r\n<p>Diretora<\/p>\r\n<br>\r\n<p><font color=\"red0000\">Este texto n\u00e3o substitui o documento original, publicado em 29 de novembro de 2021 no Portal de Documentos.<\/font> Dispon\u00edvel em: <a href=\"https:\/\/portal.ufsm.br\/documentos\/publico\/documento.html?id=14183663\"><font color=\"blue\">https:\/\/portal.ufsm.br\/documentos\/publico\/documento.html?id=14183663<\/font><\/a><\/p><\/div>\r\n\r\n \t\t<\/div>\n\t\t\t\t<\/div>\n\t\t\t\t\t<\/div>\n\t\t<\/div>\n\t\t\t\t\t<\/div>\n\t\t<\/section>\n\t\t\t\t<\/div>\n\t\t","protected":false},"excerpt":{"rendered":"<p>INSTRU\u00c7\u00c3O NORMATIVA POLIT\u00c9CNICO\/UFSM N. 002, DE 29 DE NOVEMBRO DE 2021 MINIST\u00c9RIO DA EDUCA\u00c7\u00c3O UNIVERSIDADE FEDERAL DE SANTA MARIA INSTRU\u00c7\u00c3O NORMATIVA POLIT\u00c9CNICO\/UFSM N. 002, DE 29 DE NOVEMBRO DE 2021 Estabelece orienta\u00e7\u00f5es para o aproveitamento de estudos e certifica\u00e7\u00e3o de conhecimentos em l\u00ednguas adicionais para o Ensino M\u00e9dio. A DIREITORA DO COL\u00c9GIO POLIT\u00c9CNICO DA UNIVERSIDADE [&hellip;]<\/p>\n","protected":false},"author":5547,"featured_media":0,"parent":0,"menu_order":0,"comment_status":"closed","ping_status":"closed","template":"","meta":{"footnotes":""},"categories":[],"tags":[],"class_list":["post-5013","page","type-page","status-publish","hentry"],"acf":[],"_links":{"self":[{"href":"https:\/\/www.ufsm.br\/pro-reitorias\/proplan\/wp-json\/wp\/v2\/pages\/5013","targetHints":{"allow":["GET"]}}],"collection":[{"href":"https:\/\/www.ufsm.br\/pro-reitorias\/proplan\/wp-json\/wp\/v2\/pages"}],"about":[{"href":"https:\/\/www.ufsm.br\/pro-reitorias\/proplan\/wp-json\/wp\/v2\/types\/page"}],"author":[{"embeddable":true,"href":"https:\/\/www.ufsm.br\/pro-reitorias\/proplan\/wp-json\/wp\/v2\/users\/5547"}],"replies":[{"embeddable":true,"href":"https:\/\/www.ufsm.br\/pro-reitorias\/proplan\/wp-json\/wp\/v2\/comments?post=5013"}],"version-history":[{"count":0,"href":"https:\/\/www.ufsm.br\/pro-reitorias\/proplan\/wp-json\/wp\/v2\/pages\/5013\/revisions"}],"wp:attachment":[{"href":"https:\/\/www.ufsm.br\/pro-reitorias\/proplan\/wp-json\/wp\/v2\/media?parent=5013"}],"wp:term":[{"taxonomy":"category","embeddable":true,"href":"https:\/\/www.ufsm.br\/pro-reitorias\/proplan\/wp-json\/wp\/v2\/categories?post=5013"},{"taxonomy":"post_tag","embeddable":true,"href":"https:\/\/www.ufsm.br\/pro-reitorias\/proplan\/wp-json\/wp\/v2\/tags?post=5013"}],"curies":[{"name":"wp","href":"https:\/\/api.w.org\/{rel}","templated":true}]}}