{"id":5017,"date":"2022-08-02T11:31:35","date_gmt":"2022-08-02T14:31:35","guid":{"rendered":"https:\/\/www.ufsm.br\/pro-reitorias\/proplan\/?page_id=5017"},"modified":"2024-12-27T08:06:53","modified_gmt":"2024-12-27T11:06:53","slug":"resolucao-ufsm-n-099-2022","status":"publish","type":"page","link":"https:\/\/www.ufsm.br\/pro-reitorias\/proplan\/resolucao-ufsm-n-099-2022","title":{"rendered":"Resolu\u00e7\u00e3o UFSM N. 099\/2022"},"content":{"rendered":"\t\t<div data-elementor-type=\"wp-page\" data-elementor-id=\"5017\" class=\"elementor elementor-5017\">\n\t\t\t\t\t\t<section class=\"elementor-section elementor-top-section elementor-element elementor-element-37d3bbf elementor-section-boxed elementor-section-height-default elementor-section-height-default\" data-id=\"37d3bbf\" data-element_type=\"section\">\n\t\t\t\t\t\t<div class=\"elementor-container elementor-column-gap-default\">\n\t\t\t\t\t<div class=\"elementor-column elementor-col-100 elementor-top-column elementor-element elementor-element-45a40b7\" data-id=\"45a40b7\" data-element_type=\"column\">\n\t\t\t<div class=\"elementor-widget-wrap elementor-element-populated\">\n\t\t\t\t\t\t<div class=\"elementor-element elementor-element-7138b80 elementor-widget elementor-widget-html\" data-id=\"7138b80\" data-element_type=\"widget\" data-widget_type=\"html.default\">\n\t\t\t\t<div class=\"elementor-widget-container\">\n\t\t\t\r\n\r\n\r\n<title><b>RESOLU\u00c7\u00c3O UFSM N. 099, DE 01 DE AGOSTO DE 2022<\/b><\/title>\r\n\r\n\r\n<div align=\"center\"><img decoding=\"async\" src=\"https:\/\/www.ufsm.br\/pro-reitorias\/proplan\/wp-content\/uploads\/sites\/344\/2019\/09\/brasao-da-republica-do-brasil-logo.png\" alt=\"Bras\u00e3o Rep\u00fablica Federativa do Brasil\" width=\"6%\" height=\"6%\"><\/div>  <h1><font color=\"blue\"><font size=\"5\"><div align=\"center\">MINIST\u00c9RIO DA EDUCA\u00c7\u00c3O<\/div><\/font><\/font><\/H1>\r\n<b><font color=\"0000blue\"><div align=\"center\">UNIVERSIDADE FEDERAL DE SANTA MARIA<\/div><\/font><\/b>\r\n<p><div align=\"center\"><b><a href=\"https:\/\/portal.ufsm.br\/documentos\/publico\/documento.html?id=14303350\" target=\"_blank\"><font color=\"blue\">RESOLU\u00c7\u00c3O UFSM N. 099, DE 01 DE AGOSTO DE 2022<\/font><\/a><\/b><\/div>\r\n<br>\r\n\r\n<div align=\"justify\"> Revogada pela Resolu\u00e7\u00e3o \r\n<a href=\"https:\/\/www.ufsm.br\/pro-reitorias\/proplan\/resolucao-ufsm-n-187-2024\" style=\"text-decoration: none\">\r\n<font color=\"blue\">\r\n<u>UFSM N.187\/2024\r\n<\/u>\r\n<\/font>\r\n<\/a>\r\n<br> \r\n<br>\r\n<s>\r\n<p><div align=\"right\"><font color=\"800000\">Altera a Resolu\u00e7\u00e3o UFSM N. 006, de 06 de abril de 2020, que aprova a recria\u00e7\u00e3o do \u00f3rg\u00e3o colegiado denominado \u201cComiss\u00e3o Permanente de Avalia\u00e7\u00e3o e Baixa Patrimonial de Bens M\u00f3veis (CPABP-UFSM)\u201d, vinculado a Pr\u00f3-Reitoria de Administra\u00e7\u00e3o (PRA) da UFSM.<\/font><\/div>\r\n<br>\r\n<br><div align=\"justify\">\r\n<p>O REITOR DA UNIVERSIDADE FEDERAL DE SANTA MARIA, no uso de suas atribui&ccedil;&otilde;es legais e estatut&aacute;rias e considerando:<\/p>\r\n<p>- a&nbsp;<span style=\"text-decoration: underline;color: #0000ff\"><a href=\"http:\/\/www.planalto.gov.br\/ccivil_03\/constituicao\/constituicao.htm\"><span style=\"color: #0000ff;text-decoration: underline\">Constitui&ccedil;&atilde;o da Rep&uacute;blica Federativa do Brasil de 1988, de 05 de outubro de 1988<\/span><\/a><\/span>;<\/p>\r\n<p>- o&nbsp;Art. 56 da <span style=\"text-decoration: underline;color: #0000ff\"><a href=\"http:\/\/www.planalto.gov.br\/ccivil_03\/leis\/l9394.htm\"><span style=\"color: #0000ff;text-decoration: underline\">Lei N. 9.394, de 20 de dezembro de 1996<\/span><\/a><\/span>, que estabelece as diretrizes e bases da educa&ccedil;&atilde;o nacional;<\/p>\r\n<p>- a&nbsp;<span style=\"text-decoration: underline;color: #0000ff\"><a href=\"http:\/\/www.planalto.gov.br\/ccivil_03\/leis\/lcp\/lcp95.htm\"><span style=\"color: #0000ff;text-decoration: underline\">Lei Complementar N. 95, de 26 de fevereiro de 1998<\/span><\/a><\/span>, que disp&otilde;e sobre a elabora&ccedil;&atilde;o, a reda&ccedil;&atilde;o, a altera&ccedil;&atilde;o e a consolida&ccedil;&atilde;o das leis, conforme determina o Par&aacute;grafo &Uacute;nico do Art. 59 da Constitui&ccedil;&atilde;o Federal, e estabelece normas para a consolida&ccedil;&atilde;o dos atos normativos que menciona;<\/p>\r\n<p>- o&nbsp;<span style=\"text-decoration: underline;color: #0000ff\"><a href=\"http:\/\/www.planalto.gov.br\/ccivil_03\/_ato2015-2018\/2017\/decreto\/D9191.htm\"><span style=\"color: #0000ff;text-decoration: underline\">Decreto N. 9.191, de 1&ordm; de novembro de 2017<\/span><\/a><\/span>, que estabelece as normas e as diretrizes para elabora&ccedil;&atilde;o, reda&ccedil;&atilde;o, altera&ccedil;&atilde;o, consolida&ccedil;&atilde;o e encaminhamento de propostas de atos normativos ao Presidente da Rep&uacute;blica pelos Ministros de Estado;<\/p>\r\n<p>- o&nbsp;<span style=\"text-decoration: underline;color: #0000ff\"><a href=\"http:\/\/www.planalto.gov.br\/ccivil_03\/_ato2019-2022\/2019\/decreto\/D9759.htm\"><span style=\"color: #0000ff;text-decoration: underline\">Decreto N. 9.759, de 11 de abril de 2019<\/span><\/a><\/span>, que extingue e estabelece diretrizes, regras e limita&ccedil;&otilde;es para colegiados da administra&ccedil;&atilde;o p&uacute;blica federal;<\/p>\r\n<p>- o&nbsp;Art. 10 do <span style=\"text-decoration: underline;color: #0000ff\"><a href=\"http:\/\/www.planalto.gov.br\/ccivil_03\/_ato2015-2018\/2018\/decreto\/D9373.htm\"><span style=\"color: #0000ff;text-decoration: underline\">Decreto N&ordm; 9.373, de 11 de maio de 2018<\/span><\/a><\/span>, que estabelece que as classifica&ccedil;&otilde;es e avalia&ccedil;&otilde;es de bens ser&atilde;o efetuadas por comiss&atilde;o especial, institu&iacute;da pela autoridade competente e composta por tr&ecirc;s servidores do &oacute;rg&atilde;o ou da entidade, no m&iacute;nimo;<\/p>\r\n<p>- o&nbsp;<span style=\"text-decoration: underline;color: #0000ff\"><a href=\"https:\/\/www.ufsm.br\/pro-reitorias\/proplan\/estatuto-ufsm-2010\/\"><span style=\"color: #0000ff;text-decoration: underline\">Estatuto da Universidade Federal de Santa Maria<\/span><\/a><\/span>&nbsp;com as adequa&ccedil;&otilde;es aprovadas pela&nbsp;<span style=\"text-decoration: underline;color: #0000ff\"><a href=\"https:\/\/www.ufsm.br\/pro-reitorias\/proplan\/resolucao-n-037-2010\/\"><span style=\"color: #0000ff;text-decoration: underline\">Resolu&ccedil;&atilde;o UFSM N. 037, de 30 de novembro de 2010<\/span><\/a><\/span>, aprovado pela&nbsp;<span style=\"text-decoration: underline;color: #0000ff\"><a href=\"https:\/\/www.ufsm.br\/app\/uploads\/2018\/08\/Estatuto-da-UFSM.pdf\"><span style=\"color: #0000ff;text-decoration: underline\">Portaria N. 156, de 12 de mar&ccedil;o de 2014<\/span><\/a><\/span>, e publicado no Di&aacute;rio Oficial da Uni&atilde;o em 13 de mar&ccedil;o de 2014;<\/p>\r\n<p>- o&nbsp;<span style=\"text-decoration: underline;color: #0000ff\"><a href=\"https:\/\/www.ufsm.br\/app\/uploads\/sites\/713\/2019\/10\/Regimento-Geral-UFSM.pdf\"><span style=\"color: #0000ff;text-decoration: underline\">Regimento da UFSM<\/span><\/a><\/span>, disposto na&nbsp;<span style=\"text-decoration: underline;color: #0000ff\"><a href=\"https:\/\/www.ufsm.br\/pro-reitorias\/proplan\/resolucao-n-006-2011\/\"><span style=\"color: #0000ff;text-decoration: underline\">Resolu&ccedil;&atilde;o UFSM N. 006, de 28 de abril de 2011<\/span><\/a><\/span>, atualizado pela&nbsp;<span style=\"text-decoration: underline;color: #0000ff\"><a href=\"https:\/\/www.ufsm.br\/pro-reitorias\/proplan\/resolucao-n-016-2019\/\"><span style=\"color: #0000ff;text-decoration: underline\">Resolu&ccedil;&atilde;o UFSM N. 016, de 02 de julho de 2019<\/span><\/a><\/span>;&nbsp;<\/p>\r\n<p>- os artigos 39 ao 44 da&nbsp;<span style=\"text-decoration: underline;color: #0000ff\"><a href=\"https:\/\/www.ufsm.br\/pro-reitorias\/proplan\/resolucao-n-016-1996\/\"><span style=\"color: #0000ff;text-decoration: underline\">Resolu&ccedil;&atilde;o n&ordm; 016 de 17 de junho de 1996 da UFSM<\/span><\/a><\/span>, que disp&otilde;e sobre as normas e procedimentos administrativos relativos ao controle patrimonial dos bens m&oacute;veis, im&oacute;veis e semoventes da UFSM e da outras provid&ecirc;ncias;<\/p>\r\n<p>- a&nbsp;<span style=\"text-decoration: underline;color: #0000ff\"><a href=\"https:\/\/www.ufsm.br\/pro-reitorias\/proplan\/resolucao-ufsm-n-054-2021\/\"><span style=\"color: #0000ff;text-decoration: underline\">Resolu&ccedil;&atilde;o UFSM N. 054, de 1&ordm; de junho de 2021<\/span><\/a><\/span>, que regulamenta a proposi&ccedil;&atilde;o e a emiss&atilde;o de Atos Normativos no &acirc;mbito da Universidade Federal de Santa Maria; e,<\/p>\r\n<p>- o Parecer N. 078\/2022 da Comiss&atilde;o de Legisla&ccedil;&atilde;o e Regimentos (CLR), aprovado na 853&ordf; Sess&atilde;o do Conselho Universit&aacute;rio (CONSU), de 29 de Julho de 2022, referente ao Processo N.&nbsp;<span style=\"text-decoration: underline;color: #0000ff\"><a href=\"https:\/\/portal.ufsm.br\/documentos\/publico\/processo\/documento.html?idDocumento=14109371\"><span style=\"color: #0000ff;text-decoration: underline\">23081.042631\/2022-62<\/span><\/a><\/span>.<\/p>\r\n<p>&nbsp;<\/p>\r\n<p>RESOLVE:<\/p>\r\n<p>&nbsp;<\/p>\r\n<p>Art. 1&ordm; Alterar a <span style=\"text-decoration: underline;color: #0000ff\"><a href=\"https:\/\/www.ufsm.br\/pro-reitorias\/proplan\/resolucao-n-006-2020\"><span style=\"color: #0000ff;text-decoration: underline\">Resolu&ccedil;&atilde;o UFSM N. 006, de 06 de abril de 2020<\/span><\/a><\/span>, que aprova a recria&ccedil;&atilde;o do &oacute;rg&atilde;o colegiado denominado &ldquo;Comiss&atilde;o Permanente de Avalia&ccedil;&atilde;o e Baixa Patrimonial de Bens M&oacute;veis (CPABP-UFSM)&rdquo;, vinculado a Pr&oacute;-Reitoria de Administra&ccedil;&atilde;o (PRA) da UFSM.<\/p>\r\n<p>&sect;1&ordm; O artigo 3&ordm; da <span style=\"text-decoration: underline;color: #0000ff\"><a href=\"https:\/\/www.ufsm.br\/pro-reitorias\/proplan\/resolucao-n-006-2020\"><span style=\"color: #0000ff;text-decoration: underline\">Resolu&ccedil;&atilde;o UFSM N. 006, de 06 de abril de 2020<\/span><\/a><\/span>, passa a vigorar com a seguinte reda&ccedil;&atilde;o:<\/p>\r\n<p>&ldquo;Art. 3&ordm; A Comiss&atilde;o Permanente de Avalia&ccedil;&atilde;o e Baixa Patrimonial de Bens M&oacute;veis (CPABP-UFSM), ser&aacute; composta por 9 (nove) membros, sendo:<\/p>\r\n<p>I - 1 (um) Contador indicado pelo (a) Diretor(a) do Departamento de Contabilidade e Finan&ccedil;as (DCF);<\/p>\r\n<p>II - 1 (um) Analista ou T&eacute;cnico de Tecnologia da Informa&ccedil;&atilde;o indicado pelo (a) Diretor (a) do Centro de Processamento de Dados (CPD);<\/p>\r\n<p>III - 1 (um) Engenheiro-&Aacute;rea indicado pelo (a) Pr&oacute;-Reitor (a) de Infraestrutura (PROINFRA);<\/p>\r\n<p>IV - 1 (um) T&eacute;cnico Administrativo em Educa&ccedil;&atilde;o (TAE) indicado pelo (a) Diretor (a) da Divis&atilde;o de Patrim&ocirc;nio (DIPAT);<\/p>\r\n<p>V - 1 (um) Bibliotec&aacute;rio-Documentalista indicado pelo (a) Diretor (a) da Biblioteca Central; e,<\/p>\r\n<p>VI &ndash; 4 (quatro) T&eacute;cnicos Administrativos em Educa&ccedil;&atilde;o (TAE) indicados pelo Reitor&rdquo;.<\/p>\r\n<p>&sect;2&ordm; O artigo 7&ordm; da <span style=\"text-decoration: underline;color: #0000ff\"><a href=\"https:\/\/www.ufsm.br\/pro-reitorias\/proplan\/resolucao-n-006-2020\"><span style=\"color: #0000ff;text-decoration: underline\">Resolu&ccedil;&atilde;o UFSM N. 006, de 06 de abril de 2020<\/span><\/a><\/span>, passa a vigorar com a seguinte reda&ccedil;&atilde;o:<\/p>\r\n<p>&ldquo;Art. 7&ordm; A Comiss&atilde;o Permanente de Avalia&ccedil;&atilde;o e Baixa Patrimonial de Bens M&oacute;veis (CPABP-UFSM), reunir-se-&aacute; sempre que convocada pelo seu presidente ou em decorr&ecirc;ncia de requerimento da metade mais um de seus membros, ou ainda desde que haja demanda espec&iacute;fica, visando atender aos prazos e recursos de processos&rdquo;.<\/p>\r\n<p>Art. 2&ordm;&nbsp;Esta resolu&ccedil;&atilde;o entra em vigor em 01 de Setembro de 2022, de acordo com o que prev&ecirc; o Artigo 4&ordm; do <span style=\"text-decoration: underline;color: #0000ff\"><a href=\"https:\/\/www.planalto.gov.br\/ccivil_03\/_ato2019-2022\/2019\/decreto\/d10139.htm\"><span style=\"color: #0000ff;text-decoration: underline\">Decreto N. 10.139\/2019<\/span><\/a><\/span>.<\/p>\r\n<p>Par&aacute;grafo &uacute;nico. Havendo qualquer modifica&ccedil;&atilde;o legislativa, ou ainda, havendo qualquer situa&ccedil;&atilde;o legal que impacte na legalidade da presente Resolu&ccedil;&atilde;o, a mesma se aplica de imediato.<\/p>\r\n<\/s>\r\n<p>&nbsp;<\/p>\r\n<p>Luciano Schuch<\/p>\r\n<p>Reitor<\/p>\r\n<br>\r\n<p><font color=\"red0000\">Este texto n\u00e3o substitui o documento original, publicado em 01-08-2022 no Portal de Documentos.<\/font> Dispon\u00edvel em: <a href=\"https:\/\/portal.ufsm.br\/documentos\/publico\/documento.html?id=14303350\"><font color=\"blue\">https:\/\/portal.ufsm.br\/documentos\/publico\/documento.html?id=14303350<\/font><\/a><\/p><\/div>\r\n\r\n \t\t<\/div>\n\t\t\t\t<\/div>\n\t\t\t\t\t<\/div>\n\t\t<\/div>\n\t\t\t\t\t<\/div>\n\t\t<\/section>\n\t\t\t\t<\/div>\n\t\t","protected":false},"excerpt":{"rendered":"<p>RESOLU\u00c7\u00c3O UFSM N. 099, DE 01 DE AGOSTO DE 2022 MINIST\u00c9RIO DA EDUCA\u00c7\u00c3O UNIVERSIDADE FEDERAL DE SANTA MARIA RESOLU\u00c7\u00c3O UFSM N. 099, DE 01 DE AGOSTO DE 2022 Revogada pela Resolu\u00e7\u00e3o UFSM N.187\/2024 Altera a Resolu\u00e7\u00e3o UFSM N. 006, de 06 de abril de 2020, que aprova a recria\u00e7\u00e3o do \u00f3rg\u00e3o colegiado denominado \u201cComiss\u00e3o Permanente [&hellip;]<\/p>\n","protected":false},"author":4883,"featured_media":0,"parent":0,"menu_order":0,"comment_status":"closed","ping_status":"closed","template":"","meta":{"footnotes":""},"categories":[],"tags":[],"class_list":["post-5017","page","type-page","status-publish","hentry"],"acf":[],"_links":{"self":[{"href":"https:\/\/www.ufsm.br\/pro-reitorias\/proplan\/wp-json\/wp\/v2\/pages\/5017","targetHints":{"allow":["GET"]}}],"collection":[{"href":"https:\/\/www.ufsm.br\/pro-reitorias\/proplan\/wp-json\/wp\/v2\/pages"}],"about":[{"href":"https:\/\/www.ufsm.br\/pro-reitorias\/proplan\/wp-json\/wp\/v2\/types\/page"}],"author":[{"embeddable":true,"href":"https:\/\/www.ufsm.br\/pro-reitorias\/proplan\/wp-json\/wp\/v2\/users\/4883"}],"replies":[{"embeddable":true,"href":"https:\/\/www.ufsm.br\/pro-reitorias\/proplan\/wp-json\/wp\/v2\/comments?post=5017"}],"version-history":[{"count":0,"href":"https:\/\/www.ufsm.br\/pro-reitorias\/proplan\/wp-json\/wp\/v2\/pages\/5017\/revisions"}],"wp:attachment":[{"href":"https:\/\/www.ufsm.br\/pro-reitorias\/proplan\/wp-json\/wp\/v2\/media?parent=5017"}],"wp:term":[{"taxonomy":"category","embeddable":true,"href":"https:\/\/www.ufsm.br\/pro-reitorias\/proplan\/wp-json\/wp\/v2\/categories?post=5017"},{"taxonomy":"post_tag","embeddable":true,"href":"https:\/\/www.ufsm.br\/pro-reitorias\/proplan\/wp-json\/wp\/v2\/tags?post=5017"}],"curies":[{"name":"wp","href":"https:\/\/api.w.org\/{rel}","templated":true}]}}