{"id":5066,"date":"2022-09-15T16:42:27","date_gmt":"2022-09-15T19:42:27","guid":{"rendered":"https:\/\/www.ufsm.br\/pro-reitorias\/proplan\/?page_id=5066"},"modified":"2023-07-12T16:24:27","modified_gmt":"2023-07-12T19:24:27","slug":"parceiros-da-ufsm","status":"publish","type":"page","link":"https:\/\/www.ufsm.br\/pro-reitorias\/proplan\/parceiros-da-ufsm","title":{"rendered":"Parceiros da UFSM"},"content":{"rendered":"\n\n\n<p><a href=\"http:\/\/www.finep.gov.br\/\">Financiadora de Estudos e Projetos (Finep\/MCTIC)<\/a><\/p>\n<p><a href=\"https:\/\/fapergs.rs.gov.br\/inicial\">Funda\u00e7\u00e3o de Amparo \u00e0 Pesquisa do Estado do Rio Grande do Sul (Fapergs)<\/a><\/p>\n<p><a href=\"https:\/\/www.fatecsm.org.br\/\">Funda\u00e7\u00e3o de Apoio \u00e0 Tecnologia e Ci\u00eancia (Fatec)<\/a><\/p>\n<ul>\n<li><a href=\"https:\/\/fatec.any3.com.br\/portal\/transparencia\">Portal de Transpar\u00eancia &#8211; Projetos Fatec<\/a>\u00a0\u00a0<\/li>\n<\/ul>\n<p><a href=\"https:\/\/www.portalfaurgs.com.br\/\">Funda\u00e7\u00e3o de Apoio da Universidade Federal do Rio Grande do Sul (Faurgs)<\/a><\/p>\n<ul>\n<li><a href=\"https:\/\/faurgs.any3.com.br\/Portal\/Transparencia\/PesquisarProjeto\">Portal da Transpar\u00eancia &#8211; Projetos Faurgs<\/a>\u00a0<\/li>\n<li><a href=\"https:\/\/www.ufsm.br\/app\/uploads\/sites\/344\/2022\/12\/Avaliacao-de-desempenho-FAURGS_2022_26_07_final.pdf\">Relat\u00f3rio de Avalia\u00e7\u00e3o Faurgs<\/a><\/li>\n<\/ul>\n<p><a href=\"https:\/\/www.fundep.ufmg.br\/\">Funda\u00e7\u00e3o de Desenvolvimento da Pesquisa (Fundep\/UFMG)<\/a><\/p>\n<ul>\n<li><a href=\"https:\/\/transparencia.fundep.ufmg.br\/\">Portal da Transpar\u00eancia &#8211; Projetos Fundep<\/a><\/li>\n<li><a href=\"https:\/\/www.ufsm.br\/app\/uploads\/sites\/344\/2022\/12\/Avaliacao-de-desempenho-FUNDEP_2021_15_02.pdf\">Relat\u00f3rio de Avalia\u00e7\u00e3o Fundep<\/a><\/li>\n<\/ul>\n<p><a href=\"https:\/\/fundacoesufpel.com.br\/fdms\/\">Funda\u00e7\u00e3o Delfim Mendes Silveira (FDMS\/UFPEL)<\/a><\/p>\n<ul>\n<li><a href=\"https:\/\/fundacoesufpel.com.br\/fdms\/portal-da-transparencia\/\">Portal da Transpar\u00eancia- Projetos FDMS<\/a><\/li>\n<\/ul>\n<p><a href=\"http:\/\/portal.mec.gov.br\/\">Minist\u00e9rio da Educa\u00e7\u00e3o<\/a><\/p>\n<p>\u00a0<\/p>\n","protected":false},"excerpt":{"rendered":"<p>Financiadora de Estudos e Projetos (Finep\/MCTIC) Funda\u00e7\u00e3o de Amparo \u00e0 Pesquisa do Estado do Rio Grande do Sul (Fapergs) Funda\u00e7\u00e3o de Apoio \u00e0 Tecnologia e Ci\u00eancia (Fatec) Portal de Transpar\u00eancia &#8211; Projetos Fatec\u00a0\u00a0 Funda\u00e7\u00e3o de Apoio da Universidade Federal do Rio Grande do Sul (Faurgs) Portal da Transpar\u00eancia &#8211; Projetos Faurgs\u00a0 Relat\u00f3rio de Avalia\u00e7\u00e3o Faurgs [&hellip;]<\/p>\n","protected":false},"author":80,"featured_media":0,"parent":0,"menu_order":0,"comment_status":"closed","ping_status":"closed","template":"","meta":{"footnotes":""},"categories":[],"tags":[],"class_list":["post-5066","page","type-page","status-publish","hentry"],"acf":[],"_links":{"self":[{"href":"https:\/\/www.ufsm.br\/pro-reitorias\/proplan\/wp-json\/wp\/v2\/pages\/5066","targetHints":{"allow":["GET"]}}],"collection":[{"href":"https:\/\/www.ufsm.br\/pro-reitorias\/proplan\/wp-json\/wp\/v2\/pages"}],"about":[{"href":"https:\/\/www.ufsm.br\/pro-reitorias\/proplan\/wp-json\/wp\/v2\/types\/page"}],"author":[{"embeddable":true,"href":"https:\/\/www.ufsm.br\/pro-reitorias\/proplan\/wp-json\/wp\/v2\/users\/80"}],"replies":[{"embeddable":true,"href":"https:\/\/www.ufsm.br\/pro-reitorias\/proplan\/wp-json\/wp\/v2\/comments?post=5066"}],"version-history":[{"count":0,"href":"https:\/\/www.ufsm.br\/pro-reitorias\/proplan\/wp-json\/wp\/v2\/pages\/5066\/revisions"}],"wp:attachment":[{"href":"https:\/\/www.ufsm.br\/pro-reitorias\/proplan\/wp-json\/wp\/v2\/media?parent=5066"}],"wp:term":[{"taxonomy":"category","embeddable":true,"href":"https:\/\/www.ufsm.br\/pro-reitorias\/proplan\/wp-json\/wp\/v2\/categories?post=5066"},{"taxonomy":"post_tag","embeddable":true,"href":"https:\/\/www.ufsm.br\/pro-reitorias\/proplan\/wp-json\/wp\/v2\/tags?post=5066"}],"curies":[{"name":"wp","href":"https:\/\/api.w.org\/{rel}","templated":true}]}}