{"id":5155,"date":"2022-10-31T11:59:46","date_gmt":"2022-10-31T14:59:46","guid":{"rendered":"https:\/\/www.ufsm.br\/pro-reitorias\/proplan\/?page_id=5155"},"modified":"2022-11-01T08:55:13","modified_gmt":"2022-11-01T11:55:13","slug":"portaria-normativa-ufsm-n-053-2022","status":"publish","type":"page","link":"https:\/\/www.ufsm.br\/pro-reitorias\/proplan\/portaria-normativa-ufsm-n-053-2022","title":{"rendered":"Portaria Normativa UFSM N. 053\/2022"},"content":{"rendered":"\t\t<div data-elementor-type=\"wp-page\" data-elementor-id=\"5155\" class=\"elementor elementor-5155\">\n\t\t\t\t\t\t<section class=\"elementor-section elementor-top-section elementor-element elementor-element-1787c01 elementor-section-boxed elementor-section-height-default elementor-section-height-default\" data-id=\"1787c01\" data-element_type=\"section\">\n\t\t\t\t\t\t<div class=\"elementor-container elementor-column-gap-default\">\n\t\t\t\t\t<div class=\"elementor-column elementor-col-100 elementor-top-column elementor-element elementor-element-5352f1f\" data-id=\"5352f1f\" data-element_type=\"column\">\n\t\t\t<div class=\"elementor-widget-wrap elementor-element-populated\">\n\t\t\t\t\t\t<div class=\"elementor-element elementor-element-7d34210 elementor-widget elementor-widget-html\" data-id=\"7d34210\" data-element_type=\"widget\" data-widget_type=\"html.default\">\n\t\t\t\t<div class=\"elementor-widget-container\">\n\t\t\t\r\n\r\n\r\n<title><b>PORTARIA NORMATIVA UFSM N. 053, DE 31 DE OUTUBRO DE 2022<\/b><\/title>\r\n\r\n\r\n<div align=\"center\"><img decoding=\"async\" src=\"https:\/\/www.ufsm.br\/pro-reitorias\/proplan\/wp-content\/uploads\/sites\/344\/2019\/09\/brasao-da-republica-do-brasil-logo.png\" alt=\"Bras\u00e3o Rep\u00fablica Federativa do Brasil\" width=\"6%\" height=\"6%\"><\/div>  <h1><font color=\"blue\"><font size=\"5\"><div align=\"center\">MINIST\u00c9RIO DA EDUCA\u00c7\u00c3O<\/div><\/font><\/font><\/H1>\r\n<b><font color=\"0000blue\"><div align=\"center\">UNIVERSIDADE FEDERAL DE SANTA MARIA<\/div><\/font><\/b>\r\n<p><div align=\"center\"><b><a href=\"https:\/\/portal.ufsm.br\/documentos\/publico\/documento.html?idDocumento=14452694\" target=\"_blank\"><font color=\"blue\">PORTARIA NORMATIVA UFSM N. 053, DE 31 DE OUTUBRO DE 2022<\/font><\/a><\/b><\/div>\r\n<br>\r\n<p><div align=\"right\"><font color=\"800000\">&nbsp;&nbsp;&nbsp;&nbsp;&nbsp;&nbsp;&nbsp;&nbsp;&nbsp;&nbsp;&nbsp;&nbsp;&nbsp;&nbsp;&nbsp;&nbsp;&nbsp;&nbsp;&nbsp;&nbsp;&nbsp;&nbsp;&nbsp;&nbsp;&nbsp;&nbsp;&nbsp;&nbsp;&nbsp;&nbsp;&nbsp;&nbsp;&nbsp;&nbsp;&nbsp;&nbsp;&nbsp;&nbsp;&nbsp;&nbsp;&nbsp;&nbsp;&nbsp;&nbsp;&nbsp;&nbsp;&nbsp;&nbsp;&nbsp;&nbsp;&nbsp;&nbsp;&nbsp;&nbsp;&nbsp;&nbsp;&nbsp;&nbsp;&nbsp;&nbsp;&nbsp;&nbsp;&nbsp;&nbsp;&nbsp;&nbsp;&nbsp;&nbsp;&nbsp;&nbsp;&nbsp;&nbsp;&nbsp;&nbsp;&nbsp;&nbsp;&nbsp;&nbsp;&nbsp;&nbsp;&nbsp;&nbsp;&nbsp;&nbsp;&nbsp;&nbsp;&nbsp;&nbsp;&nbsp;&nbsp;&nbsp;&nbsp;&nbsp;&nbsp;&nbsp;&nbsp;&nbsp;&nbsp;&nbsp;&nbsp;&nbsp;&nbsp;&nbsp;&nbsp;&nbsp;&nbsp;&nbsp;Remaneja e aloca Cargos Comissionados \u2013 cargos de dire\u00e7\u00e3o (CD) e fun\u00e7\u00f5es gratificadas (FG) - no \u00e2mbito da Universidade Federal de Santa Maria (UFSM).<\/font><\/div>\r\n<br>\r\n<br><div align=\"justify\">\r\n<p>O REITOR DA UNIVERSIDADE FEDERAL DE SANTA MARIA, no uso de suas atribui\u00e7\u00f5es legais e estatut\u00e1rias e considerando:<\/p>\r\n<p>- a <a href=\"http:\/\/www.planalto.gov.br\/ccivil_03\/constituicao\/constituicao.htm\" target=\"_blank\"><font color=\"blue\"><u>Constitui\u00e7\u00e3o da Rep\u00fablica Federativa do Brasil de 1988, de 05 de outubro de 1988<\/u><\/font><\/a>;\r\n<p>- a <a href=\"http:\/\/www.planalto.gov.br\/ccivil_03\/leis\/l8112cons.htm\" target=\"_blank\"><font color=\"blue\"><u>Lei N. 8.112, de 11 de dezembro de 1990<\/u><\/font><\/a>, que disp\u00f5e sobre o regime jur\u00eddico dos servidores p\u00fablicos civis da Uni\u00e3o, das autarquias e das funda\u00e7\u00f5es p\u00fablicas federais; \r\n<p>- a <a href=\"http:\/\/www.planalto.gov.br\/ccivil_03\/leis\/l9394.htm\" target=\"_blank\"><font color=\"blue\"><u>Lei N. 9.394, de 20 de dezembro de 1996<\/u><\/font><\/a>, que estabelece as diretrizes e bases da educa\u00e7\u00e3o nacional e suas altera\u00e7\u00f5es; \r\n<p>- a <a href=\"http:\/\/www.planalto.gov.br\/ccivil_03\/leis\/lcp\/lcp95.htm\" target=\"_blank\"><font color=\"blue\"><u>Lei Complementar N. 95, de 26 de fevereiro de 1998<\/u><\/font><\/a>, que disp\u00f5e sobre a elabora\u00e7\u00e3o, a reda\u00e7\u00e3o, a altera\u00e7\u00e3o e a consolida\u00e7\u00e3o das leis, conforme determina o Par\u00e1grafo \u00danico do Art. 59 da Constitui\u00e7\u00e3o Federal, e estabelece normas para a consolida\u00e7\u00e3o dos atos normativos que menciona; \r\n<p>- o <a href=\"https:\/\/www.planalto.gov.br\/ccivil_03\/_ato2015-2018\/2017\/decreto\/d9191.htm\" target=\"_blank\"><font color=\"blue\"><u>Decreto N. 9.191, de 1\u00ba de novembro de 2017<\/u><\/font><\/a>, que estabelece as normas e as diretrizes para elabora\u00e7\u00e3o, reda\u00e7\u00e3o, altera\u00e7\u00e3o, consolida\u00e7\u00e3o e encaminhamento de propostas de atos normativos ao Presidente da Rep\u00fablica pelos Ministros de Estado; \r\n<p>- o <a href=\"http:\/\/www.planalto.gov.br\/ccivil_03\/_ato2019-2022\/2019\/decreto\/d9739.htm\" target=\"_blank\"><font color=\"blue\"><u>Decreto n\u00ba 9.739, de 28 de mar\u00e7o de 2019<\/u><\/font><\/a>, que estabelece medidas de efici\u00eancia organizacional para o aprimoramento da administra\u00e7\u00e3o p\u00fablica federal direta, aut\u00e1rquica e fundacional, estabelece normas sobre concursos p\u00fablicos e disp\u00f5e sobre o Sistema de Organiza\u00e7\u00e3o e Inova\u00e7\u00e3o Institucional do Governo Federal - SIORG; \r\n<p>- o <a href=\"https:\/\/www.planalto.gov.br\/ccivil_03\/_ato2019-2022\/2019\/decreto\/D10139.htm\" target=\"_blank\"><font color=\"blue\"><u>Decreto n\u00ba 10.139, de 28 de novembro de 2019<\/u><\/font><\/a>, que disp\u00f5e sobre a revis\u00e3o e a consolida\u00e7\u00e3o de atos normativos inferiores a decreto;\r\n<p>- <a href=\"https:\/\/www.planalto.gov.br\/ccivil_03\/_ato2019-2022\/2022\/decreto\/d11189.htm\" target=\"_blank\"><font color=\"blue\"><u>Decreto n\u00ba 11.189, de 5 de setembro de 2022<\/u><\/font><\/a>, que transforma Cargos de Dire\u00e7\u00e3o \u2013 CD Fun\u00e7\u00f5es Gratificadas Espec\u00edficas de Institui\u00e7\u00e3o de Ensino \u2013 FG e Fun\u00e7\u00f5es Comissionadas de Coordenador de Curso \u2013 FCC;\r\n<p>-  a <a href=\"https:\/\/www.in.gov.br\/web\/dou\/-\/portaria-n-333-de-5-de-maio-de-2022-398332496\" target=\"_blank\"><font color=\"blue\"><u>Portaria n\u00ba 333, de 5 de maio de 2022<\/u><\/font><\/a>, do Minist\u00e9rio da Educa\u00e7\u00e3o, que Remaneja Cargos de Dire\u00e7\u00e3o, Fun\u00e7\u00f5es Gratificadas e Fun\u00e7\u00f5es de Coordenador de Curso, das Institui\u00e7\u00f5es Federais de Ensino Superior para o Minist\u00e9rio da Educa\u00e7\u00e3o, para fins da transforma\u00e7\u00e3o de cargos comissionados prevista na Lei n\u00ba 14.204, de 16 de setembro de 2021, regulamentada pelo Decreto n\u00ba 10.829, de 5 de outubro de 2021;\r\n<p>- a <a><font color=\"blue\"><u>Portaria n\u00ba 719, de 30 de setembro de 2022<\/u><\/font><\/a>, do Minist\u00e9rio da Educa\u00e7\u00e3o, que disp\u00f5e sobre o remanejamento de Cargos de Dire\u00e7\u00e3o, Fun\u00e7\u00f5es Gratificadas e Fun\u00e7\u00f5es de Coordenador de Curso, do Minist\u00e9rio da Educa\u00e7\u00e3o - MEC para as Universidades Federais, em raz\u00e3o da transforma\u00e7\u00e3o de cargos promovida pelo Decreto n\u00ba 11.189, de 5 de setembro de 2022;\r\n<p>- o <a href=\"https:\/\/www.ufsm.br\/pro-reitorias\/proplan\/estatuto-ufsm-2010\/\" target=\"_blank\"><font color=\"blue\"><u>Estatuto da Universidade Federal de Santa Maria<\/u><\/font><\/a> com as adequa\u00e7\u00f5es aprovadas pela <a href=\"https:\/\/www.ufsm.br\/pro-reitorias\/proplan\/resolucao-n-037-2010\/\" target=\"_blank\"><font color=\"blue\"><u>Resolu\u00e7\u00e3o UFSM N. 037, de 30 de novembro de 2010<\/u><\/font><\/a>, aprovado pela <a href=\"https:\/\/pesquisa.in.gov.br\/imprensa\/jsp\/visualiza\/index.jsp?data=13\/03\/2014&amp;jornal=1&amp;pagina=43&amp;totalArquivos=100\" target=\"_blank\"><font color=\"blue\"><u>Portaria N. 156, de 12 de mar\u00e7o de 2014<\/u><\/font><\/a>, e publicado no Di\u00e1rio Oficial da Uni\u00e3o em 13 de mar\u00e7o de 2014; \r\n<p>- o <a href=\"https:\/\/www.ufsm.br\/pro-reitorias\/proplan\/regimento-geral-da-ufsm-com-alteracoes-compiladas-pela-resolucao-n-016-2019\/\" target=\"_blank\"><font color=\"blue\"><u>Regimento da UFSM<\/u><\/font><\/a>, disposto na <a href=\"https:\/\/www.ufsm.br\/pro-reitorias\/proplan\/resolucao-n-006-2011\/\" target=\"_blank\"><font color=\"blue\"><u>Resolu\u00e7\u00e3o UFSM N. 006\/2011<\/u><\/font><\/a>, atualizado pela <a href=\"https:\/\/www.ufsm.br\/pro-reitorias\/proplan\/resolucao-n-016-2019\/\" target=\"_blank\"><font color=\"blue\"><u>Resolu\u00e7\u00e3o UFSM N. 016\/2019<\/u><\/font><\/a>;<\/p>\r\n<p>- a <a href=\"https:\/\/www.ufsm.br\/pro-reitorias\/proplan\/resolucao-ufsm-n-054-2021\/\" target=\"_blank\"><font color=\"blue\"><u>Resolu\u00e7\u00e3o UFSM n\u00ba 054, de 1\u00ba de junho de 2021<\/u><\/font><\/a>, que regulamenta a proposi\u00e7\u00e3o e a emiss\u00e3o de Atos Normativos no \u00e2mbito da Universidade Federal de Santa Maria; e,\r\n<p>- o que consta no processo <a href=\"https:\/\/portal.ufsm.br\/documentos\/publico\/processo\/documento.html?idDocumento=14435722\" target=\"_blank\"><font color=\"blue\"><u>23081.120334\/2022-65<\/u><\/font><\/a>.\r\n<br>\r\n<p>RESOLVE:<\/p>\r\n<br>\r\n<p>Art. 1\u00ba Remanejar e alocar Cargos Comissionados \u2013 cargos de dire\u00e7\u00e3o (CD) e fun\u00e7\u00f5es gratificadas (FG) - no \u00e2mbito da Universidade Federal de Santa Maria.\r\n<p>Art. 2\u00ba Ficam remanejadas os seguintes Cargos Comissionados:\r\n<p>I \u2013 1 (um) Cargo de Dire\u00e7\u00e3o (CD), n\u00edvel 2, livre\/dispon\u00edvel na Universidade Federal de Santa Maria (UFSM) para a Pr\u00f3-Reitoria de Infraestrutura (PROINFRA);\r\n<p>II \u2013 1 (um) Cargo de Dire\u00e7\u00e3o (CD), n\u00edvel 3, da Pr\u00f3-Reitoria de Infraestrutura (PROINFRA) para a Coordenadoria de Obras e Planejamento Ambiental e Urbano (COPA-PROINFRA) da Pr\u00f3-Reitoria de Infraestrutura (PROINFRA);\r\n<p>III \u2013 1 (um) Cargo de Dire\u00e7\u00e3o (CD), n\u00edvel 2, livre\/dispon\u00edvel na Universidade Federal de Santa Maria (UFSM) para o Gabinete do Reitor (GR);\r\n<p>IV \u2013 1 (um) Cargo de Dire\u00e7\u00e3o (CD), n\u00edvel 3, do Gabinete do Reitor (GR) para Ag\u00eancia de Inova\u00e7\u00e3o e Transfer\u00eancia de Tecnologia (AGITTEC);\r\n<p>V \u2013 3 (um) Cargos de Dire\u00e7\u00e3o (CD), n\u00edvel 3, da Universidade Federal de Santa Maria (UFSM) para o Gabinete do Reitor (GR);\r\n<p>VI \u2013 1 (um) Cargo de Dire\u00e7\u00e3o (CD), n\u00edvel 3, da Universidade Federal de Santa Maria (UFSM) para o Parque de Inova\u00e7\u00e3o, Ci\u00eancia e Tecnologia da UFSM (PICT-UFSM); \r\n<p>VII - 1 (uma) Fun\u00e7\u00e3o Gratificada (FG), n\u00edvel 1, da Divis\u00e3o de Administra\u00e7\u00e3o Financeira (DAF), da Coordena\u00e7\u00e3o de An\u00e1lise Cont\u00e1bil (CAC) do Departamento de Contabilidade e Finan\u00e7as (DCF) para a Imprensa Universit\u00e1ria (IU); e,\r\n<p>VIII \u2013 1 (uma) Fun\u00e7\u00e3o Gratificada (FG), n\u00edvel 1, do Gabinete do Reitor (GR) para o Restaurante Universit\u00e1rio (RU).\r\n<p>Par\u00e1grafo \u00fanico.  O Cargo de Dire\u00e7\u00e3o (CD 3), inciso II, atribu\u00eddo ao Pr\u00f3-Reitor Adjunto \u00e9 alocado como autoridade em uma das Coordenadorias da Pr\u00f3-Reitoria de Infraestruutra, com a denomina\u00e7\u00e3o de autoridade \u201cPr\u00f3-Reitor (a) Adjunto (a)\u201d e as autoridades respons\u00e1veis pelas demais Coordenadorias vinculadas \u00e0 Pr\u00f3-Reitoria de Planejamento s\u00e3o atribu\u00eddos o Cargo de Dire\u00e7\u00e3o (CD4), com a denomina\u00e7\u00e3o de autoridade \u201cCoordenador (a)\u201d.\r\n<p>Art. 3\u00ba Fica alocado 1 (um) Cargo Comissionado (CD), n\u00edvel 2, livre\/dispon\u00edvel na Universidade Federal de Santa Maria (UFSM). \r\n<p>Art. 4\u00ba Esta Portaria Normativa entra em vigor em 1\u00ba de novembro de 2022, por se tratar de urg\u00eancia justi\ufb01cada no expediente administrativo.\r\n<p>Par\u00e1grafo \u00fanico. Havendo qualquer modifica\u00e7\u00e3o legislativa, ou ainda, havendo qualquer situa\u00e7\u00e3o legal que impacte na legalidade da presente Portaria Normativa, a mesma se aplica de imediato.\r\n<br>\r\n<p>Luciano Schuch,<\/p>\r\n<p>Reitor.<\/p>\r\n<br>\r\n<p><font color=\"red0000\">Este texto n\u00e3o substitui o documento original, publicado no DOU em 1\u00ba de novembro de 2022, dispon\u00edvel em: <a href=\"https:\/\/www.in.gov.br\/en\/web\/dou\/-\/portaria-normativa-ufsm-n-53-de-31-de-outubro-de-2022-440575522\"><font color=\"blue\">https:\/\/www.in.gov.br\/en\/web\/dou\/-\/portaria-normativa-ufsm-n-53-de-31-de-outubro-de-2022-440575522<\/font><\/a>  e no Portal de Documentos, dispon\u00edvel em: <a href=\"https:\/\/portal.ufsm.br\/documentos\/publico\/documento.html?idDocumento=14452694\"><font color=\"blue\">https:\/\/portal.ufsm.br\/documentos\/publico\/documento.html?idDocumento=14452694<\/font><\/a><\/p><\/div>\r\n\r\n \t\t<\/div>\n\t\t\t\t<\/div>\n\t\t\t\t\t<\/div>\n\t\t<\/div>\n\t\t\t\t\t<\/div>\n\t\t<\/section>\n\t\t\t\t<\/div>\n\t\t","protected":false},"excerpt":{"rendered":"<p>PORTARIA NORMATIVA UFSM N. 053, DE 31 DE OUTUBRO DE 2022 MINIST\u00c9RIO DA EDUCA\u00c7\u00c3O UNIVERSIDADE FEDERAL DE SANTA MARIA PORTARIA NORMATIVA UFSM N. 053, DE 31 DE OUTUBRO DE 2022 &nbsp;&nbsp;&nbsp;&nbsp;&nbsp;&nbsp;&nbsp;&nbsp;&nbsp;&nbsp;&nbsp;&nbsp;&nbsp;&nbsp;&nbsp;&nbsp;&nbsp;&nbsp;&nbsp;&nbsp;&nbsp;&nbsp;&nbsp;&nbsp;&nbsp;&nbsp;&nbsp;&nbsp;&nbsp;&nbsp;&nbsp;&nbsp;&nbsp;&nbsp;&nbsp;&nbsp;&nbsp;&nbsp;&nbsp;&nbsp;&nbsp;&nbsp;&nbsp;&nbsp;&nbsp;&nbsp;&nbsp;&nbsp;&nbsp;&nbsp;&nbsp;&nbsp;&nbsp;&nbsp;&nbsp;&nbsp;&nbsp;&nbsp;&nbsp;&nbsp;&nbsp;&nbsp;&nbsp;&nbsp;&nbsp;&nbsp;&nbsp;&nbsp;&nbsp;&nbsp;&nbsp;&nbsp;&nbsp;&nbsp;&nbsp;&nbsp;&nbsp;&nbsp;&nbsp;&nbsp;&nbsp;&nbsp;&nbsp;&nbsp;&nbsp;&nbsp;&nbsp;&nbsp;&nbsp;&nbsp;&nbsp;&nbsp;&nbsp;&nbsp;&nbsp;&nbsp;&nbsp;&nbsp;&nbsp;&nbsp;&nbsp;&nbsp;&nbsp;&nbsp;&nbsp;&nbsp;&nbsp;Remaneja e aloca Cargos Comissionados \u2013 cargos de dire\u00e7\u00e3o (CD) e fun\u00e7\u00f5es gratificadas (FG) &#8211; no \u00e2mbito da Universidade Federal de Santa Maria (UFSM). O [&hellip;]<\/p>\n","protected":false},"author":230,"featured_media":0,"parent":0,"menu_order":0,"comment_status":"closed","ping_status":"closed","template":"","meta":{"footnotes":""},"categories":[],"tags":[],"class_list":["post-5155","page","type-page","status-publish","hentry"],"acf":[],"_links":{"self":[{"href":"https:\/\/www.ufsm.br\/pro-reitorias\/proplan\/wp-json\/wp\/v2\/pages\/5155","targetHints":{"allow":["GET"]}}],"collection":[{"href":"https:\/\/www.ufsm.br\/pro-reitorias\/proplan\/wp-json\/wp\/v2\/pages"}],"about":[{"href":"https:\/\/www.ufsm.br\/pro-reitorias\/proplan\/wp-json\/wp\/v2\/types\/page"}],"author":[{"embeddable":true,"href":"https:\/\/www.ufsm.br\/pro-reitorias\/proplan\/wp-json\/wp\/v2\/users\/230"}],"replies":[{"embeddable":true,"href":"https:\/\/www.ufsm.br\/pro-reitorias\/proplan\/wp-json\/wp\/v2\/comments?post=5155"}],"version-history":[{"count":0,"href":"https:\/\/www.ufsm.br\/pro-reitorias\/proplan\/wp-json\/wp\/v2\/pages\/5155\/revisions"}],"wp:attachment":[{"href":"https:\/\/www.ufsm.br\/pro-reitorias\/proplan\/wp-json\/wp\/v2\/media?parent=5155"}],"wp:term":[{"taxonomy":"category","embeddable":true,"href":"https:\/\/www.ufsm.br\/pro-reitorias\/proplan\/wp-json\/wp\/v2\/categories?post=5155"},{"taxonomy":"post_tag","embeddable":true,"href":"https:\/\/www.ufsm.br\/pro-reitorias\/proplan\/wp-json\/wp\/v2\/tags?post=5155"}],"curies":[{"name":"wp","href":"https:\/\/api.w.org\/{rel}","templated":true}]}}