{"id":5301,"date":"2023-03-31T10:21:07","date_gmt":"2023-03-31T13:21:07","guid":{"rendered":"https:\/\/www.ufsm.br\/pro-reitorias\/proplan\/?page_id=5301"},"modified":"2023-12-28T11:56:54","modified_gmt":"2023-12-28T14:56:54","slug":"portaria-normativa-ufsm-n-060","status":"publish","type":"page","link":"https:\/\/www.ufsm.br\/pro-reitorias\/proplan\/portaria-normativa-ufsm-n-060","title":{"rendered":"PORTARIA NORMATIVA UFSM N. 060\/2023"},"content":{"rendered":"\t\t<div data-elementor-type=\"wp-page\" data-elementor-id=\"5301\" class=\"elementor elementor-5301\">\n\t\t\t\t\t\t<section class=\"elementor-section elementor-top-section elementor-element elementor-element-1213439 elementor-section-boxed elementor-section-height-default elementor-section-height-default\" data-id=\"1213439\" data-element_type=\"section\">\n\t\t\t\t\t\t<div class=\"elementor-container elementor-column-gap-default\">\n\t\t\t\t\t<div class=\"elementor-column elementor-col-100 elementor-top-column elementor-element elementor-element-02e431d\" data-id=\"02e431d\" data-element_type=\"column\">\n\t\t\t<div class=\"elementor-widget-wrap elementor-element-populated\">\n\t\t\t\t\t\t<div class=\"elementor-element elementor-element-0dca303 elementor-widget elementor-widget-html\" data-id=\"0dca303\" data-element_type=\"widget\" data-widget_type=\"html.default\">\n\t\t\t\t<div class=\"elementor-widget-container\">\n\t\t\t\r\n\r\n\r\n<title><b>PORTARIA NORMATIVA UFSM N. 060, DE 30 DE MAR\u00c7O DE 2023<\/b><\/title>\r\n\r\n\r\n<div align=\"center\"><img decoding=\"async\" src=\"https:\/\/www.ufsm.br\/pro-reitorias\/proplan\/wp-content\/uploads\/sites\/344\/2019\/09\/brasao-da-republica-do-brasil-logo.png\" alt=\"Bras\u00e3o Rep\u00fablica Federativa do Brasil\" width=\"6%\" height=\"6%\"><\/div>  <h1><font color=\"blue\"><font size=\"5\"><div align=\"center\">MINIST\u00c9RIO DA EDUCA\u00c7\u00c3O<\/div><\/font><\/font><\/H1>\r\n<b><font color=\"0000blue\"><div align=\"center\">UNIVERSIDADE FEDERAL DE SANTA MARIA<\/div><\/font><\/b>\r\n<p><div align=\"center\"><b><a href=\"https:\/\/portal.ufsm.br\/documentos\/publico\/documento.html?id=14613388\" target=\"_blank\"><font color=\"blue\">PORTARIA NORMATIVA UFSM N. 060, DE 30 DE MAR\u00c7O DE 2023<\/font><\/a><\/b><\/div>\r\n<br>\r\n<p><div align=\"justify\"><font color=\"800000\"><ul><ul><ul><ul><ul><ul><ul><ul><ul><ul><ul><ul><ul><ul><ul><ul><strike>Remaneja e aloca Cargos Comissionados no \u00e2mbito da Pr\u00f3-Reitoria de Extens\u00e3o da Universidade Federal de Santa Maria (UFSM).<\/strike><\/font><\/div><\/ul>\r\n<br>\r\n<br>\r\n<p><a href=\"https:\/\/www.ufsm.br\/pro-reitorias\/proplan?page_id=5624\" target=\"_blank\"><font color=\"blue\">Revogada pela Portaria Normativa UFSM N. 072\/2023<\/font><\/a><\/p>\r\n<br>\r\n<br><div align=\"justify\"><font color=\"black\">\r\n<strike>\r\n<p>O REITOR DA UNIVERSIDADE FEDERAL DE SANTA MARIA, no uso de suas atribui\u00e7\u00f5es legais e estatut\u00e1rias e considerando:\r\n<\/p>\r\n<p style=\"text-align: justify\">- &nbsp;a <span style=\"color: #0000ff\"><a href=\"https:\/\/www.planalto.gov.br\/ccivil_03\/constituicao\/constituicao.htm\"><span style=\"color: #0000ff\"><u>Constitui&ccedil;&atilde;o da Rep&uacute;blica Federativa do Brasil de 1988, de 05 de outubro de 1988<\/u><\/span><\/a><\/span>;<\/p>\r\n<p style=\"text-align: justify\">- a <a href=\"https:\/\/www.planalto.gov.br\/ccivil_03\/leis\/l8112cons.htm\"><span style=\"color: #0000ff\"><u>Lei n&ordm; 8.112, de 11 de dezembro de 1990<\/u><\/span><\/a>, que disp&otilde;e sobre o regime jur&iacute;dico dos servidores p&uacute;blicos civis da Uni&atilde;o, das autarquias e das funda&ccedil;&otilde;es p&uacute;blicas federais;<\/p>\r\n<p style=\"text-align: justify\">- a <a href=\"https:\/\/www.planalto.gov.br\/ccivil_03\/leis\/l9394.htm\"><span style=\"color: #0000ff\"><u>Lei n&ordm; 9.394, de 20 de dezembro de 1996<\/u><\/span><\/a>, que estabelece as diretrizes e bases da educa&ccedil;&atilde;o nacional e suas altera&ccedil;&otilde;es;<\/p>\r\n<p style=\"text-align: justify\">- a <a href=\"https:\/\/www.planalto.gov.br\/ccivil_03\/leis\/lcp\/lcp95.htm\"><span style=\"color: #0000ff\"><u>Lei Complementar n&ordm; 95, de 26 de fevereiro de 1998<\/u><\/span><\/a>, que disp&otilde;e sobre a elabora&ccedil;&atilde;o, a reda&ccedil;&atilde;o, a altera&ccedil;&atilde;o e a consolida&ccedil;&atilde;o das leis, conforme determina o Par&aacute;grafo &Uacute;nico do Art. 59 da Constitui&ccedil;&atilde;o Federal, e estabelece normas para a consolida&ccedil;&atilde;o dos atos normativos que menciona;<\/p>\r\n<p style=\"text-align: justify\">- o <span style=\"color: #0000ff\"><a href=\"https:\/\/www2.camara.leg.br\/legin\/fed\/decret\/2017\/decreto-9191-1-novembro-2017-785689-publicacaooriginal-154137-pe.html\"><span style=\"color: #0000ff\"><u>Decreto n&ordm; 9.191, de 1&ordm; de novembro de 2017<\/u><\/span><\/a><\/span>, que estabelece as normas e as diretrizes para elabora&ccedil;&atilde;o, reda&ccedil;&atilde;o, altera&ccedil;&atilde;o, consolida&ccedil;&atilde;o e encaminhamento de propostas de atos normativos ao Presidente da Rep&uacute;blica pelos Ministros de Estado;<\/p>\r\n<p style=\"text-align: justify\">- o <a href=\"https:\/\/www.planalto.gov.br\/ccivil_03\/_ato2019-2022\/2019\/decreto\/d9739.htm\"><span style=\"color: #0000ff\"><u>Decreto n&ordm; 9.739, de 28 de mar&ccedil;o de 2019<\/u><\/span><\/a>, que estabelece medidas de efici&ecirc;ncia organizacional para o aprimoramento da administra&ccedil;&atilde;o p&uacute;blica federal direta, aut&aacute;rquica e fundacional, estabelece normas sobre concursos p&uacute;blicos e disp&otilde;e sobre o Sistema de Organiza&ccedil;&atilde;o e Inova&ccedil;&atilde;o Institucional do Governo Federal - SIORG;<\/p>\r\n<p style=\"text-align: justify\">- o <a href=\"https:\/\/www.in.gov.br\/en\/web\/dou\/-\/decreto-n-10.139-de-28-de-novembro-de-2019-230458659\"><span style=\"color: #0000ff\"><u>Decreto n&ordm; 10.139, de 28 de novembro de 2019<\/u><\/span><\/a>, que disp&otilde;e sobre a revis&atilde;o e a consolida&ccedil;&atilde;o de atos normativos inferiores a decreto;<\/p>\r\n<p style=\"text-align: justify\">- o <a href=\"https:\/\/www.ufsm.br\/pro-reitorias\/proplan\/estatuto-ufsm-2010\"><span style=\"color: #0000ff\"><u>Estatuto da Universidade Federal de Santa Maria<\/u><\/span><\/a> com as adequa&ccedil;&otilde;es aprovadas pela <a href=\"https:\/\/www.ufsm.br\/pro-reitorias\/proplan\/resolucao-n-037-2010\"><span style=\"color: #0000ff\"><u>Resolu&ccedil;&atilde;o UFSM N. 037, de 30 de novembro de 2010<\/u><\/span><\/a>, aprovado pela <a href=\"https:\/\/www.ufsm.br\/app\/uploads\/2018\/08\/Estatuto-da-UFSM.pdf\"><span style=\"color: #0000ff\"><u>Portaria N. 156, de 12 de mar&ccedil;o de 2014<\/u><\/span><\/a>, e publicado no Di&aacute;rio Oficial da Uni&atilde;o em 13 de mar&ccedil;o de 2014;<\/p>\r\n<p style=\"text-align: justify\">- o <span style=\"color: #0000ff\"><a href=\"https:\/\/www.ufsm.br\/pro-reitorias\/proplan\/regimento-geral-da-ufsm-com-alteracoes-compiladas-pela-resolucao-n-016-2019\"><span style=\"color: #0000ff\"><u>Regimento da UFSM<\/u><\/span><\/a><\/span>, disposto na<a href=\"https:\/\/www.ufsm.br\/pro-reitorias\/proplan\/resolucao-n-006-2011\"><span style=\"color: #0000ff\"><u>Resolu&ccedil;&atilde;o UFSM N. 006, de 28 de abril de 2011<\/u><\/span><\/a>, atualizado pela <a href=\"https:\/\/www.ufsm.br\/pro-reitorias\/proplan\/resolucao-n-016-2019\"><span style=\"color: #0000ff\"><u>Resolu&ccedil;&atilde;o UFSM N. 016, de 02 de julho de 2019<\/u><\/span><\/a>;&nbsp;<\/p>\r\n<p style=\"text-align: justify\">- a <a href=\"https:\/\/www.ufsm.br\/pro-reitorias\/proplan\/resolucao-n-016-2020\"><span style=\"color: #0000ff\"><u>Resolu&ccedil;&atilde;o UFSM n&ordm; 16, de 23 de junho de 2020<\/u><\/span><\/a>, que estabelece a nova estrutura organizacional da Pr&oacute;-Reitoria de Extens&atilde;o (PRE) da Universidade Federal de Santa Maria (UFSM), suas compet&ecirc;ncias e atribui&ccedil;&otilde;es e altera o Regimento Geral da UFSM;<\/p>\r\n<p style=\"text-align: justify\">- a <a href=\"https:\/\/www.ufsm.br\/pro-reitorias\/proplan\/resolucao-ufsm-n-054-2021\"><span style=\"color: #0000ff\"><u>Resolu&ccedil;&atilde;o UFSM n&ordm; 054, de 1&ordm; de junho de 2021<\/u><\/span><\/a>, que regulamenta a proposi&ccedil;&atilde;o e a emiss&atilde;o de Atos Normativos no &acirc;mbito da Universidade Federal de Santa Maria; e,<\/p>\r\n<p style=\"text-align: justify\">- o que consta no processo <a href=\"https:\/\/portal.ufsm.br\/documentos\/publico\/processo\/documento.html;jsessionid=7b3c82f880937c42781450e5240d?idDocumento=14610343\"><span style=\"color: #0000ff\"><u>23081.045984\/2023-03<\/u><\/span><\/a>.<\/p>\r\n<p style=\"text-align: justify\">&nbsp;<\/p>\r\n<p style=\"text-align: justify\" align=\"left\">RESOLVE:<\/p>\r\n<p style=\"text-align: justify\">&nbsp;<\/p>\r\n<p style=\"text-align: justify\">Art. 1&ordm; Remanejar e alocar Cargos Comissionados no &acirc;mbito da Pr&oacute;-Reitoria de Extens&atilde;o da Universidade Federal de Santa Maria.<\/p>\r\n<p style=\"text-align: justify\">Art. 2&ordm; Ficam remanejados os seguintes Cargos Comissionados:<\/p>\r\n<p style=\"text-align: justify\">I - CD3 da Coordenadoria de Cultura e Arte (CCA-PRE) para a Coordenadoria de Desenvolvimento Regional e Cidadania (CODERC-PRE); e,<\/p>\r\n<p style=\"text-align: justify\">II - CD4 da Coordenadoria de Desenvolvimento Regional e Cidadania (CODERC-PRE) para a Coordenadoria de Cultura e Arte (CCA-PRE).<\/p>\r\n<p style=\"text-align: justify\">Art. 3&ordm; Esta Portaria Normativa entra em vigor em 03 de abril de 2023, por se tratar de urg&ecirc;ncia justi\ufb01cada no expediente administrativo.<\/p>\r\n<p style=\"text-align: justify\">Par&aacute;grafo &uacute;nico. Havendo qualquer modifica&ccedil;&atilde;o legislativa, ou ainda, havendo qualquer situa&ccedil;&atilde;o legal que impacte na legalidade da presente Portaria Normativa, a mesma se aplica de imediato<\/p>\r\n<p><span>&nbsp;<\/span><\/p>\r\n<p style=\"text-align: justify\" dir=\"ltr\"><span>Luciano Schuch<\/span><\/p>\r\n<p style=\"text-align: justify\" dir=\"ltr\"><span>Reitor<\/span><\/p>\r\n<p style=\"text-align: justify\"><span>&nbsp;<\/span><\/p>\r\n<\/strike>\r\n<p><font color=\"red0000\">Este texto n\u00e3o substitui o documento original, publicado no DOU em 30\/03\/2023.<\/font> Dispon\u00edvel em: <a href=\"https:\/\/www.in.gov.br\/en\/web\/dou\/-\/portaria-normativa-ufsm-n-60-de-30-de-marco-de-2023-474125665\" target=\"_blank\"><font color=\"blue\">https:\/\/www.in.gov.br\/en\/web\/dou\/-\/portaria-normativa-ufsm-n-60-de-30-de-marco-de-2023-474125665<\/font><\/a> e no Portal de Documentos.<\/font> Dispon\u00edvel em: <a href=\"https:\/\/portal.ufsm.br\/documentos\/publico\/documento.html?id=14613388\" target=\"_blank\"><font color=\"blue\">https:\/\/portal.ufsm.br\/documentos\/publico\/documento.html?id=14613388<\/font><\/a>\r\n\r\n \r\n \t\t<\/div>\n\t\t\t\t<\/div>\n\t\t\t\t\t<\/div>\n\t\t<\/div>\n\t\t\t\t\t<\/div>\n\t\t<\/section>\n\t\t\t\t<\/div>\n\t\t","protected":false},"excerpt":{"rendered":"<p>PORTARIA NORMATIVA UFSM N. 060, DE 30 DE MAR\u00c7O DE 2023 MINIST\u00c9RIO DA EDUCA\u00c7\u00c3O UNIVERSIDADE FEDERAL DE SANTA MARIA PORTARIA NORMATIVA UFSM N. 060, DE 30 DE MAR\u00c7O DE 2023 Remaneja e aloca Cargos Comissionados no \u00e2mbito da Pr\u00f3-Reitoria de Extens\u00e3o da Universidade Federal de Santa Maria (UFSM). Revogada pela Portaria Normativa UFSM N. 072\/2023 [&hellip;]<\/p>\n","protected":false},"author":4883,"featured_media":0,"parent":0,"menu_order":0,"comment_status":"closed","ping_status":"closed","template":"","meta":{"footnotes":""},"categories":[],"tags":[],"class_list":["post-5301","page","type-page","status-publish","hentry"],"acf":[],"_links":{"self":[{"href":"https:\/\/www.ufsm.br\/pro-reitorias\/proplan\/wp-json\/wp\/v2\/pages\/5301","targetHints":{"allow":["GET"]}}],"collection":[{"href":"https:\/\/www.ufsm.br\/pro-reitorias\/proplan\/wp-json\/wp\/v2\/pages"}],"about":[{"href":"https:\/\/www.ufsm.br\/pro-reitorias\/proplan\/wp-json\/wp\/v2\/types\/page"}],"author":[{"embeddable":true,"href":"https:\/\/www.ufsm.br\/pro-reitorias\/proplan\/wp-json\/wp\/v2\/users\/4883"}],"replies":[{"embeddable":true,"href":"https:\/\/www.ufsm.br\/pro-reitorias\/proplan\/wp-json\/wp\/v2\/comments?post=5301"}],"version-history":[{"count":0,"href":"https:\/\/www.ufsm.br\/pro-reitorias\/proplan\/wp-json\/wp\/v2\/pages\/5301\/revisions"}],"wp:attachment":[{"href":"https:\/\/www.ufsm.br\/pro-reitorias\/proplan\/wp-json\/wp\/v2\/media?parent=5301"}],"wp:term":[{"taxonomy":"category","embeddable":true,"href":"https:\/\/www.ufsm.br\/pro-reitorias\/proplan\/wp-json\/wp\/v2\/categories?post=5301"},{"taxonomy":"post_tag","embeddable":true,"href":"https:\/\/www.ufsm.br\/pro-reitorias\/proplan\/wp-json\/wp\/v2\/tags?post=5301"}],"curies":[{"name":"wp","href":"https:\/\/api.w.org\/{rel}","templated":true}]}}