{"id":5429,"date":"2023-06-30T08:46:48","date_gmt":"2023-06-30T11:46:48","guid":{"rendered":"https:\/\/www.ufsm.br\/pro-reitorias\/proplan\/?page_id=5429"},"modified":"2025-01-02T12:14:58","modified_gmt":"2025-01-02T15:14:58","slug":"portaria-normativa-ufsm-n-065-de-29-de-junho-de-2023","status":"publish","type":"page","link":"https:\/\/www.ufsm.br\/pro-reitorias\/proplan\/portaria-normativa-ufsm-n-065-de-29-de-junho-de-2023","title":{"rendered":"Portaria Normativa UFSM N. 065, de 29 DE JUNHO DE 2023"},"content":{"rendered":"\t\t<div data-elementor-type=\"wp-page\" data-elementor-id=\"5429\" class=\"elementor elementor-5429\">\n\t\t\t\t\t\t<section class=\"elementor-section elementor-top-section elementor-element elementor-element-6bb3ec07 elementor-section-boxed elementor-section-height-default elementor-section-height-default\" data-id=\"6bb3ec07\" data-element_type=\"section\">\n\t\t\t\t\t\t<div class=\"elementor-container elementor-column-gap-default\">\n\t\t\t\t\t<div class=\"elementor-column elementor-col-100 elementor-top-column elementor-element elementor-element-6e555645\" data-id=\"6e555645\" data-element_type=\"column\">\n\t\t\t<div class=\"elementor-widget-wrap elementor-element-populated\">\n\t\t\t\t\t\t<div class=\"elementor-element elementor-element-22f171d7 elementor-widget elementor-widget-text-editor\" data-id=\"22f171d7\" data-element_type=\"widget\" data-widget_type=\"text-editor.default\">\n\t\t\t\t<div class=\"elementor-widget-container\">\n\t\t\t\t\t\t\t<!-- wp:preformatted -->\n<pre class=\"wp-block-preformatted\"><\/pre>\n<!-- \/wp:preformatted -->\n\n<!-- wp:tadv\/classic-paragraph \/-->\t\t\t\t\t\t<\/div>\n\t\t\t\t<\/div>\n\t\t\t\t\t<\/div>\n\t\t<\/div>\n\t\t\t\t\t<\/div>\n\t\t<\/section>\n\t\t\t\t<section class=\"elementor-section elementor-top-section elementor-element elementor-element-4c931d4 elementor-section-boxed elementor-section-height-default elementor-section-height-default\" data-id=\"4c931d4\" data-element_type=\"section\">\n\t\t\t\t\t\t<div class=\"elementor-container elementor-column-gap-default\">\n\t\t\t\t\t<div class=\"elementor-column elementor-col-100 elementor-top-column elementor-element elementor-element-c5864e7\" data-id=\"c5864e7\" data-element_type=\"column\">\n\t\t\t<div class=\"elementor-widget-wrap elementor-element-populated\">\n\t\t\t\t\t\t<div class=\"elementor-element elementor-element-4227125 elementor-widget elementor-widget-html\" data-id=\"4227125\" data-element_type=\"widget\" data-widget_type=\"html.default\">\n\t\t\t\t<div class=\"elementor-widget-container\">\n\t\t\t<title><b>PORTARIA NORMATIVA UFSM N. 065, DE 29 DE JUNHO DE 2023<\/b><\/title>\r\n\r\n\r\n<div align=\"center\"><img decoding=\"async\" src=\"https:\/\/www.ufsm.br\/pro-reitorias\/proplan\/wp-content\/uploads\/sites\/344\/2019\/09\/brasao-da-republica-do-brasil-logo.png\" alt=\"Bras\u00e3o Rep\u00fablica Federativa do Brasil\" width=\"6%\" height=\"6%\"><\/div>  <h1><font color=\"blue\"><font size=\"5\"><div align=\"center\">MINIST\u00c9RIO DA EDUCA\u00c7\u00c3O<\/div><\/font><\/font><\/H1>\r\n<b><font color=\"0000blue\"><div align=\"center\">UNIVERSIDADE FEDERAL DE SANTA MARIA<\/div><\/font><\/b>\r\n<p><div align=\"center\"><b><a href=\"https:\/\/portal.ufsm.br\/documentos\/publico\/documento.html?idDocumento=14709508\" target=\"_blank\"><font color=\"blue\">PORTARIA NORMATIVA UFSM N. 065, DE 29 DE JUNHO DE 2023<\/font><\/a><\/b><\/div>\r\n<br>\r\n\r\n<div align=\"justify\"> Revogada pela \r\n<a href=\"https:\/\/www.ufsm.br\/pro-reitorias\/proplan\/resolucao-ufsm-n-191-2024\" style=\"text-decoration: none\">\r\n<font color=\"blue\">\r\n<u>Resolu\u00e7\u00e3o UFSM N\u00b0 191\/2024\r\n<\/u>\r\n<\/font>\r\n<\/a>\r\n<\/div>\r\n<s>\r\n<p style=\"margin-left: 9cm;text-align: justify;color: #800000\">Estabelece o Comit\u00ea Institucional de A\u00e7\u00f5es que visam \u00e0 Preven\u00e7\u00e3o da Dengue e ao Controle do Aedes aegypti (CIPCDengue) no \u00e2mbito da Universidade Federal de Santa Maria (UFSM).\r\n<\/p>\r\n<p><a href=\"https:\/\/www.ufsm.br\/pro-reitorias\/proplan\/portaria-normativa-ufsm-n-070-2023\" target=\"_blank\"><font color=\"blue\">Alterada pela Portaria Normativa UFSM N\u00b0 070\/2023<\/font><\/a><\/p>\r\n<br><div align=\"justify\"><font color=\"black\">\r\n<p>A VICE-REITORA DA UNIVERSIDADE FEDERAL DE SANTA MARIA, no exerc\u00edcios da reitoria, no uso de suas atribui\u00e7\u00f5es legais e estatut\u00e1rias, e considerando:<\/p>\r\n<p>- a <span style=\"text-decoration: underline\"><span style=\"color: #0000ff\"><a href=\"https:\/\/www.planalto.gov.br\/ccivil_03\/constituicao\/constituicao.htm\"><span style=\"color: #0000ff;text-decoration: underline\">Constitui&ccedil;&atilde;o da Rep&uacute;blica Federativa do Brasil de 1988, de 05 de outubro de 1988<\/span><\/a><\/span><\/span>;<\/p>\r\n<p>- a <span style=\"text-decoration: underline\"><a href=\"https:\/\/www.planalto.gov.br\/ccivil_03\/leis\/l8112cons.htm\"><span style=\"color: #0000ff;text-decoration: underline\">Lei N. 8.112, de 11 de dezembro de 1990<\/span><\/a><\/span>, que disp&otilde;e sobre o regime jur&iacute;dico dos servidores p&uacute;blicos civis da Uni&atilde;o, das autarquias e das funda&ccedil;&otilde;es p&uacute;blicas federais;<\/p>\r\n<p>- a <span style=\"text-decoration: underline\"><a href=\"https:\/\/www.planalto.gov.br\/ccivil_03\/leis\/l9394.htm\"><span style=\"color: #0000ff;text-decoration: underline\">Lei N. 9.394, de 20 de dezembro de 1996<\/span><\/a><\/span>, que estabelece as diretrizes e bases da educa&ccedil;&atilde;o nacional e suas altera&ccedil;&otilde;es;<\/p>\r\n<p>- a <span style=\"text-decoration: underline\"><span style=\"color: #0000ff\"><a href=\"http:\/\/www.planalto.gov.br\/ccivil_03\/_ato2011-2014\/2014\/lei\/l13005.htm\"><span style=\"color: #0000ff;text-decoration: underline\">Lei N. 13.005, de 25 de junho de 2014<\/span><\/a><\/span><\/span>, que aprova o Plano Nacional &ndash; PNE e d&aacute; outras provid&ecirc;ncias;<\/p>\r\n<p>- a <span style=\"text-decoration: underline\"><a href=\"https:\/\/www.planalto.gov.br\/ccivil_03\/leis\/lcp\/lcp95.htm\"><span style=\"color: #0000ff;text-decoration: underline\">Lei Complementar N. 95, de 26 de fevereiro de 1998<\/span><\/a><\/span>, que disp&otilde;e sobre a elabora&ccedil;&atilde;o, a reda&ccedil;&atilde;o, a altera&ccedil;&atilde;o e a consolida&ccedil;&atilde;o das leis, conforme determina o Par&aacute;grafo &Uacute;nico do art. 59 da Constitui&ccedil;&atilde;o Federal, e estabelece normas para a consolida&ccedil;&atilde;o dos atos normativos que menciona;<\/p>\r\n<p>- o <span style=\"text-decoration: underline\"><a href=\"https:\/\/www2.camara.leg.br\/legin\/fed\/decret\/2017\/decreto-9191-1-novembro-2017-785689-publicacaooriginal-154137-pe.html\"><span style=\"color: #0000ff;text-decoration: underline\">Decreto N. 9.191, de 1&ordm; de novembro de 2017<\/span><\/a><\/span>, que estabelece as normas e as diretrizes para elabora&ccedil;&atilde;o, reda&ccedil;&atilde;o, altera&ccedil;&atilde;o, consolida&ccedil;&atilde;o e encaminhamento de propostas de atos normativos ao Presidente da Rep&uacute;blica pelos Ministros de Estado;<\/p>\r\n<p>- o <span style=\"text-decoration: underline\"><a href=\"https:\/\/www.in.gov.br\/en\/web\/dou\/-\/decreto-n-10.139-de-28-de-novembro-de-2019-230458659\"><span style=\"color: #0000ff;text-decoration: underline\">Decreto N. 10.139, de 28 de novembro de 2019<\/span><\/a><\/span>, que disp&otilde;e sobre a revis&atilde;o e a consolida&ccedil;&atilde;o dos atos normativos inferiores a decreto;<\/p>\r\n<p>- o <span style=\"text-decoration: underline\"><a href=\"https:\/\/www.ufsm.br\/pro-reitorias\/proplan\/estatuto-ufsm-2010\"><span style=\"color: #0000ff;text-decoration: underline\">Estatuto da Universidade Federal de Santa Maria<\/span><\/a><\/span>, com as adequa&ccedil;&otilde;es aprovadas pela <a href=\"https:\/\/www.ufsm.br\/pro-reitorias\/proplan\/resolucao-n-037-2010\"><span style=\"text-decoration: underline;color: #0000ff\">Resolu&ccedil;&atilde;o UFSM N. 037, de 30 de novembro de 2010<\/span><\/a>, aprovado pela Portaria N. 156, de 12 de mar&ccedil;o de 2014, e publicado no Di&aacute;rio Oficial da Uni&atilde;o em 13 de mar&ccedil;o de 2014;<\/p>\r\n<p>- o <span style=\"text-decoration: underline\"><a href=\"https:\/\/www.ufsm.br\/pro-reitorias\/proplan\/regimento-geral-da-ufsm-2011\"><span style=\"color: #0000ff;text-decoration: underline\">Regimento da UFSM<\/span><\/a><\/span>, disposto na <a href=\"https:\/\/www.ufsm.br\/pro-reitorias\/proplan\/resolucao-n-006-2011\"><span style=\"text-decoration: underline\"><span style=\"color: #0000ff;text-decoration: underline\">Resolu&ccedil;&atilde;o UFSM N. 006, de 28 de abril de 2011<\/span><\/span><\/a>, atualizado pela <a href=\"https:\/\/www.ufsm.br\/pro-reitorias\/proplan\/resolucao-n-016-2019\"><span style=\"text-decoration: underline;color: #0000ff\">Resolu&ccedil;&atilde;o UFSM N. 016, de 02 de julho de 2019<\/span><\/a>;&nbsp;<\/p>\r\n<p>- a <span style=\"text-decoration: underline\"><a href=\"https:\/\/www.ufsm.br\/pro-reitorias\/proplan\/resolucao-ufsm-n-054-2021\"><span style=\"color: #0000ff;text-decoration: underline\">Resolu&ccedil;&atilde;o UFSM N. 054, de 1&ordm; de junho de 2021<\/span><\/a><\/span>, que regulamenta a proposi&ccedil;&atilde;o e a emiss&atilde;o de Atos Normativos no &acirc;mbito da Universidade Federal de Santa Maria; e,<\/p>\r\n<p>- o que consta no Processo N. <span style=\"text-decoration: underline\"><a href=\"https:\/\/portal.ufsm.br\/documentos\/publico\/processo\/documento.html?idDocumento=14698684\"><span style=\"color: #0000ff;text-decoration: underline\">23081.076460\/2023-56<\/span><\/a><\/span>.<\/p>\r\n<p>&nbsp;<\/p>\r\n<p>RESOLVE:<\/p>\r\n<p>&nbsp;<\/p>\r\n<p>Art. 1&ordm; Estabelecer o Comit&ecirc; Institucional de A&ccedil;&otilde;es que visam &agrave; Preven&ccedil;&atilde;o da Dengue e ao Controle do Aedes aegypti (CIPDengue) no &acirc;mbito da Universidade Federal de Santa Maria (UFSM).<\/p>\r\n<p>Par&aacute;grafo &uacute;nico. O referido comit&ecirc; trata-se de &oacute;rg&atilde;o colegiado tempor&aacute;rio, com prazo dura&ccedil;&atilde;o de 1 (um) ano, com possibilidade de prorroga&ccedil;&atilde;o de acordo com as necessidades ou, alternativamente, converte-se a minuta do ato em resolu&ccedil;&atilde;o a ser apreciada pelo Conselho Universit&aacute;rio.<\/p>\r\n<p>&nbsp;<\/p>\r\n<p>CAP&Iacute;TULO I<\/p>\r\n<p>DAS COMPET&Ecirc;NCIAS<\/p>\r\n<p>&nbsp;<\/p>\r\n<p>Art. 2&ordm; Caber&aacute; a este comit&ecirc;, &oacute;rg&atilde;o consultivo vinculado ao Gabinete do Reitor:<\/p>\r\n<p>I - elaborar o Plano de Preven&ccedil;&atilde;o da Dengue e Controle do Aedes aegypti;<\/p>\r\n<p>II - informar e capacitar a comunidade escolar ou acad&ecirc;mica sobre os cuidados a serem adotados;<\/p>\r\n<p>III - manter a rotina de monitoramento dos protocolos;<\/p>\r\n<p>IV - analisar o hist&oacute;rico e a evolu&ccedil;&atilde;o dos casos suspeitos ou confirmados de Dengue no &acirc;mbito da Institui&ccedil;&atilde;o de Ensino, de forma a subsidiar as tomadas de decis&otilde;es;<\/p>\r\n<p>V - planejar a&ccedil;&otilde;es para mitigar amea&ccedil;as e restabelecer a normalidade da situa&ccedil;&atilde;o na Institui&ccedil;&atilde;o de Ensino; e,<\/p>\r\n<p>VI - agregar outros componentes para auxiliar na execu&ccedil;&atilde;o de suas atribui&ccedil;&otilde;es, sempre que necess&aacute;rio.<\/p>\r\n<p>Art. 3&ordm; Compete ao presidente do comit&ecirc;:<\/p>\r\n<p>I - dirigir, coordenar e supervisionar as atividades do comit&ecirc;;<\/p>\r\n<p>II - promover a convoca&ccedil;&atilde;o das reuni&otilde;es;<\/p>\r\n<p>III - presidir as reuni&otilde;es;<\/p>\r\n<p>IV - proporcionar as discuss&otilde;es e vota&ccedil;&otilde;es e, quando for o caso, exercer o direito de voto de desempate;<\/p>\r\n<p>V - indicar membros para realiza&ccedil;&atilde;o de estudos, levantamentos e emiss&atilde;o de pareceres necess&aacute;rios &agrave; consecu&ccedil;&atilde;o da finalidade do comit&ecirc;;<\/p>\r\n<p>VI - deliberar ad referendum do comit&ecirc;, nos casos de urg&ecirc;ncia;<\/p>\r\n<p>VII - convidar para participar das reuni&otilde;es e debates, consultado o comit&ecirc;, sem direito a voto, pessoas que possam contribuir para a discuss&atilde;o dos assuntos tratados; e,<\/p>\r\n<p>VIII - zelar pelo cumprimento das normas desta portaria.<\/p>\r\n<p>Art. 4&ordm; Compete aos membros do comit&ecirc;:<\/p>\r\n<p>I - desempenhar as atribui&ccedil;&otilde;es designadas pelo presidente;<\/p>\r\n<p>II - estudar e relatar, nos prazos estabelecidos, as mat&eacute;rias que lhes forem atribu&iacute;das pelo presidente;<\/p>\r\n<p>III - participar das reuni&otilde;es, proferindo voto ou pareceres e manifestando-se a respeito das mat&eacute;rias em discuss&atilde;o; e<\/p>\r\n<p>IV - submeter pleitos e assuntos para a pauta.<\/p>\r\n<p>&nbsp;<\/p>\r\n<p>CAP&Iacute;TULO II<\/p>\r\n<p>DA COMPOSI&Ccedil;&Atilde;O E AUTORIDADE<\/p>\r\n<p>&nbsp;<\/p>\r\n<p><s>Art. 5&ordm; O Comit&ecirc; Institucional de A&ccedil;&otilde;es que visam &agrave; Preven&ccedil;&atilde;o da Dengue e ao Controle do Aedes aegypti ser&aacute; composto por 13 (treze) membros, a serem indicados pelas unidades competentes na tem&aacute;tica a ser trabalhada, e designados por portaria emitida pelo (a) Reitor (a) da UFSM.<\/s> <a href=\"https:\/\/www.ufsm.br\/pro-reitorias\/proplan\/portaria-normativa-ufsm-n-070-2023\" target=\"_blank\"><font color=\"blue\"><u>(Reda\u00e7\u00e3o alterada pela Portaria Normativa UFSM N\u00b0 070\/2023)<\/u><\/font><\/a><\/p>\r\n<p>Art. 5\u00b0 O Comit\u00ea Institucional de A\u00e7\u00f5es que visam \u00e0 Preven\u00e7\u00e3o da Dengue e ao Controle do Aedes aegypti ser\u00e1 composto por 17 (dezessete) membros, a serem indicados pelas unidades competentes na tem\u00e1tica a ser trabalhada, e designados por portaria emitida pelo (a) Reitor (a) da UFSM. <a href=\"https:\/\/www.ufsm.br\/pro-reitorias\/proplan\/portaria-normativa-ufsm-n-070-2023\" target=\"_blank\"><font color=\"blue\"><u>(Reda\u00e7\u00e3o dada pela Portaria Normativa UFSM N\u00b0 070\/2023)<\/u><\/font><\/a><\/p>\r\n<p>&sect; 1&ordm; Os membros ter&atilde;o mandato de 1 (um) ano, podendo ser reconduzidos pelo mesmo per&iacute;odo.<\/p>\r\n<p>&sect; 2&ordm; Cada membro poder&aacute; ser substitu&iacute;do em qualquer &eacute;poca, sempre que houver consenso da maioria, por meio de uma solicita&ccedil;&atilde;o escrita do respectivo segmento de representa&ccedil;&atilde;o, ou se o pr&oacute;prio representante assim o desejar.<\/p>\r\n<p>&sect; 3 &ordm; A n&atilde;o participa&ccedil;&atilde;o em tr&ecirc;s reuni&otilde;es consecutivas por um membro do comit&ecirc; acarretar&aacute; em sua substitui&ccedil;&atilde;o.<\/p>\r\n<p>&sect; 4&ordm; O Presidente&nbsp;do comit&ecirc;&nbsp;ser&aacute; escolhido&nbsp;entre seus membros.<\/p>\r\n<p>Art. 6&ordm; Nas reuni&otilde;es do referido &oacute;rg&atilde;o colegiado poder&atilde;o comparecer, quando convidados pelo presidente, servidores e\/ou discentes, a fim de prestarem esclarecimentos sobre assuntos que lhes forem pertinentes.&nbsp;<\/p>\r\n<p>Par&aacute;grafo &uacute;nico. As reuni&otilde;es deste &oacute;rg&atilde;o colegiado, cujos membros possu&iacute;rem domic&iacute;lio e\/ou resid&ecirc;ncia legal ou estiverem em local diverso da realiza&ccedil;&atilde;o da atividade ser&atilde;o realizadas por videoconfer&ecirc;ncia, sem pagamento de di&aacute;rias e deslocamento.<\/p>\r\n<p>&nbsp;<\/p>\r\n<p>CAP&Iacute;TULO III<\/p>\r\n<p>DO QU&Oacute;RUM DE REUNI&Atilde;O E DE VOTA&Ccedil;&Atilde;O<\/p>\r\n<p>&nbsp;<\/p>\r\n<p>Art. 7&ordm; As reuni&otilde;es acontecer&atilde;o com a presen&ccedil;a m&iacute;nima da maioria simples dos membros do comit&ecirc;, considerando-se este n&uacute;mero legal para delibera&ccedil;&atilde;o e vota&ccedil;&atilde;o.<\/p>\r\n<p>Par&aacute;grafo &uacute;nico. Quando da ocorr&ecirc;ncia de empate na vota&ccedil;&atilde;o, caber&aacute; ao presidente o voto qualificado.<\/p>\r\n<p>Art. 8&ordm; As convoca&ccedil;&otilde;es ser&atilde;o feitas por meio de correio eletr&ocirc;nico pelo presidente, com anteced&ecirc;ncia m&iacute;nima de 24 (vinte e quatro horas), e apresentar&atilde;o a ordem do dia.<\/p>\r\n<p>Art. 9&ordm; Havendo n&uacute;mero legal e declarada aberta a sess&atilde;o, proceder-se-&aacute; &agrave; discuss&atilde;o e posterior realiza&ccedil;&atilde;o dos pareceres que dever&atilde;o embasar os processos a serem analisados pelo &oacute;rg&atilde;o colegiado em quest&atilde;o.<\/p>\r\n<p>Par&aacute;grafo &uacute;nico. N&atilde;o havendo qu&oacute;rum, os membros ser&atilde;o convocados para nova reuni&atilde;o 48 (quarenta e oito) horas depois, com a mesma pauta.<\/p>\r\n<p>&nbsp;<\/p>\r\n<p>CAP&Iacute;TULO IV<\/p>\r\n<p>DA PERIODICIDADE DAS REUNI&Otilde;ES<\/p>\r\n<p>&nbsp;<\/p>\r\n<p>Art. 10. O comit&ecirc; reunir-se-&aacute;, ordinariamente, 1 (uma) vez por semana e, extraordinariamente, sempre que convocado pelo presidente ou pela maioria de seus membros.<\/p>\r\n<p>&sect; 1&ordm; As reuni&otilde;es do comit&ecirc; ser&atilde;o realizadas preferencialmente por videoconfer&ecirc;ncia e sem pagamento de di&aacute;rias e deslocamentos.<\/p>\r\n<p>&sect; 2&ordm; A periodicidade das reuni&otilde;es poder&aacute; ser modificada conforme o perfil epidemiol&oacute;gico ou necessidade definida pelo comit&ecirc;.<\/p>\r\n<p>&nbsp;<\/p>\r\n<p>CAP&Iacute;TULO V<\/p>\r\n<p>DA UNIDADE DE APOIO ADMINISTRATIVO<\/p>\r\n<p>&nbsp;<\/p>\r\n<p>Art. 11. Caber&aacute; ao Gabinete do Reitor a responsabilidade de realizar apoio administrativo e demais encaminhamentos para o devido andamento dos trabalhos do referido comit&ecirc;.<\/p>\r\n<p>&nbsp;<\/p>\r\n<p>CAP&Iacute;TULO VI<\/p>\r\n<p>&nbsp;<\/p>\r\n<p>DO REGIMENTO INTERNO E DOS RELAT&Oacute;RIOS PERI&Oacute;DICOS FINAL<\/p>\r\n<p>&nbsp;<\/p>\r\n<p>Art. 12. Em caso de conveni&ecirc;ncia e oportunidade, para o melhor desenvolvimento das atividades desse Comit&ecirc;, poder&aacute; ser elaborado e encaminhado Regimento Interno pr&oacute;prio para aprecia&ccedil;&atilde;o e delibera&ccedil;&atilde;o pelas inst&acirc;ncias competentes.<\/p>\r\n<p>Art. 13. O Comit&ecirc; Institucional de A&ccedil;&otilde;es que visam &agrave; Preven&ccedil;&atilde;o da Dengue e ao Controle do Aedes aegypti (CIPCDengue), tornar&aacute; p&uacute;blica suas a&ccedil;&otilde;es, reuni&otilde;es e materiais espec&iacute;ficos de sua &aacute;rea em s&iacute;tio eletr&ocirc;nico pr&oacute;prio, ressalvado o conte&uacute;do sujeito a sigilo, n&atilde;o havendo necessidades de emitir relat&oacute;rios peri&oacute;dicos e anuais.<\/p>\r\n<p>&nbsp;<\/p>\r\n<p>CAP&Iacute;TULO VII<\/p>\r\n<p>DAS DISPOSI&Ccedil;&Otilde;ES GERAIS E TRANSIT&Oacute;RIAS<\/p>\r\n<p>&nbsp;<\/p>\r\n<p>Art. 14. &Eacute; vedada a divulga&ccedil;&atilde;o de discuss&otilde;es em curso sem a pr&eacute;via anu&ecirc;ncia do presidente.<\/p>\r\n<p>Art. 15. A participa&ccedil;&atilde;o dos membros deste &oacute;rg&atilde;o colegiado ser&aacute; considerada presta&ccedil;&atilde;o de servi&ccedil;o p&uacute;blico&nbsp;&nbsp; relevante e n&atilde;o ser&aacute; remunerada.<\/p>\r\n<p>Par&aacute;grafo &uacute;nico. As atividades do colegiado e de seus membros n&atilde;o poder&atilde;o causar preju&iacute;zo &agrave; presta&ccedil;&atilde;o do servi&ccedil;o p&uacute;blico pelo(a) servidor(a) membro do Colegiado.<\/p>\r\n<p>Art. 16. &Eacute; vedada a possibilidade de cria&ccedil;&atilde;o de subcolegiados por ato deste colegiado.<\/p>\r\n<p>Par&aacute;grafo &uacute;nico.&nbsp; A mera necessidade de reuni&otilde;es eventuais para debate, articula&ccedil;&atilde;o ou trabalho que envolva agentes p&uacute;blicos da administra&ccedil;&atilde;o p&uacute;blica federal n&atilde;o ser&aacute; admitida como fundamento para as propostas de que trata o caput.<\/p>\r\n<p>Art. 17 Esta Portaria Normativa entra em vigor em 03 de julho de 2024, por se tratar de urg&ecirc;ncia justi\ufb01cada no expediente administrativo, de acordo com o que prev&ecirc; o Artigo 4&ordm; do <span style=\"text-decoration: underline\"><a href=\"https:\/\/www.in.gov.br\/en\/web\/dou\/-\/decreto-n-10.139-de-28-de-novembro-de-2019-230458659\"><span style=\"color: #0000ff;text-decoration: underline\">Decreto N. 10.139, de 28 de novembro de 2019<\/span><\/a><\/span> e ter&aacute; vig&ecirc;ncia de 1 (um) ano, a contar da entrada em vigor desta portaria.<\/p>\r\n<p>Par&aacute;grafo &uacute;nico. Havendo qualquer modifica&ccedil;&atilde;o legislativa, ou ainda, havendo qualquer situa&ccedil;&atilde;o legal que impacte na legalidade da presente Portaria Normativa, esta se aplica de imediato.<\/p>\r\n<br>\r\n<\/s>\r\n<p>Martha Bohrer Adaime<\/p>\r\n<p>Vice-Reitora<\/p>\r\n<br>\r\n<p><font color=\"red0000\">Este texto n\u00e3o substitui o documento original, publicado no Portal de Documentos.<\/font> Dispon\u00edvel em: <a href=\"https:\/\/portal.ufsm.br\/documentos\/publico\/documento.html?idDocumento=14709508\" target=\"_blank\"><font color=\"blue\">https:\/\/portal.ufsm.br\/documentos\/publico\/documento.html?idDocumento=14709508<\/font><\/a>\r\n \t\t<\/div>\n\t\t\t\t<\/div>\n\t\t\t\t\t<\/div>\n\t\t<\/div>\n\t\t\t\t\t<\/div>\n\t\t<\/section>\n\t\t\t\t<\/div>\n\t\t","protected":false},"excerpt":{"rendered":"<p>PORTARIA NORMATIVA UFSM N. 065, DE 29 DE JUNHO DE 2023 MINIST\u00c9RIO DA EDUCA\u00c7\u00c3O UNIVERSIDADE FEDERAL DE SANTA MARIA PORTARIA NORMATIVA UFSM N. 065, DE 29 DE JUNHO DE 2023 Revogada pela Resolu\u00e7\u00e3o UFSM N\u00b0 191\/2024 Estabelece o Comit\u00ea Institucional de A\u00e7\u00f5es que visam \u00e0 Preven\u00e7\u00e3o da Dengue e ao Controle do Aedes aegypti (CIPCDengue) [&hellip;]<\/p>\n","protected":false},"author":4883,"featured_media":0,"parent":0,"menu_order":0,"comment_status":"closed","ping_status":"closed","template":"","meta":{"footnotes":""},"categories":[],"tags":[],"class_list":["post-5429","page","type-page","status-publish","hentry"],"acf":[],"_links":{"self":[{"href":"https:\/\/www.ufsm.br\/pro-reitorias\/proplan\/wp-json\/wp\/v2\/pages\/5429","targetHints":{"allow":["GET"]}}],"collection":[{"href":"https:\/\/www.ufsm.br\/pro-reitorias\/proplan\/wp-json\/wp\/v2\/pages"}],"about":[{"href":"https:\/\/www.ufsm.br\/pro-reitorias\/proplan\/wp-json\/wp\/v2\/types\/page"}],"author":[{"embeddable":true,"href":"https:\/\/www.ufsm.br\/pro-reitorias\/proplan\/wp-json\/wp\/v2\/users\/4883"}],"replies":[{"embeddable":true,"href":"https:\/\/www.ufsm.br\/pro-reitorias\/proplan\/wp-json\/wp\/v2\/comments?post=5429"}],"version-history":[{"count":0,"href":"https:\/\/www.ufsm.br\/pro-reitorias\/proplan\/wp-json\/wp\/v2\/pages\/5429\/revisions"}],"wp:attachment":[{"href":"https:\/\/www.ufsm.br\/pro-reitorias\/proplan\/wp-json\/wp\/v2\/media?parent=5429"}],"wp:term":[{"taxonomy":"category","embeddable":true,"href":"https:\/\/www.ufsm.br\/pro-reitorias\/proplan\/wp-json\/wp\/v2\/categories?post=5429"},{"taxonomy":"post_tag","embeddable":true,"href":"https:\/\/www.ufsm.br\/pro-reitorias\/proplan\/wp-json\/wp\/v2\/tags?post=5429"}],"curies":[{"name":"wp","href":"https:\/\/api.w.org\/{rel}","templated":true}]}}