{"id":5462,"date":"2023-07-26T13:25:06","date_gmt":"2023-07-26T16:25:06","guid":{"rendered":"https:\/\/www.ufsm.br\/pro-reitorias\/proplan\/?page_id=5462"},"modified":"2025-01-27T09:00:08","modified_gmt":"2025-01-27T12:00:08","slug":"portaria-normativa-ufsm-n-068-2023","status":"publish","type":"page","link":"https:\/\/www.ufsm.br\/pro-reitorias\/proplan\/portaria-normativa-ufsm-n-068-2023","title":{"rendered":"Portaria Normativa UFSM N. 068\/2023"},"content":{"rendered":"\t\t<div data-elementor-type=\"wp-page\" data-elementor-id=\"5462\" class=\"elementor elementor-5462\">\n\t\t\t\t\t\t<section class=\"elementor-section elementor-top-section elementor-element elementor-element-4686321 elementor-section-boxed elementor-section-height-default elementor-section-height-default\" data-id=\"4686321\" data-element_type=\"section\">\n\t\t\t\t\t\t<div class=\"elementor-container elementor-column-gap-default\">\n\t\t\t\t\t<div class=\"elementor-column elementor-col-100 elementor-top-column elementor-element elementor-element-a606cbe\" data-id=\"a606cbe\" data-element_type=\"column\">\n\t\t\t<div class=\"elementor-widget-wrap elementor-element-populated\">\n\t\t\t\t\t\t<div class=\"elementor-element elementor-element-b7551d4 elementor-widget elementor-widget-html\" data-id=\"b7551d4\" data-element_type=\"widget\" data-widget_type=\"html.default\">\n\t\t\t\t<div class=\"elementor-widget-container\">\n\t\t\t\r\n\r\n\r\n<title><b>PORTARIA NORMATIVA UFSM N. 068, DE 24 DE JULHO DE 2023<\/b><\/title>\r\n\r\n\r\n<div align=\"center\"><img decoding=\"async\" src=\"https:\/\/www.ufsm.br\/pro-reitorias\/proplan\/wp-content\/uploads\/sites\/344\/2019\/09\/brasao-da-republica-do-brasil-logo.png\" alt=\"Bras\u00e3o Rep\u00fablica Federativa do Brasil\" width=\"6%\" height=\"6%\"><\/div>  <h1><font color=\"blue\"><font size=\"5\"><div align=\"center\">MINIST\u00c9RIO DA EDUCA\u00c7\u00c3O<\/div><\/font><\/font><\/H1>\r\n<b><font color=\"0000blue\"><div align=\"center\">UNIVERSIDADE FEDERAL DE SANTA MARIA<\/div><\/font><\/b>\r\n<p><div align=\"center\"><b><a href=\"https:\/\/portal.ufsm.br\/documentos\/publico\/documento.html?id=14745608\" target=\"_blank\"><font color=\"blue\">PORTARIA NORMATIVA UFSM N. 068, DE 24 DE JULHO DE 2023<\/font><\/a><\/b><\/div>\r\n<br>\r\n<p><div align=\"justify\"><font color=\"800000\"><ul><ul><ul><ul><ul><ul><ul><ul><ul><ul><ul><ul><ul><ul><ul><ul>Aprova a cria\u00e7\u00e3o do \u00f3rg\u00e3o colegiado denominado \u201cComiss\u00e3o Gestora do Plano de Log\u00edstica Sustent\u00e1vel\u201d (CGPLS) vinculado ao \u201cGabinete do Reitor\u201d na estrutura organizacional da Universidade Federal de Santa Maria (UFSM).\r\n<\/font><\/div><\/ul>\r\n<br>\r\n<br><div align=\"justify\"><font color=\"black\">\r\n<p>A VICE-REITORA DA UNIVERSIDADE FEDERAL DE SANTA MARIA, no exerc\u00edcio da reitoria, no uso de suas\r\natribui\u00e7\u00f5es legais e estatut\u00e1rias e considerando:\r\n<p style=\"text-align: justify\">- a <a href=\"https:\/\/www.planalto.gov.br\/ccivil_03\/leis\/l8112cons.htm\"><span style=\"color: #0000ff\"><u>Lei N. 8.112, de 11 de dezembro de 1990<\/u><\/span><\/a>, que disp&otilde;e sobre o regime jur&iacute;dico dos servidores p&uacute;blicos civis da Uni&atilde;o, das autarquias e das funda&ccedil;&otilde;es p&uacute;blicas federais;<\/p>\r\n<p style=\"text-align: justify\">- a <a href=\"https:\/\/www.planalto.gov.br\/ccivil_03\/leis\/l9394.htm\"><span style=\"color: #0000ff\"><u>Lei N. 9.394, de 20 de dezembro de 1996<\/u><\/span><\/a>, que estabelece as diretrizes e bases da educa&ccedil;&atilde;o nacional e suas altera&ccedil;&otilde;es;<\/p>\r\n<p style=\"text-align: justify\">- a <a href=\"http:\/\/www.planalto.gov.br\/ccivil_03\/leis\/lcp\/lcp95.htm\"><span style=\"color: #0000ff\"><u>Lei Complementar N. 95, de 26 de fevereiro de 1998<\/u><\/span><\/a>, que disp&otilde;e sobre a elabora&ccedil;&atilde;o, a reda&ccedil;&atilde;o, a altera&ccedil;&atilde;o e a consolida&ccedil;&atilde;o das leis, conforme determina o Par&aacute;grafo &Uacute;nico do Art. 59 da <a href=\"https:\/\/www.planalto.gov.br\/ccivil_03\/constituicao\/constituicao.htm\"><span style=\"color: #0000ff\"><u>Constitui&ccedil;&atilde;o Federal<\/u><\/span><\/a>, e estabelece normas para a consolida&ccedil;&atilde;o dos atos normativos que menciona;<\/p>\r\n<p style=\"text-align: justify\">- a <a href=\"https:\/\/www.planalto.gov.br\/ccivil_03\/leis\/l6938.htm\"><span style=\"color: #0000ff\"><u>Lei N. 6.938, de 31 de agosto de 1981<\/u><\/span><\/a>, que disp&otilde;e sobre a Pol&iacute;tica Nacional do Meio Ambiente, seus fins e mecanismos de formula&ccedil;&atilde;o e aplica&ccedil;&atilde;o, e d&aacute; outras provid&ecirc;ncias;<\/p>\r\n<p style=\"text-align: justify\">- a <a href=\"https:\/\/www.planalto.gov.br\/ccivil_03\/leis\/l9795.htm\"><span style=\"color: #0000ff\"><u>Lei N. 9.795, de 27 de abril de 1999<\/u><\/span><\/a>, que disp&otilde;e sobre a educa&ccedil;&atilde;o ambiental, institui a Pol&iacute;tica Nacional de Educa&ccedil;&atilde;o Ambiental e d&aacute; outras provid&ecirc;ncias;<\/p>\r\n<p style=\"text-align: justify\">- o <a href=\"https:\/\/www.planalto.gov.br\/ccivil_03\/_ato2011-2014\/2012\/decreto\/d7746.htm\"><span style=\"color: #0000ff\"><u>Decreto N. 7.746, de 05 de junho de 2012<\/u><\/span><\/a>, que regulamenta o art. 3&ordm; da <a href=\"https:\/\/www.planalto.gov.br\/ccivil_03\/leis\/l8666cons.htm\"><span style=\"color: #0000ff\"><u>Lei n&ordm; 8.666, de 21 de junho de 1993<\/u><\/span><\/a>, para estabelecer crit&eacute;rios e pr&aacute;ticas para a promo&ccedil;&atilde;o do desenvolvimento nacional sustent&aacute;vel nas contrata&ccedil;&otilde;es realizadas pela administra&ccedil;&atilde;o p&uacute;blica federal direta, aut&aacute;rquica e fundacional e pelas empresas estatais dependentes, e institui a Comiss&atilde;o Interministerial de Sustentabilidade na Administra&ccedil;&atilde;o P&uacute;blica &ndash; CISAP, alterado pelo <a href=\"https:\/\/www.planalto.gov.br\/ccivil_03\/_ato2015-2018\/2017\/decreto\/d9178.htm\"><span style=\"color: #0000ff\"><u>Decreto N. 9.178, de 23 de outubro de 2017<\/u><\/span><\/a>;<\/p>\r\n<p style=\"text-align: justify\">- o <a href=\"https:\/\/www2.camara.leg.br\/legin\/fed\/decret\/2017\/decreto-9191-1-novembro-2017-785689-publicacaooriginal-154137-pe.html\"><span style=\"color: #0000ff\"><u>Decreto N. 9.191, de 1&ordm; de novembro de 2017<\/u><\/span><\/a>, que estabelece as normas e as diretrizes para elabora&ccedil;&atilde;o, reda&ccedil;&atilde;o, altera&ccedil;&atilde;o, consolida&ccedil;&atilde;o e encaminhamento de propostas de atos normativos ao Presidente da Rep&uacute;blica pelos Ministros de Estado;<\/p>\r\n<p style=\"text-align: justify\">- o <a href=\"https:\/\/www.ufsm.br\/pro-reitorias\/proplan\/estatuto-ufsm-2010\"><span style=\"color: #0000ff\"><u>Estatuto da Universidade Federal de Santa Maria<\/u><\/span><\/a> com as adequa&ccedil;&otilde;es aprovadas pela <a href=\"https:\/\/www.ufsm.br\/pro-reitorias\/proplan\/resolucao-n-037-2010\"><span style=\"color: #0000ff\"><u>Resolu&ccedil;&atilde;o UFSM N. 037, de 30 de novembro de 2010<\/u><\/span><\/a>, aprovado pela <a href=\"https:\/\/www.ufsm.br\/app\/uploads\/2018\/08\/Estatuto-da-UFSM.pdf\"><span style=\"color: #0000ff\"><u>Portaria N. 156, de 12 de mar&ccedil;o de 2014<\/u><\/span><\/a>, e publicado no Di&aacute;rio Oficial da Uni&atilde;o em 13 de mar&ccedil;o de 2014;<\/p>\r\n<p style=\"text-align: justify\">- o <a href=\"https:\/\/www.ufsm.br\/pro-reitorias\/proplan\/regimento-geral-da-ufsm-com-alteracoes-compiladas-pela-resolucao-n-016-2019\/\"><font color=\"blue\"><u>Regimento da UFSM<\/font><\/u><\/a>, disposto na <a href=\"https:\/\/www.ufsm.br\/pro-reitorias\/proplan\/resolucao-n-006-2011\/\"><font color=\"blue\"><u>Resolu&ccedil;&atilde;o UFSM N. 006, de 28 de abril de 2011<\/font><\/u><\/a>, atualizado pela <a href=\"https:\/\/www.ufsm.br\/pro-reitorias\/proplan\/resolucao-n-016-2019\/\"><font color=\"blue\"><u>Resolu&ccedil;&atilde;o UFSM N. 016, de 02 de julho de 2019<\/font><\/u><\/a>; e,<\/p>\r\n<p style=\"text-align: justify\">- a <a href=\"https:\/\/www.ufsm.br\/pro-reitorias\/proplan\/resolucao-ufsm-n-054-2021\"><span style=\"color: #0000ff\"><u>Resolu&ccedil;&atilde;o UFSM N. 054, de 1&ordm; de junho de 2021<\/u><\/span><\/a>, que regulamenta a proposi&ccedil;&atilde;o e a emiss&atilde;o de Atos Normativos no &acirc;mbito da Universidade Federal de Santa Maria;<\/p>\r\n<p style=\"text-align: justify\">- o Art. 225 da <a href=\"https:\/\/www.planalto.gov.br\/ccivil_03\/constituicao\/constituicao.htm\"><span style=\"color: #0000ff\"><u>Constitui&ccedil;&atilde;o da Rep&uacute;blica Federativa do Brasil de 1988<\/u><\/span><\/a>, que disp&otilde;e que todos t&ecirc;m direito ao meio ambiente ecologicamente equilibrado, bem de uso comum do povo e essencial &agrave; sadia qualidade de vida, impondo-se ao Poder P&uacute;blico e &agrave; coletividade o dever de defend&ecirc;-lo e preserv&aacute;-lo para as presentes e futuras gera&ccedil;&otilde;es;<\/p>\r\n<p style=\"text-align: justify\">- a <a href=\"https:\/\/www.gov.br\/compras\/pt-br\/acesso-a-informacao\/legislacao\/instrucoes-normativas\/instrucao-normativa-no-10-de-12-de-novembro-de-2012\"><span style=\"color: #0000ff\"><u>Instru&ccedil;&atilde;o Normativa N. 10, de 12 de novembro de 2012<\/u><\/span><\/a>, da Secretaria de Log&iacute;stica e Tecnologia da Informa&ccedil;&atilde;o, que estabelece regras para elabora&ccedil;&atilde;o dos Planos de Log&iacute;stica Sustent&aacute;vel de que trata o art. 16 do <a href=\"https:\/\/www.planalto.gov.br\/ccivil_03\/_ato2011-2014\/2012\/decreto\/d7746.htm\"><span style=\"color: #0000ff\"><u>Decreto N. 7.746, de 5 de junho de 2012<\/u><\/span><\/a>;<\/p>\r\n<p style=\"text-align: justify\">- o<a href=\"https:\/\/antigo.mctic.gov.br\/mctic\/opencms\/legislacao\/decretos\/migracao\/Decreto_n_5445_de_12052005.html\"><span style=\"color: #0000ff\"><u>Decreto Federal N. 5.445, de 12 de maio de 2005<\/u><\/span><\/a>, que Promulga o Protocolo de Quioto &agrave; Conven&ccedil;&atilde;o-Quadro das Na&ccedil;&otilde;es Unidas sobre Mudan&ccedil;a do Clima, aberto a assinaturas na cidade de Quioto, Jap&atilde;o, em 11 de dezembro de 1997, por ocasi&atilde;o da Terceira Confer&ecirc;ncia das Partes da Conven&ccedil;&atilde;o-Quadro das Na&ccedil;&otilde;es Unidas sobre Mudan&ccedil;a do Clima;<\/p>\r\n<p style=\"text-align: justify\">- a Agenda 21, documento assinado por 179 pa&iacute;ses, inclusive o Brasil, na Confer&ecirc;ncia das Na&ccedil;&otilde;es Unidas sobre o Meio Ambiente e Desenvolvimento (CNUMAD), mais conhecida como Rio-92, que constitui a mais abrangente tentativa j&aacute; realizada de promover, em escala planet&aacute;ria, um novo padr&atilde;o de desenvolvimento, denominado &ldquo;desenvolvimento sustent&aacute;vel&rdquo;;<\/p>\r\n<p style=\"text-align: justify\">- o que consta no Processo <a href=\"https:\/\/portal.ufsm.br\/documentos\/publico\/processo\/documento.html?idDocumento=14413735\"><span style=\"color: #0000ff\"><u>23081.112290\/2022-08<\/u><\/span><\/a>.<\/p>\r\n<p style=\"text-align: justify\">&nbsp;<\/p>\r\n<p style=\"text-align: justify\">RESOLVE:<\/p>\r\n<p style=\"text-align: justify\">&nbsp;<\/p>\r\n<p style=\"text-align: justify\">Art. 1<span style=\"text-decoration: underline\"><sup>o<\/sup><\/span> Aprovar a cria&ccedil;&atilde;o do &oacute;rg&atilde;o colegiado denominado Comiss&atilde;o Gestora do Plano de Log&iacute;stica Sustent&aacute;vel (CGPLS) vinculado ao &ldquo;Gabinete do reitor&rdquo;, na estrutura organizacional da Universidade Federal de Santa Maria (UFSM).<\/p>\r\n<p style=\"text-align: justify\">&nbsp;<\/p>\r\n<p style=\"text-align: justify\">CAP&Iacute;TULO I<\/p>\r\n<p style=\"text-align: justify\">DAS COMPET&Ecirc;NCIAS<\/p>\r\n<p style=\"text-align: justify\">&nbsp;<\/p>\r\n<p style=\"text-align: justify\">Art. 2&ordm; Compete &agrave; CGPLS, &oacute;rg&atilde;o colegiado de car&aacute;ter consultivo:<\/p>\r\n<p style=\"text-align: justify\">I - assessorar na implementa&ccedil;&atilde;o das a&ccedil;&otilde;es de log&iacute;stica sustent&aacute;vel;<\/p>\r\n<p style=\"text-align: justify\">II - participar da elabora&ccedil;&atilde;o do Plano de Log&iacute;stica Sustent&aacute;vel e das normas internas de log&iacute;stica sustent&aacute;vel;<\/p>\r\n<p style=\"text-align: justify\">III - propor altera&ccedil;&otilde;es no Plano de Log&iacute;stica Sustent&aacute;vel; e,<\/p>\r\n<p style=\"text-align: justify\">IV - divulgar informa&ccedil;&otilde;es e a&ccedil;&otilde;es relativas &agrave; log&iacute;stica sustent&aacute;vel.<\/p>\r\n<p style=\"text-align: justify\">Art. 3<span style=\"text-decoration: underline\"><sup>o<\/sup><\/span> S&atilde;o atribui&ccedil;&otilde;es do Presidente da CGPLS:<\/p>\r\n<p style=\"text-align: justify\">I - convocar e presidir as reuni&otilde;es ordin&aacute;rias e extraordin&aacute;rias;<\/p>\r\n<p style=\"text-align: justify\">II - aprovar a pauta das reuni&otilde;es;<\/p>\r\n<p style=\"text-align: justify\">III - supervisionar e apoiar as atividades relacionadas &agrave; elabora&ccedil;&atilde;o do Plano de Log&iacute;stica Sustent&aacute;vel;<\/p>\r\n<p style=\"text-align: justify\">Art. 4<span style=\"text-decoration: underline\"><sup>o<\/sup><\/span> S&atilde;o atribui&ccedil;&otilde;es dos membros da CGPLS:<\/p>\r\n<p style=\"text-align: justify\">I - participar das reuni&otilde;es da comiss&atilde;o, contribuindo no estudo, nas discuss&otilde;es e na busca de solu&ccedil;&otilde;es de consenso dos membros;<\/p>\r\n<p style=\"text-align: justify\">II - elaborar o Plano de Log&iacute;stica Sustent&aacute;vel;<\/p>\r\n<p style=\"text-align: justify\">III - monitorar, revisar e avaliar o Plano de Log&iacute;stica Sustent&aacute;vel.<\/p>\r\n<p style=\"text-align: justify\">&nbsp;<\/p>\r\n<p style=\"text-align: justify\">CAP&Iacute;TULO II<\/p>\r\n<p style=\"text-align: justify\">DA COMPOSI&Ccedil;&Atilde;O E AUTORIDADE<\/p>\r\n<p style=\"text-align: justify\">&nbsp;<\/p>\r\n<p style=\"text-align: justify\">Art. 5&ordm; A CGPLS ser&aacute; constitu&iacute;da pelos seguintes membros:<\/p>\r\n<p style=\"text-align: justify\">I - por 1 (um) membro da Pr&oacute;-Reitoria de Planejamento (PROPLAN);<\/p>\r\n<p style=\"text-align: justify\">II - por 2 (dois) membros da Pr&oacute;-Reitoria de Infraestrutura (PROINFRA);<\/p>\r\n<p style=\"text-align: justify\">III - por 2 (dois) membros da Pr&oacute;-Reitoria de Administra&ccedil;&atilde;o (PRA).<\/p>\r\n<p style=\"text-align: justify\">&sect; 1&ordm; O Presidente da CGPLS ser&aacute; indicado pelo Gabinete do Reitor.<\/p>\r\n<p style=\"text-align: justify\">&sect; 2&ordm; Na aus&ecirc;ncia do(a) presidente em uma reuni&atilde;o, a CGPLS escolher&aacute; entre os membros presentes um presidente para a sess&atilde;o, atrav&eacute;s de vota&ccedil;&atilde;o com maioria simples.<\/p>\r\n<p style=\"text-align: justify\">&sect; 3&ordm; Os membros ter&atilde;o mandato de 2 (dois) anos, podendo ser reconduzidos pelo mesmo per&iacute;odo, sem limite de recondu&ccedil;&otilde;es.<\/p>\r\n<p style=\"text-align: justify\">&sect; 4&ordm; Cada membro poder&aacute; ser substitu&iacute;do em qualquer &eacute;poca, sempre que houver consenso da maioria, por meio de uma solicita&ccedil;&atilde;o escrita do respectivo segmento de representa&ccedil;&atilde;o, ou se o pr&oacute;prio representante assim o desejar.<\/p>\r\n<p style=\"text-align: justify\">&sect; 5&ordm; Os membros da CGPLS ser&atilde;o indicados atrav&eacute;s de Memorando emitido por cada umas das Pr&oacute;-Reitorias que possuem membros constituintes da comiss&atilde;o.<\/p>\r\n<p style=\"text-align: justify\">&nbsp;<\/p>\r\n<p style=\"text-align: justify\">CAP&Iacute;TULO III<\/p>\r\n<p style=\"text-align: justify\">DO QU&Oacute;RUM DE REUNI&Atilde;O E DE VOTA&Ccedil;&Atilde;O<\/p>\r\n<p style=\"text-align: justify\">&nbsp;<\/p>\r\n<p style=\"text-align: justify\">Art. 6<span style=\"text-decoration: underline\"><sup>o<\/sup><\/span> As reuni&otilde;es acontecer&atilde;o com a presen&ccedil;a m&iacute;nima da maioria simples dos seus membros, considerando-se esse o n&uacute;mero legal para a delibera&ccedil;&atilde;o e vota&ccedil;&atilde;o.<\/p>\r\n<p style=\"text-align: justify\">Par&aacute;grafo &uacute;nico. Quando da ocorr&ecirc;ncia de empate na vota&ccedil;&atilde;o, caber&aacute; ao(&agrave;) Presidente da sess&atilde;o o voto qualificado.<\/p>\r\n<p style=\"text-align: justify\">Art. 7<span style=\"text-decoration: underline\"><sup>o<\/sup><\/span> As convoca&ccedil;&otilde;es ser&atilde;o feitas via correio eletr&ocirc;nico, pelo(a) presidente, com anteced&ecirc;ncia m&iacute;nima de 5 (cinco) dias &uacute;teis, devendo constar da mesma a Ordem do Dia.<\/p>\r\n<p style=\"text-align: justify\">Art. 8<span style=\"text-decoration: underline\"><sup>o<\/sup><\/span> Havendo n&uacute;mero legal e declarada aberta a sess&atilde;o, proceder-se-&aacute; a discuss&atilde;o e posterior realiza&ccedil;&atilde;o dos pareceres que dever&atilde;o embasar os processos a serem analisados pelo &oacute;rg&atilde;o colegiado em quest&atilde;o.<\/p>\r\n<p style=\"text-align: justify\">Par&aacute;grafo &uacute;nico. N&atilde;o havendo qu&oacute;rum, os membros ser&atilde;o convocados para nova reuni&atilde;o 48 (quarenta e oito) horas depois, com a mesma pauta.<\/p>\r\n<p style=\"text-align: justify\">&nbsp;<\/p>\r\n<p style=\"text-align: justify\">CAP&Iacute;TULO IV<\/p>\r\n<p style=\"text-align: justify\">DA PERIODICIDADE DAS REUNI&Otilde;ES<\/p>\r\n<p style=\"text-align: justify\">&nbsp;<\/p>\r\n<p style=\"text-align: justify\">Art. 9&ordm; A CGPLS reunir-se-&aacute; ordinariamente 1 (uma) vez por m&ecirc;s ou, extraordinariamente, sempre que convocada pelo(a) presidente ou maioria de seus membros, e desde que haja demanda para o referido &oacute;rg&atilde;o colegiado.<\/p>\r\n<p style=\"text-align: justify\">Par&aacute;grafo &uacute;nico. As reuni&otilde;es deste &oacute;rg&atilde;o colegiado cujos membros, convidados ou participantes estejam em entes federativos diversos ser&atilde;o realizadas por videoconfer&ecirc;ncia, sem pagamento de di&aacute;rias e deslocamento.<\/p>\r\n<p style=\"text-align: justify\">&nbsp;<\/p>\r\n<p style=\"text-align: justify\">CAP&Iacute;TULO V<\/p>\r\n<p style=\"text-align: justify\">DA UNIDADE DE APOIO ADMINISTRATIVO<\/p>\r\n<p style=\"text-align: justify\">&nbsp;<\/p>\r\n<p style=\"text-align: justify\">Art. 10 Caber&aacute; ao Gabinete do Reitor, no que se refere ao funcionamento da CGPLS, a responsabilidade de realizar o apoio administrativo e demais encaminhamentos para o devido andamento dos trabalhos.<\/p>\r\n<p style=\"text-align: justify\">&nbsp;<\/p>\r\n<p style=\"text-align: justify\">CAP&Iacute;TULO VI<\/p>\r\n<p style=\"text-align: justify\">DO REGIMENTO INTERNO<\/p>\r\n<p style=\"text-align: justify\">&nbsp;<\/p>\r\n<p style=\"text-align: justify\">Art. 11 Em caso de conveni&ecirc;ncia e oportunidade, para o melhor desenvolvimento das atividades dessa Comiss&atilde;o, poder&aacute; ser elaborado e encaminhado Regimento Interno pr&oacute;prio para aprecia&ccedil;&atilde;o e delibera&ccedil;&atilde;o pelas inst&acirc;ncias competentes.<\/p>\r\n<p style=\"text-align: justify\">&nbsp;<\/p>\r\n<p style=\"text-align: justify\">CAP&Iacute;TULO VII<\/p>\r\n<p style=\"text-align: justify\">DO MEMBROS N&Atilde;O NATOS<\/p>\r\n<p style=\"text-align: justify\">&nbsp;<\/p>\r\n<p style=\"text-align: justify\">Art. 12 Nas reuni&otilde;es do referido &oacute;rg&atilde;o colegiado poder&atilde;o comparecer, quando convidados pelo presidente, servidores e\/ou discentes, a fim de prestarem esclarecimentos sobre assuntos que lhes forem pertinentes.<\/p>\r\n<p style=\"text-align: justify\">Par&aacute;grafo &uacute;nico. As reuni&otilde;es deste &oacute;rg&atilde;o colegiado cujos membros possu&iacute;rem domic&iacute;lio e\/ou resid&ecirc;ncia legal, ou estiverem em local diverso da realiza&ccedil;&atilde;o da atividade, ser&atilde;o realizadas por videoconfer&ecirc;ncia, sem pagamento de di&aacute;rias e deslocamento.<\/p>\r\n<p style=\"text-align: justify\">&nbsp;<\/p>\r\n<p style=\"text-align: justify\">CAP&Iacute;TULO VIII<\/p>\r\n<p style=\"text-align: justify\">DOS RELAT&Oacute;RIOS PERI&Oacute;DICOS E DO RELAT&Oacute;RIO FINAL<\/p>\r\n<p style=\"text-align: justify\">&nbsp;<\/p>\r\n<p style=\"text-align: justify\">&nbsp;<\/p>\r\n<p style=\"text-align: justify\">Art. 13 A CGPLS tornar&aacute; p&uacute;blica suas a&ccedil;&otilde;es, reuni&otilde;es e materiais espec&iacute;ficos de sua &aacute;rea no s&iacute;tio eletr&ocirc;nico <a href=\"https:\/\/www.ufsm.br\/pro-reitorias\/proinfra\/uma\"><u>https:\/\/www.ufsm.br\/pro-reitorias\/proinfra\/uma<\/u><\/a>, ressalvado o conte&uacute;do sujeito a sigilo, n&atilde;o havendo necessidades de emitir relat&oacute;rios peri&oacute;dicos e anuais.<\/p>\r\n<p style=\"text-align: justify\">&nbsp;<\/p>\r\n<p style=\"text-align: justify\">CAP&Iacute;TULO IX<\/p>\r\n<p style=\"text-align: justify\">DAS DISPOSI&Ccedil;&Otilde;ES GERAIS E TRANSIT&Oacute;RIAS<\/p>\r\n<p style=\"text-align: justify\">&nbsp;<\/p>\r\n<p style=\"text-align: justify\">Art. 14 &Eacute; vedada a divulga&ccedil;&atilde;o de discuss&otilde;es em curso sem a pr&eacute;via anu&ecirc;ncia do titular do Gabinete do Reitor ao qual este &oacute;rg&atilde;o colegiado est&aacute; vinculado.<\/p>\r\n<p style=\"text-align: justify\">Art. 15 A participa&ccedil;&atilde;o dos membros deste &oacute;rg&atilde;o colegiado ser&aacute; considerada presta&ccedil;&atilde;o de servi&ccedil;o p&uacute;blico relevante, e n&atilde;o ser&aacute; remunerada.<\/p>\r\n<p style=\"text-align: justify\">Par&aacute;grafo &uacute;nico. As atividades do colegiado e de seus membros n&atilde;o poder&atilde;o causar preju&iacute;zo &agrave; presta&ccedil;&atilde;o do servi&ccedil;o p&uacute;blico pelo servidor membro do Colegiado.<\/p>\r\n<p style=\"text-align: justify\">Art. 16 As reuni&otilde;es deste &oacute;rg&atilde;o colegiado cujos membros possu&iacute;rem domic&iacute;lio e\/ou resid&ecirc;ncia legal, ou estiverem em local diverso da realiza&ccedil;&atilde;o da atividade, ser&atilde;o realizadas por videoconfer&ecirc;ncia, sem pagamento de di&aacute;rias, deslocamento.<\/p>\r\n<p style=\"text-align: justify\">Par&aacute;grafo &uacute;nico. Na hip&oacute;tese de ser demonstrada, de modo fundamentado, a inviabilidade ou a inconveni&ecirc;ncia de se realizar a reuni&atilde;o por videoconfer&ecirc;ncia, ser&atilde;o estimados os gastos com di&aacute;rias e passagens dos membros deste colegiado, assim como a comprova&ccedil;&atilde;o da disponibilidade or&ccedil;ament&aacute;ria e financeira para o exerc&iacute;cio em curso.<\/p>\r\n<p style=\"text-align: justify\">Art. 17 &Eacute; vedada a possibilidade de cria&ccedil;&atilde;o de subcolegiados por ato deste colegiado.<\/p>\r\n<p style=\"text-align: justify\">Par&aacute;grafo &uacute;nico.&nbsp; A mera necessidade de reuni&otilde;es eventuais para debate, articula&ccedil;&atilde;o ou trabalho que envolva agentes p&uacute;blicos da administra&ccedil;&atilde;o p&uacute;blica federal n&atilde;o ser&aacute; admitida como fundamento para as propostas de que trata o caput.<\/p>\r\n<p style=\"text-align: justify\">Art. 18 Esta Portaria Normativa entra em vigor em 01 de Agosto de 2023, de acordo com o que prev&ecirc; o Artigo 4&ordm; do <a href=\"https:\/\/www.in.gov.br\/en\/web\/dou\/-\/decreto-n-10.139-de-28-de-novembro-de-2019-230458659\"><span style=\"color: #0000ff\"><u>Decreto N. 10.139, de 28 de novembro de 2019<\/u><\/span><\/a>.<\/p>\r\n<p style=\"text-align: justify\">Par&aacute;grafo &uacute;nico. Havendo qualquer modifica&ccedil;&atilde;o legislativa, ou ainda, havendo qualquer situa&ccedil;&atilde;o legal que impacte na legalidade da presente Portaria Normativa, a mesma se aplica de imediato.<\/p>\r\n<p style=\"text-align: justify\">&nbsp;<\/p>\r\n<p><span>&nbsp;<\/span><\/p>\r\n<p style=\"text-align: justify\" dir=\"ltr\"><span>Martha Bohrer Adaime<\/span><\/p>\r\n<p style=\"text-align: justify\" dir=\"ltr\"><span>Vice-Reitora<\/span><\/p>\r\n<p style=\"text-align: justify\"><span>&nbsp;<\/span><\/p>\r\n<p><font color=\"red0000\">Este texto n\u00e3o substitui o documento original, publicado no no Portal de Documentos.<\/font> Dispon\u00edvel em: <a href=\"https:\/\/portal.ufsm.br\/documentos\/publico\/documento.html?idDocumento=14745608\" target=\"_blank\"><font color=\"blue\">https:\/\/portal.ufsm.br\/documentos\/publico\/documento.html?idDocumento=14745608<\/font><\/a>\r\n\r\n \t\t<\/div>\n\t\t\t\t<\/div>\n\t\t\t\t\t<\/div>\n\t\t<\/div>\n\t\t\t\t\t<\/div>\n\t\t<\/section>\n\t\t\t\t<\/div>\n\t\t","protected":false},"excerpt":{"rendered":"<p>PORTARIA NORMATIVA UFSM N. 068, DE 24 DE JULHO DE 2023 MINIST\u00c9RIO DA EDUCA\u00c7\u00c3O UNIVERSIDADE FEDERAL DE SANTA MARIA PORTARIA NORMATIVA UFSM N. 068, DE 24 DE JULHO DE 2023 Aprova a cria\u00e7\u00e3o do \u00f3rg\u00e3o colegiado denominado \u201cComiss\u00e3o Gestora do Plano de Log\u00edstica Sustent\u00e1vel\u201d (CGPLS) vinculado ao \u201cGabinete do Reitor\u201d na estrutura organizacional da Universidade [&hellip;]<\/p>\n","protected":false},"author":4883,"featured_media":0,"parent":0,"menu_order":0,"comment_status":"closed","ping_status":"closed","template":"","meta":{"footnotes":""},"categories":[],"tags":[],"class_list":["post-5462","page","type-page","status-publish","hentry"],"acf":[],"_links":{"self":[{"href":"https:\/\/www.ufsm.br\/pro-reitorias\/proplan\/wp-json\/wp\/v2\/pages\/5462","targetHints":{"allow":["GET"]}}],"collection":[{"href":"https:\/\/www.ufsm.br\/pro-reitorias\/proplan\/wp-json\/wp\/v2\/pages"}],"about":[{"href":"https:\/\/www.ufsm.br\/pro-reitorias\/proplan\/wp-json\/wp\/v2\/types\/page"}],"author":[{"embeddable":true,"href":"https:\/\/www.ufsm.br\/pro-reitorias\/proplan\/wp-json\/wp\/v2\/users\/4883"}],"replies":[{"embeddable":true,"href":"https:\/\/www.ufsm.br\/pro-reitorias\/proplan\/wp-json\/wp\/v2\/comments?post=5462"}],"version-history":[{"count":0,"href":"https:\/\/www.ufsm.br\/pro-reitorias\/proplan\/wp-json\/wp\/v2\/pages\/5462\/revisions"}],"wp:attachment":[{"href":"https:\/\/www.ufsm.br\/pro-reitorias\/proplan\/wp-json\/wp\/v2\/media?parent=5462"}],"wp:term":[{"taxonomy":"category","embeddable":true,"href":"https:\/\/www.ufsm.br\/pro-reitorias\/proplan\/wp-json\/wp\/v2\/categories?post=5462"},{"taxonomy":"post_tag","embeddable":true,"href":"https:\/\/www.ufsm.br\/pro-reitorias\/proplan\/wp-json\/wp\/v2\/tags?post=5462"}],"curies":[{"name":"wp","href":"https:\/\/api.w.org\/{rel}","templated":true}]}}