{"id":5488,"date":"2023-08-16T13:37:11","date_gmt":"2023-08-16T16:37:11","guid":{"rendered":"https:\/\/www.ufsm.br\/pro-reitorias\/proplan\/?page_id=5488"},"modified":"2025-01-02T12:19:28","modified_gmt":"2025-01-02T15:19:28","slug":"portaria-normativa-ufsm-n-069-2023","status":"publish","type":"page","link":"https:\/\/www.ufsm.br\/pro-reitorias\/proplan\/portaria-normativa-ufsm-n-069-2023","title":{"rendered":"Portaria Normativa UFSM N\u00b0 069\/2023"},"content":{"rendered":"\t\t<div data-elementor-type=\"wp-page\" data-elementor-id=\"5488\" class=\"elementor elementor-5488\">\n\t\t\t\t\t\t<section class=\"elementor-section elementor-top-section elementor-element elementor-element-e09434d elementor-section-boxed elementor-section-height-default elementor-section-height-default\" data-id=\"e09434d\" data-element_type=\"section\">\n\t\t\t\t\t\t<div class=\"elementor-container elementor-column-gap-default\">\n\t\t\t\t\t<div class=\"elementor-column elementor-col-100 elementor-top-column elementor-element elementor-element-a9e864a\" data-id=\"a9e864a\" data-element_type=\"column\">\n\t\t\t<div class=\"elementor-widget-wrap elementor-element-populated\">\n\t\t\t\t\t\t<div class=\"elementor-element elementor-element-7865c0a elementor-widget elementor-widget-html\" data-id=\"7865c0a\" data-element_type=\"widget\" data-widget_type=\"html.default\">\n\t\t\t\t<div class=\"elementor-widget-container\">\n\t\t\t<title><b>PORTARIA NORMATIVA UFSM N\u00b0 069, DE 15 DE AGOSTO DE 2023<\/b><\/title>\r\n\r\n\r\n<div align=\"center\"><img decoding=\"async\" src=\"https:\/\/www.ufsm.br\/pro-reitorias\/proplan\/wp-content\/uploads\/sites\/344\/2019\/09\/brasao-da-republica-do-brasil-logo.png\" alt=\"Bras\u00e3o Rep\u00fablica Federativa do Brasil\" width=\"6%\" height=\"6%\"><\/div>  <h1><font color=\"blue\"><font size=\"5\"><div align=\"center\">MINIST\u00c9RIO DA EDUCA\u00c7\u00c3O<\/div><\/font><\/font><\/H1>\r\n<b><font color=\"0000blue\"><div align=\"center\">UNIVERSIDADE FEDERAL DE SANTA MARIA<\/div><\/font><\/b>\r\n<p><div align=\"center\"><b><a href=\"https:\/\/portal.ufsm.br\/documentos\/publico\/documento.html?id=14793210\" target=\"_blank\"><font color=\"blue\">PORTARIA NORMATIVA UFSM N\u00b0 069, DE 15 DE AGOSTO DE 2023<\/font><\/a><\/b><\/div>\r\n<br>\r\n\r\n<div align=\"justify\"> Revogada pela \r\n<a href=\"https:\/\/www.ufsm.br\/pro-reitorias\/proplan\/resolucao-ufsm-n-191-2024\" style=\"text-decoration: none\">\r\n<font color=\"blue\">\r\n<u>Resolu\u00e7\u00e3o UFSM N\u00b0 191\/2024\r\n<\/u>\r\n<\/font>\r\n<\/a>\r\n<\/div>\r\n<s>\r\n<p style=\"margin-left: 9cm;text-align: justify;color: #800000\">Retifica o \u00a7 4\u00b0 do art. 1\u00b0 da Portaria Normativa UFSM n\u00b0 064\/2023, que estabeleceu o cumprimento da jornada de trabalho dos (as) t\u00e9cnicos-administrativos (as) em educa\u00e7\u00e3o, no per\u00edodo de 24 de julho a 04 de agosto de 2023, no \u00e2mbito da Universidade Federal de Santa Maria (UFSM).\r\n<\/p>\r\n<br><div align=\"justify\"><font color=\"black\">\r\n<p>O REITOR DA UNIVERSIDADE FEDERAL DE SANTA MARIA, no uso de suas atribui\u00e7\u00f5es legais e estatut\u00e1rias, e considerando:<\/p>\r\n<p>- a <a href=\"http:\/\/www.planalto.gov.br\/ccivil_03\/constituicao\/constituicao.htm\" target=\"_blank\"><font color=\"blue\"><u>Constitui\u00e7\u00e3o da Rep\u00fablica Federativa do Brasil de 1988, de 05 de outubro de 1988<\/u><\/font><\/a>;\r\n<p>- a <a href=\"http:\/\/www.planalto.gov.br\/ccivil_03\/leis\/l8112cons.htm\" target=\"_blank\"><font color=\"blue\"><u>Lei n\u00b0 8.112, de 11 de dezembro de 1990<\/u><\/font><\/a>, que disp\u00f5e sobre o regime jur\u00eddico dos servidores p\u00fablicos civis da Uni\u00e3o, das autarquias e das funda\u00e7\u00f5es p\u00fablicas federais;\r\n<p>- a <a href=\"https:\/\/www.planalto.gov.br\/ccivil_03\/leis\/l9394.htm\" target=\"_blank\"><font color=\"blue\"><u>Lei n\u00b0 9.394, de 20 de dezembro de 1996<\/u><\/font><\/a>, que estabelece as diretrizes e bases da educa\u00e7\u00e3o nacional e suas altera\u00e7\u00f5es; \r\n<p>- a <a href=\"http:\/\/www.planalto.gov.br\/ccivil_03\/leis\/lcp\/lcp95.htm\" target=\"_blank\"><font color=\"blue\"><u>Lei Complementar n\u00b0 95, de 26 de fevereiro de 1998<\/u><\/font><\/a>, que disp\u00f5e sobre a elabora\u00e7\u00e3o, a reda\u00e7\u00e3o, a altera\u00e7\u00e3o e a consolida\u00e7\u00e3o das leis, conforme determina o Par\u00e1grafo \u00danico do art. 59 da Constitui\u00e7\u00e3o Federal, e estabelece normas para a consolida\u00e7\u00e3o dos atos normativos que menciona;\r\n<p>- a redu\u00e7\u00e3o das atividades acad\u00eamicas, decorrentes do t\u00e9rmino do semestre;\r\n<p>- a pol\u00edtica de capacita\u00e7\u00e3o dos servidores da institui\u00e7\u00e3o; e\r\n<p>- o que consta no ao Processo n\u00b0 <a href=\"https:\/\/portal.ufsm.br\/documentos\/publico\/processo\/documento.html?idDocumento=14705233\" target=\"_blank\"><font color=\"blue\"><u>23081.078945\/2023-84<\/u><\/font><\/a>.<\/p>\r\n<br>\r\n<p>RESOLVE:<\/p>\r\n<br>\r\n<p>Art. 1\u00b0 Retificar o \u00a7 4\u00b0 do art. 1\u00b0 da <a href=\"https:\/\/www.ufsm.br\/pro-reitorias\/proplan?page_id=5430\" target=\"_blank\"><font color=\"blue\"><u>Portaria Normativa UFSM n\u00b0 064\/2023<\/u><\/font><\/a>, que estabeleceu o cumprimento da jornada de trabalho dos (as) t\u00e9cnicos-administrativos (as) em educa\u00e7\u00e3o, no per\u00edodo de 24 de julho a 04 de agosto de 2023, no \u00e2mbito da Universidade Federal de Santa Maria (UFSM).\r\n<p>Par\u00e1grafo \u00fanico. O \u00a7 4\u00b0 do art. 1\u00b0 da <a href=\"https:\/\/www.ufsm.br\/pro-reitorias\/proplan?page_id=5430\" target=\"_blank\"><font color=\"blue\"><u>Portaria Normativa UFSM n\u00b0 064, de 28 de junho de 2023<\/u><\/font><\/a>, passa a vigorar com a seguinte reda\u00e7\u00e3o:\r\n<p>I \u2013 \u00a7 4\u00b0 do art. 1\u00b0, onde se l\u00ea:\r\n<p>\u201c\u00a74\u00ba Todos os cursos, sem exce\u00e7\u00e3o, dever\u00e3o ser realizados de 24 de julho de 2023 at\u00e9 6 de agosto de 2023, sendo que n\u00e3o ser\u00e1 permitida a sua realiza\u00e7\u00e3o em hor\u00e1rio de atividade presencial e a carga hor\u00e1ria m\u00e1xima para abono ser\u00e1 de 20 horas. \u201d\r\n<p>Leia-se:  \r\n<p>\u201c\u00a74\u00ba Todos os cursos, sem exce\u00e7\u00e3o, dever\u00e3o ser realizados de 24 de julho de 2023 at\u00e9 <b>18 de agosto de 2023<\/b>, sendo que n\u00e3o ser\u00e1 permitida a sua realiza\u00e7\u00e3o em hor\u00e1rio de atividade presencial e a carga hor\u00e1ria m\u00e1xima para abono ser\u00e1 de 20 horas. \u201d\r\n<p>Art. 2\u00b0 Esta Portaria Normativa entra em vigor em 17 de agosto de 2023, de acordo com o que prev\u00ea o art. 4\u00b0 do <a href=\"http:\/\/www.planalto.gov.br\/ccivil_03\/_ato2019-2022\/2019\/decreto\/D10139.htm\" target=\"_blank\"><font color=\"blue\"><u>Decreto n\u00b0 10.139, de 28 de novembro de 2019<\/u><\/font><\/a>.\r\n<p>Par\u00e1grafo \u00fanico. Havendo qualquer modifica\u00e7\u00e3o legislativa, ou ainda, havendo qualquer situa\u00e7\u00e3o legal que impacte na legalidade da presente Portaria Normativa, a mesma se aplica de imediato.\r\n<br>\r\n<br>\r\n<\/s>\r\n<p>Luciano Schuch,<\/p>\r\n<p>Reitor.<\/p>\r\n<br>\r\n<p><font color=\"red0000\">Este texto n\u00e3o substitui o documento original, publicado no Portal de Documentos.<\/font> Dispon\u00edvel em: <a href=\"https:\/\/portal.ufsm.br\/documentos\/publico\/documento.html?id=14793210\" target=\"_blank\"><font color=\"blue\">https:\/\/portal.ufsm.br\/documentos\/publico\/documento.html?id=14793210<\/font><\/a>\r\n \t\t<\/div>\n\t\t\t\t<\/div>\n\t\t\t\t\t<\/div>\n\t\t<\/div>\n\t\t\t\t\t<\/div>\n\t\t<\/section>\n\t\t\t\t<\/div>\n\t\t","protected":false},"excerpt":{"rendered":"<p>PORTARIA NORMATIVA UFSM N\u00b0 069, DE 15 DE AGOSTO DE 2023 MINIST\u00c9RIO DA EDUCA\u00c7\u00c3O UNIVERSIDADE FEDERAL DE SANTA MARIA PORTARIA NORMATIVA UFSM N\u00b0 069, DE 15 DE AGOSTO DE 2023 Revogada pela Resolu\u00e7\u00e3o UFSM N\u00b0 191\/2024 Retifica o \u00a7 4\u00b0 do art. 1\u00b0 da Portaria Normativa UFSM n\u00b0 064\/2023, que estabeleceu o cumprimento da jornada [&hellip;]<\/p>\n","protected":false},"author":230,"featured_media":0,"parent":0,"menu_order":0,"comment_status":"closed","ping_status":"closed","template":"","meta":{"footnotes":""},"categories":[],"tags":[],"class_list":["post-5488","page","type-page","status-publish","hentry"],"acf":[],"_links":{"self":[{"href":"https:\/\/www.ufsm.br\/pro-reitorias\/proplan\/wp-json\/wp\/v2\/pages\/5488","targetHints":{"allow":["GET"]}}],"collection":[{"href":"https:\/\/www.ufsm.br\/pro-reitorias\/proplan\/wp-json\/wp\/v2\/pages"}],"about":[{"href":"https:\/\/www.ufsm.br\/pro-reitorias\/proplan\/wp-json\/wp\/v2\/types\/page"}],"author":[{"embeddable":true,"href":"https:\/\/www.ufsm.br\/pro-reitorias\/proplan\/wp-json\/wp\/v2\/users\/230"}],"replies":[{"embeddable":true,"href":"https:\/\/www.ufsm.br\/pro-reitorias\/proplan\/wp-json\/wp\/v2\/comments?post=5488"}],"version-history":[{"count":0,"href":"https:\/\/www.ufsm.br\/pro-reitorias\/proplan\/wp-json\/wp\/v2\/pages\/5488\/revisions"}],"wp:attachment":[{"href":"https:\/\/www.ufsm.br\/pro-reitorias\/proplan\/wp-json\/wp\/v2\/media?parent=5488"}],"wp:term":[{"taxonomy":"category","embeddable":true,"href":"https:\/\/www.ufsm.br\/pro-reitorias\/proplan\/wp-json\/wp\/v2\/categories?post=5488"},{"taxonomy":"post_tag","embeddable":true,"href":"https:\/\/www.ufsm.br\/pro-reitorias\/proplan\/wp-json\/wp\/v2\/tags?post=5488"}],"curies":[{"name":"wp","href":"https:\/\/api.w.org\/{rel}","templated":true}]}}