{"id":5499,"date":"2023-09-01T15:01:12","date_gmt":"2023-09-01T18:01:12","guid":{"rendered":"https:\/\/www.ufsm.br\/pro-reitorias\/proplan\/?page_id=5499"},"modified":"2023-09-01T16:17:21","modified_gmt":"2023-09-01T19:17:21","slug":"resolucao-ufsm-n-139-2023-anexo-ii","status":"publish","type":"page","link":"https:\/\/www.ufsm.br\/pro-reitorias\/proplan\/resolucao-ufsm-n-139-2023-anexo-ii","title":{"rendered":"Resolu\u00e7\u00e3o UFSM N\u00b0 139\/2023 &#8211; Anexo II"},"content":{"rendered":"\t\t<div data-elementor-type=\"wp-page\" data-elementor-id=\"5499\" class=\"elementor elementor-5499\">\n\t\t\t\t\t\t<section class=\"elementor-section elementor-top-section elementor-element elementor-element-241f514 elementor-section-boxed elementor-section-height-default elementor-section-height-default\" data-id=\"241f514\" data-element_type=\"section\">\n\t\t\t\t\t\t<div class=\"elementor-container elementor-column-gap-default\">\n\t\t\t\t\t<div class=\"elementor-column elementor-col-100 elementor-top-column elementor-element elementor-element-5c37df9\" data-id=\"5c37df9\" data-element_type=\"column\">\n\t\t\t<div class=\"elementor-widget-wrap elementor-element-populated\">\n\t\t\t\t\t\t<div class=\"elementor-element elementor-element-20a81db elementor-widget elementor-widget-html\" data-id=\"20a81db\" data-element_type=\"widget\" data-widget_type=\"html.default\">\n\t\t\t\t<div class=\"elementor-widget-container\">\n\t\t\t<title><b>POL\u00cdTICA INSTITUCIONAL DE P\u00d3S-GRADUA\u00c7\u00c3O E PESQUISA NO \u00c2MBITO DA UFSM<\/b><\/title>\r\n\r\n\r\n<div align=\"center\"><img decoding=\"async\" src=\"https:\/\/www.ufsm.br\/pro-reitorias\/proplan\/wp-content\/uploads\/sites\/344\/2019\/09\/brasao-da-republica-do-brasil-logo.png\" alt=\"Bras\u00e3o Rep\u00fablica Federativa do Brasil\" width=\"6%\" height=\"6%\"><\/div>  <h1><font color=\"blue\"><font size=\"5\"><div align=\"center\">MINIST\u00c9RIO DA EDUCA\u00c7\u00c3O<\/div><\/font><\/font><\/H1>\r\n<b><font color=\"0000blue\"><div align=\"center\">UNIVERSIDADE FEDERAL DE SANTA MARIA<\/div><\/font><\/b>\r\n<p><div align=\"center\"><b><a href=\"https:\/\/portal.ufsm.br\/documentos\/publico\/documento.html?id=14820678\" target=\"_blank\"><font color=\"blue\">POL\u00cdTICA INSTITUCIONAL DE P\u00d3S-GRADUA\u00c7\u00c3O E PESQUISA NO \u00c2MBITO DA UFSM<\/font><\/a><\/b><\/div>\r\n<br>\r\n<p><div align=\"justify\"><font color=\"800000\"><ul><ul><ul><ul><ul><ul><ul><ul><ul><ul><ul><ul><ul><ul><ul><ul>Anexo II da Resolu\u00e7\u00e3o UFSM n\u00b0 139, de 29 de agosto de 2023, que se constitui como Anexo III da Resolu\u00e7\u00e3o UFSM n\u00b0 015\/2014.<\/font><\/div><\/ul>\r\n<br><div align=\"justify\"><font color=\"black\">\r\n<p>CAP\u00cdTULO I\r\n<p>DISPOSI\u00c7\u00d5ES PRELIMINARES<\/p>\r\n<br>\r\n<p>Art. 1\u00b0 A Pol\u00edtica Institucional de P\u00f3s-gradua\u00e7\u00e3o e Pesquisa da UFSM disp\u00f5e sobre princ\u00edpios, objetivos e diretrizes que incentivem:\r\n<p>I \u2013 a qualifica\u00e7\u00e3o dos programas\/cursos de p\u00f3s-gradua\u00e7\u00e3o da UFSM para que alcancem n\u00edvel de excel\u00eancia nacional e destaque global; e,\r\n<p>II \u2013 que a pesquisa realizada na UFSM esteja adaptada aos novos desafios globais do desenvolvimento cient\u00edfico, tecnol\u00f3gico e social.\r\n<p>Par\u00e1grafo \u00fanico. A Pol\u00edtica Institucional de P\u00f3s-gradua\u00e7\u00e3o e Pesquisa da UFSM se desenvolver\u00e1 em coopera\u00e7\u00e3o com as demais pol\u00edticas da universidade, em especial, com as Pol\u00edticas de Internacionaliza\u00e7\u00e3o e de Inova\u00e7\u00e3o e em conson\u00e2ncia com as demais normas que tratem ou vierem a tratar do tema.<\/p>\r\n<br>\r\n<p>CAP\u00cdTULO II\r\n<p>DOS PRINC\u00cdPIOS, OBJETIVOS E DIRETRIZES<\/p>\r\n<br>\r\n<p>Art. 2\u00b0 A Pol\u00edtica Institucional de P\u00f3s-gradua\u00e7\u00e3o e Pesquisa da UFSM tem como princ\u00edpios:\r\n<p>I \u2013 compromisso permanente da p\u00f3s-gradua\u00e7\u00e3o com a excel\u00eancia acad\u00eamica;\r\n<p>II \u2013 compromisso permanente da pesquisa com a inova\u00e7\u00e3o e com o desenvolvimento tecnol\u00f3gico e social;\r\n<p>III \u2013 desenvolvimento de pessoas sintonizadas com as demandas da sociedade;\r\n<p>IV \u2013 \u00e9tica e a integridade acad\u00eamica como pilar da pesquisa e da p\u00f3s-gradua\u00e7\u00e3o;\r\n<p>V \u2013 equidade de oportunidades para todos(as) os(as) envolvidos(as) na pesquisa e na p\u00f3s-gradua\u00e7\u00e3o; e,\r\n<p>VI \u2013 amplia\u00e7\u00e3o da inser\u00e7\u00e3o internacional da pesquisa e da p\u00f3s-gradua\u00e7\u00e3o, em especial, nas rela\u00e7\u00f5es com pa\u00edses do Sul Global.\r\n<p>Art. 3\u00b0 A Pol\u00edtica Institucional de P\u00f3s-gradua\u00e7\u00e3o e Pesquisa tem como objetivo principal tornar a UFSM reconhecida e consolidada como universidade de excel\u00eancia e de classe global no ensino de p\u00f3s-gradua\u00e7\u00e3o e na pesquisa, a partir do:\r\n<p>I \u2013 fortalecimento e qualifica\u00e7\u00e3o da pesquisa;\r\n<p>II \u2013 est\u00edmulo a qualifica\u00e7\u00e3o dos programas de p\u00f3s-gradua\u00e7\u00e3o;\r\n<p>III \u2013 amplia\u00e7\u00e3o da inser\u00e7\u00e3o internacional dos programas de p\u00f3s-gradua\u00e7\u00e3o Stricto Sensu;\r\n<p>IV \u2013 est\u00edmulo os ambientes multiusu\u00e1rios e compartilhados de pesquisa na institui\u00e7\u00e3o;\r\n<p>V \u2013 est\u00edmulo a organiza\u00e7\u00e3o de grupos de pesquisa a fim de torn\u00e1-los inst\u00e2ncias de promo\u00e7\u00e3o da cultura da pesquisa e inova\u00e7\u00e3o da institui\u00e7\u00e3o;\r\n<p>VI \u2013 fomento a participa\u00e7\u00e3o de pesquisadores em redes de pesquisa nacionais e internacionais; e,\r\n<p>VII \u2013 promo\u00e7\u00e3o a equidade na pesquisa e na p\u00f3s-gradua\u00e7\u00e3o.\r\n<p>Par\u00e1grafo \u00fanico. S\u00e3o objetivos espec\u00edficos da Pol\u00edtica Institucional de P\u00f3s-gradua\u00e7\u00e3o e Pesquisa:\r\n<p>I \u2013 buscar a melhoria do conceito dos programas de p\u00f3s-gradua\u00e7\u00e3o;\r\n<p>II \u2013 ampliar a participa\u00e7\u00e3o da universidade nos estratos de cursos de excel\u00eancia definidos pela CAPES;\r\n<p>III \u2013 promover o fortalecimento da p\u00f3s-gradua\u00e7\u00e3o da institui\u00e7\u00e3o por meio da fus\u00e3o de programas de p\u00f3s-gradua\u00e7\u00e3o que sejam aderentes;\r\n<p>IV \u2013 incentivar a forma\u00e7\u00e3o de programas de p\u00f3s-gradua\u00e7\u00e3o interdisciplinares, preferencialmente em rede, em temas estrat\u00e9gicos de interesse nacional;\r\n<p>V \u2013 estabelecer um sistema de monitoramento de normativas relativas \u00e0 pesquisa e \u00e0 p\u00f3s-gradua\u00e7\u00e3o da universidade;\r\n<p>VI \u2013 estabelecer estrat\u00e9gias de autoavalia\u00e7\u00e3o e acompanhamento cont\u00ednuo dos programas de p\u00f3s-gradua\u00e7\u00e3o;\r\n<p>VII \u2013 estabelecer estrat\u00e9gias de capta\u00e7\u00e3o de fomento \u00e0 pesquisa e a p\u00f3s-gradua\u00e7\u00e3o;\r\n<p>VIII \u2013 estabelecer um programa de integridade acad\u00eamica e \u00e9tica na pesquisa e na p\u00f3s-gradua\u00e7\u00e3o;\r\n<p>IX \u2013 estabelecer uma estrat\u00e9gia de acompanhamento dos grupos de pesquisa baseado em indicadores e dados tais como colabora\u00e7\u00f5es, cita\u00e7\u00f5es, financiamento, forma\u00e7\u00e3o de recursos humanos p\u00f3s-graduados e compartilhamento de infraestrutura; e,\r\n<p>X \u2013 promover a articula\u00e7\u00e3o interna dos (as) pesquisadores (as) da UFSM em grupos de pesquisa transdisciplinares que permitam uma abordagem abrangente de temas de pesquisa estrat\u00e9gicos.\r\n<p>Art. 4\u00b0 S\u00e3o diretrizes orientadoras da P\u00f3s-gradua\u00e7\u00e3o e Pesquisa definidas no Plano de Desenvolvimento Institucional (PDI) da UFSM e alinhadas as pol\u00edticas de ci\u00eancia, tecnologia e inova\u00e7\u00e3o (CT&amp;I), contribuir para:\r\n<p>I \u2013 a inser\u00e7\u00e3o cient\u00edfica da institui\u00e7\u00e3o, tanto no \u00e2mbito nacional como internacional;\r\n<p>II \u2013 a inser\u00e7\u00e3o de pessoas de grupos tradicionalmente desfavorecidos na sociedade brasileira no \u00e2mbito da pesquisa e da p\u00f3s-gradua\u00e7\u00e3o;\r\n<p>III \u2013 a oferta de programas de p\u00f3s-gradua\u00e7\u00e3o de excel\u00eancia, preferencialmente interdisciplinares, e sintonizados as demandas e necessidades da sociedade;\r\n<p>IV \u2013 a forma\u00e7\u00e3o de pessoas com vis\u00e3o global e humanista, comprometidos com a sociedade e seu desenvolvimento sustent\u00e1vel;\r\n<p>V \u2013 a atualiza\u00e7\u00e3o e fortalecimento da infraestrutura multiusu\u00e1ria de pesquisa;\r\n<p>VI \u2013 o incentivo a utiliza\u00e7\u00e3o de ferramentas de ensino a dist\u00e2ncia principalmente para ampliar o car\u00e1ter de abrang\u00eancia internacional do ensino de p\u00f3s-gradua\u00e7\u00e3o;\r\n<p>VII \u2013 o fortalecimento das atividades de pesquisa e de forma\u00e7\u00e3o, interdisciplinares, com foco na inova\u00e7\u00e3o e no empreendedorismo;\r\n<p>VIII \u2013 a forma\u00e7\u00e3o de redes multidisciplinares de pesquisa e p\u00f3s-gradua\u00e7\u00e3o e de abrang\u00eancia internacional;\r\n<p>IX \u2013 a amplia\u00e7\u00e3o da oferta de disciplinas e atividades de forma\u00e7\u00e3o em l\u00edngua estrangeira;\r\n<p>X \u2013 a oferta de dupla titula\u00e7\u00e3o e cotutela, preferencialmente com institui\u00e7\u00f5es estrangeiras;\r\n<p>XI \u2013 a forma\u00e7\u00e3o de startups a partir de teses e disserta\u00e7\u00f5es desenvolvidas na institui\u00e7\u00e3o e que tenham car\u00e1ter de inova\u00e7\u00e3o e viabilidade econ\u00f4mica mensur\u00e1vel;\r\n<p>XII \u2013 a intera\u00e7\u00e3o entre os grupos de pesquisa e os ambientes institucionais de inova\u00e7\u00e3o, como o Parque de Inova\u00e7\u00e3o, Ci\u00eancia e Tecnologia (PICT-UFSM) e a Incubadora Pulsar; e,\r\n<p>XIII \u2013 a promo\u00e7\u00e3o de transfer\u00eancia de tecnologia entre a UFSM e empresas p\u00fablicas e privadas.<\/p>\r\n<br>\r\n<p>CAP\u00cdTULO III\r\n<p>DAS DISPOSI\u00c7\u00d5ES GERAIS<\/p>\r\n<br>\r\n<p>Art. 5\u00b0 A Pol\u00edtica Institucional de P\u00f3s-gradua\u00e7\u00e3o e Pesquisa da UFSM ser\u00e1 gerida pela Pr\u00f3-reitoria de P\u00f3s-gradua\u00e7\u00e3o e Pesquisa (PRPPG) com colabora\u00e7\u00e3o das demais pr\u00f3-reitorias, em especial a Pr\u00f3-reitoria de Inova\u00e7\u00e3o e Empreendedorismo (PROINOVA), com as Unidades de Ensino e \u00f3rg\u00e3os da administra\u00e7\u00e3o central, em especial com a Secretaria de Apoio Internacional (SAI) ou outro \u00f3rg\u00e3o que venha a substitu\u00ed-la.\r\n<p>Art. 6\u00b0 A Pol\u00edtica Institucional de P\u00f3s-gradua\u00e7\u00e3o e Pesquisa ser\u00e1 monitorada e avaliada continuamente pela Pr\u00f3-reitoria de P\u00f3s-gradua\u00e7\u00e3o e Pesquisa (PRPGP) com a colabora\u00e7\u00e3o com o Comit\u00ea Assessor da Pr\u00f3-reitoria de P\u00f3s-gradua\u00e7\u00e3o e Pesquisa (CA\/PRPGP).\r\n<p>Art. 7\u00b0 A UFSM, na elabora\u00e7\u00e3o e na execu\u00e7\u00e3o de seu or\u00e7amento, deve adotar as medidas cab\u00edveis para a promover a Pol\u00edtica de P\u00f3s-gradua\u00e7\u00e3o e Pesquisa definida nesta normativa.\r\n<p>Art. 8\u00b0 A capta\u00e7\u00e3o, a gest\u00e3o e a aplica\u00e7\u00e3o das receitas pr\u00f3prias da UFSM, oriundas de a\u00e7\u00f5es previstas na Pol\u00edtica Institucional de Pesquisa e P\u00f3s-gradua\u00e7\u00e3o, ser\u00e3o, sempre que poss\u00edvel, delegadas \u00e0 funda\u00e7\u00e3o de apoio, mediante contratos e\/ou conv\u00eanios.\r\n<p>Art. 9\u00b0 Os casos omissos ser\u00e3o considerados pela Pr\u00f3-Reitoria de P\u00f3s-Gradua\u00e7\u00e3o e Pesquisa (PRPGP) atrav\u00e9s de suas Coordenadorias, de acordo com suas compet\u00eancias, e que deliberar\u00e3o a respeito ou encaminhar\u00e3o para aprecia\u00e7\u00e3o e delibera\u00e7\u00e3o do Comit\u00ea Assessor da Pr\u00f3-Reitoria de P\u00f3s-gradua\u00e7\u00e3o e Pesquisa (CA\/PRPGP), quando a complexidade ou excepcionalidade do caso.\r\n<br>\r\n<p><font color=\"red0000\">Este texto n\u00e3o substitui o documento original, publicado no Portal de Documentos.<\/font> Dispon\u00edvel em: <a href=\"https:\/\/portal.ufsm.br\/documentos\/publico\/documento.html?id=14820678\" target=\"_blank\"><font color=\"blue\">https:\/\/portal.ufsm.br\/documentos\/publico\/documento.html?id=14820678<\/font><\/a>\r\n \t\t<\/div>\n\t\t\t\t<\/div>\n\t\t\t\t\t<\/div>\n\t\t<\/div>\n\t\t\t\t\t<\/div>\n\t\t<\/section>\n\t\t\t\t<\/div>\n\t\t","protected":false},"excerpt":{"rendered":"<p>POL\u00cdTICA INSTITUCIONAL DE P\u00d3S-GRADUA\u00c7\u00c3O E PESQUISA NO \u00c2MBITO DA UFSM MINIST\u00c9RIO DA EDUCA\u00c7\u00c3O UNIVERSIDADE FEDERAL DE SANTA MARIA POL\u00cdTICA INSTITUCIONAL DE P\u00d3S-GRADUA\u00c7\u00c3O E PESQUISA NO \u00c2MBITO DA UFSM Anexo II da Resolu\u00e7\u00e3o UFSM n\u00b0 139, de 29 de agosto de 2023, que se constitui como Anexo III da Resolu\u00e7\u00e3o UFSM n\u00b0 015\/2014. CAP\u00cdTULO I DISPOSI\u00c7\u00d5ES [&hellip;]<\/p>\n","protected":false},"author":230,"featured_media":0,"parent":0,"menu_order":0,"comment_status":"closed","ping_status":"closed","template":"","meta":{"footnotes":""},"categories":[],"tags":[],"class_list":["post-5499","page","type-page","status-publish","hentry"],"acf":[],"_links":{"self":[{"href":"https:\/\/www.ufsm.br\/pro-reitorias\/proplan\/wp-json\/wp\/v2\/pages\/5499","targetHints":{"allow":["GET"]}}],"collection":[{"href":"https:\/\/www.ufsm.br\/pro-reitorias\/proplan\/wp-json\/wp\/v2\/pages"}],"about":[{"href":"https:\/\/www.ufsm.br\/pro-reitorias\/proplan\/wp-json\/wp\/v2\/types\/page"}],"author":[{"embeddable":true,"href":"https:\/\/www.ufsm.br\/pro-reitorias\/proplan\/wp-json\/wp\/v2\/users\/230"}],"replies":[{"embeddable":true,"href":"https:\/\/www.ufsm.br\/pro-reitorias\/proplan\/wp-json\/wp\/v2\/comments?post=5499"}],"version-history":[{"count":0,"href":"https:\/\/www.ufsm.br\/pro-reitorias\/proplan\/wp-json\/wp\/v2\/pages\/5499\/revisions"}],"wp:attachment":[{"href":"https:\/\/www.ufsm.br\/pro-reitorias\/proplan\/wp-json\/wp\/v2\/media?parent=5499"}],"wp:term":[{"taxonomy":"category","embeddable":true,"href":"https:\/\/www.ufsm.br\/pro-reitorias\/proplan\/wp-json\/wp\/v2\/categories?post=5499"},{"taxonomy":"post_tag","embeddable":true,"href":"https:\/\/www.ufsm.br\/pro-reitorias\/proplan\/wp-json\/wp\/v2\/tags?post=5499"}],"curies":[{"name":"wp","href":"https:\/\/api.w.org\/{rel}","templated":true}]}}