{"id":5663,"date":"2023-12-29T08:26:14","date_gmt":"2023-12-29T11:26:14","guid":{"rendered":"https:\/\/www.ufsm.br\/pro-reitorias\/proplan\/?page_id=5663"},"modified":"2024-01-29T11:16:01","modified_gmt":"2024-01-29T14:16:01","slug":"instrucao-normativa-proplan-ufsm-n-003-2023","status":"publish","type":"page","link":"https:\/\/www.ufsm.br\/pro-reitorias\/proplan\/instrucao-normativa-proplan-ufsm-n-003-2023","title":{"rendered":"Instru\u00e7\u00e3o Normativa PROPLAN\/UFSM N. 003\/2023"},"content":{"rendered":"\t\t<div data-elementor-type=\"wp-page\" data-elementor-id=\"5663\" class=\"elementor elementor-5663\">\n\t\t\t\t\t\t<section class=\"elementor-section elementor-top-section elementor-element elementor-element-4f26d09 elementor-section-boxed elementor-section-height-default elementor-section-height-default\" data-id=\"4f26d09\" data-element_type=\"section\">\n\t\t\t\t\t\t<div class=\"elementor-container elementor-column-gap-default\">\n\t\t\t\t\t<div class=\"elementor-column elementor-col-100 elementor-top-column elementor-element elementor-element-39263b7\" data-id=\"39263b7\" data-element_type=\"column\">\n\t\t\t<div class=\"elementor-widget-wrap elementor-element-populated\">\n\t\t\t\t\t\t<div class=\"elementor-element elementor-element-372afd8 elementor-widget elementor-widget-html\" data-id=\"372afd8\" data-element_type=\"widget\" data-widget_type=\"html.default\">\n\t\t\t\t<div class=\"elementor-widget-container\">\n\t\t\t\r\n\r\n\r\n<title><b>INSTRU\u00c7\u00c3O NORMATIVA PROPLAN\/UFSM N\u00b0 003, DE 28 DE DEZEMBRO DE 2023<\/b><\/title>\r\n\r\n\r\n<div align=\"center\"><img decoding=\"async\" src=\"https:\/\/www.ufsm.br\/pro-reitorias\/proplan\/wp-content\/uploads\/sites\/344\/2019\/09\/brasao-da-republica-do-brasil-logo.png\" alt=\"Bras\u00e3o Rep\u00fablica Federativa do Brasil\" width=\"6%\" height=\"6%\"><\/div>    \r\n<h1><font color=\"blue\"><font size=\"5\"><div align=\"center\">MINIST\u00c9RIO DA EDUCA\u00c7\u00c3O<\/b><\/font><\/font><\/div><\/H1>\r\n<p><b><font color=\"0000blue\"><div align=\"center\">UNIVERSIDADE FEDERAL DE SANTA MARIA<\/b><\/font><\/div><\/p>\r\n\r\n<p><div align=\"center\"><b><a href=\"https:\/\/portal.ufsm.br\/documentos\/publico\/documento.html?idDocumento=14949819\" target=\"_blank\"><font color=\"blue\">INSTRU\u00c7\u00c3O NORMATIVA PROPLAN\/UFSM N\u00b0 003, DE 28 DE DEZEMBRO DE 2023<\/font><\/a><\/b><\/div><\/p>\r\n<br>\r\n<p><div align=\"justify\"><font color=\"800000\"><ul><ul><ul><ul><ul><ul><ul><ul><ul><ul><ul><ul><ul><ul><ul><ul>Estabelece procedimentos para formaliza\u00e7\u00e3o de Manuais Institucionais Administrativos enquanto anexos de Atos Normativos no \u00e2mbito da Universidade Federal de Santa Maria (UFSM).<\/font><\/div><\/p>\r\n<br>\r\n<font color=\"black\">\r\n<br><div align=\"justify\">\r\n<p>O PR\u00d3-REITOR DE PLANEJAMENTO DA UNIVERSIDADE FEDERAL DE SANTA MARIA considerando o que consta na <a href=\"https:\/\/www.ufsm.br\/pro-reitorias\/proplan\/resolucao-n-058-1979\" target=\"_blank\"><font color=\"blue\"><u>Resolu\u00e7\u00e3o N. 058, de 18 de julho de 1979<\/u><\/font><\/a>:<\/p>\r\n<p>- a <a href=\"https:\/\/www.planalto.gov.br\/ccivil_03\/constituicao\/constituicao.htm\" target=\"_blank\"><font color=\"blue\"><u>Constitui\u00e7\u00e3o da Rep\u00fablica Federativa do Brasil de 1988, de 05 de outubro de 1988<\/u><\/font><\/a>;<\/p>\r\n<p>- a <a href=\"https:\/\/www.planalto.gov.br\/ccivil_03\/leis\/l8112cons.htm\" target=\"_blank\"><font color=\"blue\"><u>Lei n\u00b0 8.112, de 11 de dezembro de 1990<\/u><\/font><\/a>, que disp\u00f5e sobre o regime jur\u00eddico dos servidores p\u00fablicos civis da Uni\u00e3o, das autarquias e das funda\u00e7\u00f5es p\u00fablicas federais;<\/p>\r\n<p>- a <a href=\"http:\/\/www.planalto.gov.br\/ccivil_03\/leis\/l9394.htm\" target=\"_blank\"><font color=\"blue\"><u>Lei n\u00b0 9.394, de 20 de dezembro de 1996<\/u><\/font><\/a>, que estabelece as diretrizes e bases da educa\u00e7\u00e3o nacional e suas altera\u00e7\u00f5es;<\/p>\r\n<p>- a <a href=\"https:\/\/www.planalto.gov.br\/ccivil_03\/leis\/l9610.htm\" target=\"_blank\"><font color=\"blue\"><u>Lei n\u00b0 9.610, de 19 de fevereiro de 1998<\/u><\/font><\/a>, que altera, atualiza e consolida a legisla\u00e7\u00e3o sobre direitos autorais e d\u00e1 outras provid\u00eancias;<\/p>\r\n<p>- a <a href=\"https:\/\/www.planalto.gov.br\/ccivil_03\/leis\/lcp\/lcp95.htm\" target=\"_blank\"><font color=\"blue\"><u>Lei Complementar n\u00b0 95, de 26 de fevereiro de 1998<\/u><\/font><\/a>, que disp\u00f5e sobre a elabora\u00e7\u00e3o, a reda\u00e7\u00e3o, a altera\u00e7\u00e3o e a consolida\u00e7\u00e3o das leis, conforme determina o Par\u00e1grafo \u00danico do Art. 59 da <a href=\"https:\/\/www.planalto.gov.br\/ccivil_03\/constituicao\/constituicao.htm\" target=\"_blank\"><font color=\"blue\"><u>Constitui\u00e7\u00e3o Federal<\/u><\/font><\/a>, e estabelece normas para a consolida\u00e7\u00e3o dos atos normativos que menciona;<\/p>\r\n<p>- o <a href=\"http:\/\/www.planalto.gov.br\/ccivil_03\/_ato2015-2018\/2017\/decreto\/D9191.htm\" target=\"_blank\"><font color=\"blue\"><u>Decreto n\u00b0 9.191, de 1\u00ba de novembro de 2017<\/u><\/font><\/a>, que estabelece as normas e as diretrizes para elabora\u00e7\u00e3o, reda\u00e7\u00e3o, altera\u00e7\u00e3o, consolida\u00e7\u00e3o e encaminhamento de propostas de atos normativos ao Presidente da Rep\u00fablica pelos Ministros de Estado;<\/p>\r\n<p>- o <a href=\"http:\/\/www.planalto.gov.br\/ccivil_03\/_ato2019-2022\/2019\/decreto\/D10139.htm\" target=\"_blank\"><font color=\"blue\"><u>Decreto n\u00b0 10.139, de 28 de novembro de 2019<\/u><\/font><\/a>, que disp\u00f5e sobre a revis\u00e3o e a consolida\u00e7\u00e3o de atos normativos inferiores a decreto;<\/p>\r\n<p>- o <a href=\"https:\/\/www.ufsm.br\/pro-reitorias\/proplan\/estatuto-ufsm-2010\/\" target=\"_blank\"><font color=\"blue\"><u>Estatuto da Universidade Federal de Santa Maria<\/u><\/font><\/a> com as adequa\u00e7\u00f5es aprovadas pela <a href=\"https:\/\/www.ufsm.br\/pro-reitorias\/proplan\/resolucao-n-037-2010\" target=\"_blank\"><font color=\"blue\"><u>Resolu\u00e7\u00e3o UFSM n\u00b0 037, de 30 de novembro de 2010<\/u><\/font><\/a>, aprovado pela <a href=\"https:\/\/www.ufsm.br\/app\/uploads\/2018\/08\/Estatuto-da-UFSM.pdf\" target=\"_blank\"><font color=\"blue\"><u>Portaria n\u00b0 156, de 12 de mar\u00e7o de 2014<\/u><\/font><\/a>, e publicado no Di\u00e1rio Oficial da Uni\u00e3o em 13 de mar\u00e7o de 2014;<\/p>\r\n<p>- o <a href=\"https:\/\/www.ufsm.br\/pro-reitorias\/proplan\/regimento-geral-da-ufsm-2011\/\" target=\"_blank\"><font color=\"blue\"><u>Regimento Geral da UFSM<\/u><\/font><\/a>, disposto na <a href=\"https:\/\/www.ufsm.br\/pro-reitorias\/proplan\/resolucao-n-006-2011\" target=\"_blank\"><font color=\"blue\"><u>Resolu\u00e7\u00e3o UFSM n\u00b0 006, de 28 de abril de 2011<\/u><\/font><\/a>, atualizado pela <a href=\"https:\/\/www.ufsm.br\/pro-reitorias\/proplan\/resolucao-n-016-2019\" target=\"_blank\"><font color=\"blue\"><u>Resolu\u00e7\u00e3o UFSM n\u00b0 016, de 02 de julho de 2019<\/u><\/font><\/a>;<\/p>\r\n<p>- a <a href=\"https:\/\/www.ufsm.br\/pro-reitorias\/proplan\/resolucao-n-036-2016\" target=\"_blank\"><font color=\"blue\"><u>Resolu\u00e7\u00e3o UFSM n\u00b0 036, 11 de outubro de 2016<\/u><\/font><\/a>, que estabelece normas, no \u00e2mbito da Universidade Federal de Santa Maria, para a documenta\u00e7\u00e3o oficial gerada pela Institui\u00e7\u00e3o e sore o uso adequado da sua identidade visual, e revoga a <a href=\"https:\/\/www.ufsm.br\/pro-reitorias\/proplan\/resolucao-n-012-2006\" target=\"_blank\"><font color=\"blue\"><u>Resolu\u00e7\u00e3o N. 012\/2006<\/u><\/font><\/a>;<\/p>\r\n<p>- a <a href=\"https:\/\/www.ufsm.br\/pro-reitorias\/proplan\/resolucao-n-005-2018\" target=\"_blank\"><font color=\"blue\"><u>Resolu\u00e7\u00e3o UFSM n\u00b0 005, de 16 de abril de 2018<\/u><\/font><\/a>, que aprova a <a href=\"https:\/\/www.ufsm.br\/pro-reitorias\/proplan\/regulamento-da-politica-de-comunicacao-da-ufsm\" target=\"_blank\"><font color=\"blue\"><u>Pol\u00edtica de Comunica\u00e7\u00e3o da Universidade Federal de Santa Maria<\/u><\/font><\/a>, e seu respectivo anexo;<\/p>\r\n<p>- a <a href=\"https:\/\/www.ufsm.br\/pro-reitorias\/proplan\/resolucao-n-012-2019\" target=\"_blank\"><font color=\"blue\"><u>Resolu\u00e7\u00e3o UFSM n\u00b0 012, 1\u00ba de julho de 2019<\/u><\/font><\/a>, disp\u00f5e sobre a pol\u00edtica de preserva\u00e7\u00e3o e acesso aos documentos arquiv\u00edsticos digitais da UFSM;<\/p>\r\n<p>- a <a href=\"https:\/\/www.ufsm.br\/pro-reitorias\/proplan\/resolucao-ufsm-n-054-2021\" target=\"_blank\"><font color=\"blue\"><u>Resolu\u00e7\u00e3o UFSM n\u00b0 054, de 1\u00ba de junho de 2021<\/u><\/font><\/a>, que regulamenta a proposi\u00e7\u00e3o e a emiss\u00e3o de Atos Normativos no \u00e2mbito da Universidade Federal de Santa Maria;<\/p>\r\n<p>- o <a href=\"https:\/\/repositorio.ufsm.br\/handle\/1\/24203\" target=\"_blank\"><font color=\"blue\"><u>Manual de Disserta\u00e7\u00f5es e Teses (MDT\/UFSM)<\/u><\/font><\/a>;<\/p>\r\n<p>- o embasamento te\u00f3rico que consta no livro SISTEMAS, ORGANIZA\u00c7\u00c3O E M\u00c9TODOS: Uma Abordagem Gerencial, de Djalma de Pinho Rebou\u00e7as de Oliveira, 2021; e,<\/p>\r\n<p>- o que consta no Processo N. <a href=\"https:\/\/portal.ufsm.br\/documentos\/publico\/processo\/documento.html?idDocumento=14948938\" target=\"_blank\"><font color=\"blue\"><u>23081.163517\/2023-56<\/u><\/font><\/a>.<\/p>\r\n<br>\r\n<p><div align=\"center\">RESOLVE:<\/div><\/p>\r\n<br>\r\n<p>CAP\u00cdTULO I<\/p>\r\n<p>DISPOSI\u00c7\u00d5ES PRELIMINARES<\/p>\r\n<br>\r\n<p>Art. 1\u00ba Estabelecer procedimentos para formaliza\u00e7\u00e3o de Manuais Institucionais Administrativos enquanto anexos de Atos Normativos no \u00e2mbito da Universidade Federal de Santa Maria (UFSM).<\/p>\r\n<p>Art. 2\u00ba Para fins desta Instru\u00e7\u00e3o Normativa, define-se manual institucional administrativo como o conjunto de procedimentos, instru\u00e7\u00f5es e\/ou orienta\u00e7\u00f5es que devem ser cumpridas pelas unidades administrativas da UFSM e\/ou respons\u00e1veis \u00e0s quais o instrumento se dirige, considerando as normativas vigentes.<\/p>\r\n<p>Par\u00e1grafo \u00fanico. Os manuais restringem-se ao modo e \u00e0 forma de execu\u00e7\u00e3o de determinado servi\u00e7o p\u00fablico, n\u00e3o devendo se constituir em inova\u00e7\u00e3o de normatiza\u00e7\u00e3o ou regramento, os quais devem ser objeto de ato normativo (Resolu\u00e7\u00e3o ou Portaria Normativa), nos termos da <a href=\"https:\/\/www.ufsm.br\/pro-reitorias\/proplan\/resolucao-ufsm-n-054-2021\" target=\"_blank\"><font color=\"blue\"><u>Resolu\u00e7\u00e3o UFSM n\u00b0 054\/2021<\/u><\/font><\/a>.<\/p>\r\n<p>Art. 3\u00ba Todo Manual Institucional Administrativo expedido no \u00e2mbito da UFSM deve ser proposto por meio de Ato Normativo.\r\n<p>Par\u00e1grafo \u00fanico. Podem emitir os referidos manuais as autoridades competentes para a emiss\u00e3o de cada tipo de ato normativo, nos termos da <a href=\"https:\/\/www.ufsm.br\/pro-reitorias\/proplan\/resolucao-ufsm-n-054-2021\" target=\"_blank\"><font color=\"blue\"><u>Resolu\u00e7\u00e3o UFSM n\u00b0 054\/2021<\/u><\/font><\/a>.\r\n<br>\r\n<p>CAP\u00cdTULO II\r\n<p>DA ESTRUTURA DOS MANUAIS\r\n<br>\r\n<p>Art. 4\u00ba S\u00e3o componentes da estrutura dos manuais institucionais administrativos, nesta ordem:\r\n<br>\r\n<p>I - capa, contendo:\r\n<p>a) Nome e marca da institui\u00e7\u00e3o, conforme Guia de Identidade Visual da UFSM;\r\n<p>b) nome da unidade administrativa emissora do ato normativo que deu origem ao manual;\r\n<p>c) t\u00edtulo do manual;\r\n<p>d) cidade, m\u00eas e ano de emiss\u00e3o; e,\r\n<p>e) vers\u00e3o, indicada em n\u00famero ar\u00e1bico.\r\n<p>II - ficha catalogr\u00e1fica, a crit\u00e9rio da autoridade competente para emiss\u00e3o do ato normativo que der origem ao manual;\r\n<p>III - sum\u00e1rio, com indica\u00e7\u00e3o do assunto e n\u00famero da p\u00e1gina onde se encontra o conte\u00fado;\r\n<p>IV - apresenta\u00e7\u00e3o, dirigida ao p\u00fablico alvo ao manual, destacando a import\u00e2ncia de seu cumprimento;\r\n<p>V - instru\u00e7\u00f5es para uso, contendo:\r\n<p>a) explica\u00e7\u00e3o sobre a disposi\u00e7\u00e3o do conte\u00fado;\r\n<p>b) os princ\u00edpios em que se baseia sua estrutura;\r\n<p>c) a utiliza\u00e7\u00e3o dos anexos e ap\u00eandices, se houver; e,\r\n<p>d) a forma de atualiza\u00e7\u00f5es e modifica\u00e7\u00f5es que podem ser efetuadas.\r\n<p>VI - conte\u00fado, o qual consiste no texto central, contendo informa\u00e7\u00f5es e instru\u00e7\u00f5es espec\u00edficas para orientar e explicar como realizar uma tarefa ou atividade; \r\n<p>VII - ap\u00eandice ou anexo, se necess\u00e1rio; \r\n<p>VIII - gloss\u00e1rio, se necess\u00e1rio; e,\r\n<p>IX - referencial bibliogr\u00e1fico, conforme <a href=\"https:\/\/repositorio.ufsm.br\/handle\/1\/24203\" target=\"_blank\"><font color=\"blue\"><u>Manual de Disserta\u00e7\u00f5es e Teses (MDT\/UFSM)<\/u><\/font><\/a>.<\/p>\r\n<p>\u00a7 1\u00ba Nos casos em que se opte pela inclus\u00e3o do inciso II, a unidade dever\u00e1 solicitar a emiss\u00e3o da ficha catalogr\u00e1fica \u00e0 Biblioteca Central da UFSM, obedecendo a crit\u00e9rios definidos pela mesma.\r\n<p>\u00a7 2\u00ba A apresenta\u00e7\u00e3o mencionada no inciso IV deve ser realizada pela autoridade competente para emiss\u00e3o do ato normativo que originar o documento.\r\n<p>\u00a7 3\u00ba Nos ap\u00eandices ou anexos podem ser colocados formul\u00e1rios, fluxogramas, tabelas, gr\u00e1ficos, dentre outros, que se julgue que n\u00e3o devam constar da parte do conte\u00fado do manual, para facilitar a compreens\u00e3o.\r\n<p>\u00a7 4\u00ba O Gloss\u00e1rio, previsto no inciso VIII, consiste em esp\u00e9cie de dicion\u00e1rio de termos t\u00e9cnicos utilizados no manual, e deve ser disposto em ordem alfab\u00e9tica.\r\n<br>\r\n<p>CAP\u00cdTULO III\r\n<p>DA FORMATA\u00c7\u00c3O DOS MANUAIS\r\n<br>\r\n<p>Art. 5\u00ba Deve ser utilizada uma \u00fanica fonte de letra para todo documento, as quais podem ser Times New Roman, Arial ou Calibri.\r\n<p>I - para a capa do documento, art. 4\u00ba, inciso I, dever\u00e1 ser utilizada a fonte tamanho 14:\r\n<p>a)\tcaixa alta para o que consta nas al\u00edneas a, b e c.\r\n<p>II - para os demais itens da estrutura dos manuais, constantes no art. 4\u00ba, incisos II a IX, deve ser utilizada a fonte tamanho 12.\r\n<p>Art. 6\u00ba As margens para todas as p\u00e1ginas do manual, as quais abrangem toda estrutura apresentada no art. 4\u00ba, devem ser as seguintes:\r\n<p>I - esquerda: 3 (tr\u00eas) cm; \r\n<p>II - direita: 2 (dois) cm; \r\n<p>III - superior: 3 (tr\u00eas) cm; e,\r\n<p>IV - inferior: 2 cm (dois).\r\n<p>Art. 7\u00ba Todo texto do documento dever\u00e1 ser estruturado em se\u00e7\u00f5es e subse\u00e7\u00f5es, considerando suas rela\u00e7\u00f5es e inter-rela\u00e7\u00f5es, sendo seus t\u00edtulos, nesta ordem, representados por:\r\n<p>I - letras mai\u00fasculas em negrito, corresponde ao mais alto n\u00edvel tipogr\u00e1fico, utilizado para se\u00e7\u00f5es prim\u00e1rias;\r\n<p>II - letras mai\u00fasculas, utilizando para se\u00e7\u00f5es secund\u00e1rias;\r\n<p>III - letras min\u00fasculas em negrito, utilizado para se\u00e7\u00f5es terci\u00e1rias;\r\n<p>IV - letras min\u00fasculas, utilizado para se\u00e7\u00f5es quatern\u00e1rias; e,\r\n<p>V - letras min\u00fasculas em it\u00e1lico, utilizado para se\u00e7\u00f5es quin\u00e1rias.\r\n<p>\u00a7 1\u00ba Deve ser utilizado espa\u00e7amento 1,5 (um v\u00edrgula cinco) entre linhas, 0 (zero) pt\/sem pontos entre par\u00e1grafos, e alinhamento justificado.\r\n<p>\u00a7 2\u00ba Deve ser acrescida uma linha em branco ap\u00f3s cada t\u00edtulo de t\u00f3pico e ao final de cada t\u00f3pico.\r\n<p>Art. 8\u00ba A pagina\u00e7\u00e3o deve ser indicada em algarismos ar\u00e1bicos, fonte tamanho 10, no canto superior direito.\r\n<p>Pr\u00e1grafo \u00fanico. A contagem inicia e deve ficar vis\u00edvel a partir do sum\u00e1rio, ou da ficha catalogr\u00e1fica, quando houver.\r\n<p>Art. 9\u00ba A forma de apresenta\u00e7\u00e3o de tabelas, gr\u00e1ficos, fluxogramas, figuras, fotos, dentre outros recursos visuais, devem seguir as normas do MDT\/UFSM, n\u00e3o sendo necess\u00e1rio gerar lista de tabelas, gr\u00e1ficos, figuras e cong\u00eaneres.\r\n<p>\u00a7 1\u00ba A utiliza\u00e7\u00e3o dos recursos visuais dever\u00e1 respeitar a autoria e o direito de imagem, conforme orienta\u00e7\u00f5es previstas na <a href=\"https:\/\/www.planalto.gov.br\/ccivil_03\/leis\/l9610.htm\" target=\"_blank\"><font color=\"blue\"><u>Lei n\u00b0 9.610\/98<\/u><\/font><\/a>, que consolida a legisla\u00e7\u00e3o sobre os direitos autorais.\r\n<p>\u00a7 2\u00ba Recomenda-se a utiliza\u00e7\u00e3o de recursos visuais que foram produzidos exclusivamente para o material espec\u00edfico e\/ou que tenham sido cedidas para este fim, ou ainda que perten\u00e7am \u00e0 reposit\u00f3rios de uso livre. \r\n<p>Art. 10. Cita\u00e7\u00f5es devem seguir as <a href=\"https:\/\/repositorio.ufsm.br\/handle\/1\/24203\" target=\"_blank\"><font color=\"blue\"><u>normas MDT\/UFSM<\/u><\/font><\/a>.<\/p>.\r\n<br>\r\n<p>CAP\u00cdTULO IV\r\n<p>DISPOSI\u00c7\u00d5ES FINAIS\r\n<br>\r\n<p>Art. 11. A cada atualiza\u00e7\u00e3o de manual, dever\u00e1 ser indicada a nova vers\u00e3o e data na capa do documento, n\u00e3o sendo necess\u00e1ria a emiss\u00e3o de novo ato normativo. \r\n<p>Par\u00e1grafo \u00fanico. As atualiza\u00e7\u00f5es devem ser indicadas no corpo do documento pontualmente.\r\n<p>Art. 12. As unidades dever\u00e3o observar para fins de divulga\u00e7\u00e3o e dissemina\u00e7\u00e3o social, os par\u00e2metros do Guia de Identidade Visual da UFSM na produ\u00e7\u00e3o de documentos institucionais.     \r\n<p>Par\u00e1grafo \u00fanico. Para fins de otimiza\u00e7\u00e3o das rotinas institucionais e padroniza\u00e7\u00e3o documental, ser\u00e1 disponibilizado um modelo de manual institucional em formato edit\u00e1vel, que atenda aos requisitos m\u00ednimos de padroniza\u00e7\u00e3o, na p\u00e1gina virtual da Coordenadoria de Planejamento Administrativo da Pr\u00f3-Reitoria de Planejamento (COPLAD\/PROPLAN).\r\n<p>Art. 13. Esta Instru\u00e7\u00e3o Normativa entra em vigor em 02 de janeiro de 2024, por se tratar de urg\u00eancia justi\ufb01cada no expediente administrativo, de acordo com o que prev\u00ea o Artigo 4\u00ba do <a href=\"http:\/\/www.planalto.gov.br\/ccivil_03\/_ato2019-2022\/2019\/decreto\/D10139.htm\" target=\"_blank\"><font color=\"blue\"><u>Decreto n\u00b0 10.139, de 28 de novembro de 2019<\/u><\/font><\/a>.\r\n<p>Par\u00e1grafo \u00fanico. Havendo qualquer modifica\u00e7\u00e3o legislativa, ou ainda, advindo qualquer situa\u00e7\u00e3o legal que impacte na legalidade da presente Instru\u00e7\u00e3o Normativa, a mesma se aplica de imediato.<\/p>\r\n<\/div>\r\n<p>Rafael Lazzari<\/p>\r\n<p>Pr\u00f3-Reitor de Planejamento<\/p>\r\n\r\n<p><font color=\"red0000\">Este texto n\u00e3o substitui o documento original, publicado no Portal de Documentos.<\/font> Dispon\u00edvel em: <a href=\"https:\/\/portal.ufsm.br\/documentos\/publico\/documento.html?idDocumento=14949819\"><font color=\"blue\">https:\/\/portal.ufsm.br\/documentos\/publico\/documento.html?idDocumento=14949819<\/font><\/a>\r\n\r\n\t\t<\/div>\n\t\t\t\t<\/div>\n\t\t\t\t\t<\/div>\n\t\t<\/div>\n\t\t\t\t\t<\/div>\n\t\t<\/section>\n\t\t\t\t<\/div>\n\t\t","protected":false},"excerpt":{"rendered":"<p>INSTRU\u00c7\u00c3O NORMATIVA PROPLAN\/UFSM N\u00b0 003, DE 28 DE DEZEMBRO DE 2023 MINIST\u00c9RIO DA EDUCA\u00c7\u00c3O UNIVERSIDADE FEDERAL DE SANTA MARIA INSTRU\u00c7\u00c3O NORMATIVA PROPLAN\/UFSM N\u00b0 003, DE 28 DE DEZEMBRO DE 2023 Estabelece procedimentos para formaliza\u00e7\u00e3o de Manuais Institucionais Administrativos enquanto anexos de Atos Normativos no \u00e2mbito da Universidade Federal de Santa Maria (UFSM). O PR\u00d3-REITOR DE [&hellip;]<\/p>\n","protected":false},"author":205,"featured_media":0,"parent":0,"menu_order":0,"comment_status":"closed","ping_status":"closed","template":"","meta":{"footnotes":""},"categories":[],"tags":[],"class_list":["post-5663","page","type-page","status-publish","hentry"],"acf":[],"_links":{"self":[{"href":"https:\/\/www.ufsm.br\/pro-reitorias\/proplan\/wp-json\/wp\/v2\/pages\/5663","targetHints":{"allow":["GET"]}}],"collection":[{"href":"https:\/\/www.ufsm.br\/pro-reitorias\/proplan\/wp-json\/wp\/v2\/pages"}],"about":[{"href":"https:\/\/www.ufsm.br\/pro-reitorias\/proplan\/wp-json\/wp\/v2\/types\/page"}],"author":[{"embeddable":true,"href":"https:\/\/www.ufsm.br\/pro-reitorias\/proplan\/wp-json\/wp\/v2\/users\/205"}],"replies":[{"embeddable":true,"href":"https:\/\/www.ufsm.br\/pro-reitorias\/proplan\/wp-json\/wp\/v2\/comments?post=5663"}],"version-history":[{"count":0,"href":"https:\/\/www.ufsm.br\/pro-reitorias\/proplan\/wp-json\/wp\/v2\/pages\/5663\/revisions"}],"wp:attachment":[{"href":"https:\/\/www.ufsm.br\/pro-reitorias\/proplan\/wp-json\/wp\/v2\/media?parent=5663"}],"wp:term":[{"taxonomy":"category","embeddable":true,"href":"https:\/\/www.ufsm.br\/pro-reitorias\/proplan\/wp-json\/wp\/v2\/categories?post=5663"},{"taxonomy":"post_tag","embeddable":true,"href":"https:\/\/www.ufsm.br\/pro-reitorias\/proplan\/wp-json\/wp\/v2\/tags?post=5663"}],"curies":[{"name":"wp","href":"https:\/\/api.w.org\/{rel}","templated":true}]}}