{"id":5758,"date":"2024-02-15T16:20:24","date_gmt":"2024-02-15T19:20:24","guid":{"rendered":"https:\/\/www.ufsm.br\/pro-reitorias\/proplan\/?page_id=5758"},"modified":"2024-02-15T16:47:30","modified_gmt":"2024-02-15T19:47:30","slug":"cargos-comissionados-equivalencias","status":"publish","type":"page","link":"https:\/\/www.ufsm.br\/pro-reitorias\/proplan\/cargos-comissionados-equivalencias","title":{"rendered":"Cargos Comissionados (Equival\u00eancias)"},"content":{"rendered":"\t\t<div data-elementor-type=\"wp-page\" data-elementor-id=\"5758\" class=\"elementor elementor-5758\">\n\t\t\t\t\t\t<section class=\"elementor-section elementor-top-section elementor-element elementor-element-9064a1f elementor-section-boxed elementor-section-height-default elementor-section-height-default\" data-id=\"9064a1f\" data-element_type=\"section\">\n\t\t\t\t\t\t<div class=\"elementor-container elementor-column-gap-default\">\n\t\t\t\t\t<div class=\"elementor-column elementor-col-100 elementor-top-column elementor-element elementor-element-9d4d5a5\" data-id=\"9d4d5a5\" data-element_type=\"column\">\n\t\t\t<div class=\"elementor-widget-wrap elementor-element-populated\">\n\t\t\t\t\t\t<div class=\"elementor-element elementor-element-fe44e63 elementor-widget elementor-widget-text-editor\" data-id=\"fe44e63\" data-element_type=\"widget\" data-widget_type=\"text-editor.default\">\n\t\t\t\t<div class=\"elementor-widget-container\">\n\t\t\t\t\t\t\t<p>Para o funcionamento institucional a UFSM possui distintos Cargos Comissionados distribu\u00eddos em diferentes n\u00edveis, os quais para fins de determinados questionamentos e encaminhamentos devem ser tratados a partir da Equival\u00eancias com outros Cargos Comissionados que comp\u00f5e o funcionamento da Administra\u00e7\u00e3o P\u00fablica Federal, no caso, o Cargo em Comiss\u00e3o do Grupo de <u>Dire\u00e7\u00e3o e Assessoramento Superiores (DAS)<\/u> e\/ou o <u>Cargo Comissionado Executivo (CCE)<\/u>\u00a0e <u>Fun\u00e7\u00f5es Comissionadas Executivas (FCE)<\/u>.<\/p><p>Para a composi\u00e7\u00e3o da sua Estrutura organizacional a UFSM disp\u00f5e atualmente de:<\/p><p>&#8211; Cargos de Dire\u00e7\u00e3o (CD), n\u00edveis 1 a 4<\/p><p>&#8211; Fun\u00e7\u00e3o Comissionada de Coordenador de Curso (FCC); e,<\/p><p>&#8211; Fun\u00e7\u00e3o Gratificada Espec\u00edfica de Institui\u00e7\u00e3o de Ensino (FG), n\u00edveis 1 a 7.<\/p><p><span style=\"color: #000000;font-size: 1rem;font-weight: var( --e-global-typography-text-font-weight );text-align: var(--bs-body-text-align)\">A Tabela de Remunera\u00e7\u00e3o de Cargos Comissionados pode ser consultada em:\u00a0<\/span><a href=\"https:\/\/siorg.gov.br\/siorg-cidadao-webapp\/resources\/app\/cargos-comissionados.html\" target=\"_blank\" rel=\"noopener\"><span style=\"text-align: var(--bs-body-text-align)\">https:\/\/siorg.gov.br\/siorg-cidadao-webapp\/resources\/app\/cargos-comissionados.html<\/span><\/a><\/p><p>Para fins de equival\u00eancia de Cargos Comissionados em rela\u00e7\u00e3o ao DAS deve ser observado o que consta no Anexo II da <a href=\"https:\/\/www.in.gov.br\/materia\/-\/asset_publisher\/Kujrw0TZC2Mb\/content\/id\/68938212\" target=\"_blank\" rel=\"noopener\">Portaria 121, de 27 de mar\u00e7o de 2019<\/a>,\u00a0 ou seja,<\/p><table><tbody><tr><td><p><strong>Cargos em Comiss\u00e3o e Fun\u00e7\u00f5es Comissionadas do Poder Executivo Federal<\/strong><\/p><\/td><td><p><strong>Cargos em Comiss\u00e3o e Fun\u00e7\u00f5es Comissionadas das Institui\u00e7\u00f5es Federais de Ensino<\/strong><\/p><\/td><\/tr><tr><td><p>NES<\/p><\/td><td><p>&#8211;<\/p><\/td><\/tr><tr><td><p><strong>DAS-6<\/strong><\/p><\/td><td><p><strong>CD 1<\/strong><\/p><\/td><\/tr><tr><td><p><strong>DAS-5<\/strong><\/p><\/td><td><p><strong>CD 2<\/strong><\/p><\/td><\/tr><tr><td><p><strong>DAS-4<\/strong><\/p><\/td><td><p><strong>CD 3<\/strong><\/p><\/td><\/tr><tr><td><p><strong>DAS-3<\/strong><\/p><\/td><td><p><strong>CD 4<\/strong><\/p><\/td><\/tr><tr><td><p>DAS-2<\/p><\/td><td><p>&#8211;<\/p><\/td><\/tr><tr><td><p>DAS-1<\/p><\/td><td><p>&#8211;<\/p><\/td><\/tr><tr><td><p><strong>FG-1<\/strong><\/p><\/td><td><p><strong>FG-01, FG-02 e FG-03<\/strong><\/p><\/td><\/tr><tr><td><p><strong>FG-2<\/strong><\/p><\/td><td><p><strong>FG-04, FG-05 e FG-06<\/strong><\/p><\/td><\/tr><tr><td><p><strong>FG-3<\/strong><\/p><\/td><td><p><strong>FG-07,<\/strong> FG-08 e FG-09<\/p><\/td><\/tr><\/tbody><\/table><p><span style=\"color: #000000;font-size: 16px\">\u00a0<\/span><\/p><p><span style=\"color: #000000;font-size: 16px\">Para fins de equival\u00eancia do DAS em rela\u00e7\u00e3o ao CCE e FCE deve ser observado o que consta no Anexo III da <a href=\"https:\/\/www.planalto.gov.br\/ccivil_03\/_ato2019-2022\/2021\/lei\/l14204.htm\" target=\"_blank\" rel=\"noopener\">Lei N\u00b0 14.204, de 16 de setembro de 2021<\/a><\/span><span style=\"color: #000000;font-size: 16px\">,\u00a0 ou seja,<\/span><\/p><table width=\"0\"><tbody><tr><td width=\"151\"><p>DAS-1<\/p><\/td><td width=\"151\"><p>CCE-5<\/p><\/td><td width=\"151\"><p>FCE-5<\/p><\/td><\/tr><tr><td width=\"151\"><p>DAS-2<\/p><\/td><td width=\"151\"><p>CCE-7<\/p><\/td><td width=\"151\"><p>FCE-7<\/p><\/td><\/tr><tr><td width=\"151\"><p><strong>DAS-3<\/strong><\/p><\/td><td width=\"151\"><p><strong>CCE-10<\/strong><\/p><\/td><td width=\"151\"><p><strong>FCE-10<\/strong><\/p><\/td><\/tr><tr><td width=\"151\"><p><strong>DAS-4<\/strong><\/p><\/td><td width=\"151\"><p><strong>CCE-13<\/strong><\/p><\/td><td width=\"151\"><p><strong>FCE-13<\/strong><\/p><\/td><\/tr><tr><td width=\"151\"><p><strong>DAS-5<\/strong><\/p><\/td><td width=\"151\"><p><strong>CCE-15<\/strong><\/p><\/td><td width=\"151\"><p><strong>FCE-15<\/strong><\/p><\/td><\/tr><tr><td width=\"151\"><p><strong>DAS-6<\/strong><\/p><\/td><td width=\"151\"><p><strong>CCE-17<\/strong><\/p><\/td><td width=\"151\"><p><strong>FCE-17<\/strong><\/p><\/td><\/tr><tr><td width=\"151\"><p>NE<\/p><\/td><td width=\"151\"><p>CCE-18<\/p><\/td><td width=\"151\">\u00a0<\/td><\/tr><\/tbody><\/table><div style=\"color: #000000;font-family: 'Times New Roman';font-size: medium\" align=\"center\">\u00a0<\/div><p style=\"color: #000000;font-family: 'Times New Roman';font-size: medium;text-align: left\" align=\"center\"><span style=\"color: #000000;font-family: Arial;font-size: small\">Observa-se que a aplica\u00e7\u00e3o da Lei N. 14.204\/2021 \u00e9 regulamentada pelo <a href=\"https:\/\/www.planalto.gov.br\/ccivil_03\/_ato2019-2022\/2021\/decreto\/D10829.htm\" target=\"_blank\" rel=\"noopener\">Decreto N\u00b0 10.829, de 5 de outubro de 2021<\/a>.<\/span><\/p><p style=\"color: #000000;font-family: 'Times New Roman';font-size: medium\" align=\"center\">\u00a0<\/p>\t\t\t\t\t\t<\/div>\n\t\t\t\t<\/div>\n\t\t\t\t\t<\/div>\n\t\t<\/div>\n\t\t\t\t\t<\/div>\n\t\t<\/section>\n\t\t\t\t<\/div>\n\t\t","protected":false},"excerpt":{"rendered":"<p>Para o funcionamento institucional a UFSM possui distintos Cargos Comissionados distribu\u00eddos em diferentes n\u00edveis, os quais para fins de determinados questionamentos e encaminhamentos devem ser tratados a partir da Equival\u00eancias com outros Cargos Comissionados que comp\u00f5e o funcionamento da Administra\u00e7\u00e3o P\u00fablica Federal, no caso, o Cargo em Comiss\u00e3o do Grupo de Dire\u00e7\u00e3o e Assessoramento Superiores [&hellip;]<\/p>\n","protected":false},"author":205,"featured_media":0,"parent":0,"menu_order":0,"comment_status":"closed","ping_status":"closed","template":"","meta":{"footnotes":""},"categories":[],"tags":[],"class_list":["post-5758","page","type-page","status-publish","hentry"],"acf":[],"_links":{"self":[{"href":"https:\/\/www.ufsm.br\/pro-reitorias\/proplan\/wp-json\/wp\/v2\/pages\/5758","targetHints":{"allow":["GET"]}}],"collection":[{"href":"https:\/\/www.ufsm.br\/pro-reitorias\/proplan\/wp-json\/wp\/v2\/pages"}],"about":[{"href":"https:\/\/www.ufsm.br\/pro-reitorias\/proplan\/wp-json\/wp\/v2\/types\/page"}],"author":[{"embeddable":true,"href":"https:\/\/www.ufsm.br\/pro-reitorias\/proplan\/wp-json\/wp\/v2\/users\/205"}],"replies":[{"embeddable":true,"href":"https:\/\/www.ufsm.br\/pro-reitorias\/proplan\/wp-json\/wp\/v2\/comments?post=5758"}],"version-history":[{"count":0,"href":"https:\/\/www.ufsm.br\/pro-reitorias\/proplan\/wp-json\/wp\/v2\/pages\/5758\/revisions"}],"wp:attachment":[{"href":"https:\/\/www.ufsm.br\/pro-reitorias\/proplan\/wp-json\/wp\/v2\/media?parent=5758"}],"wp:term":[{"taxonomy":"category","embeddable":true,"href":"https:\/\/www.ufsm.br\/pro-reitorias\/proplan\/wp-json\/wp\/v2\/categories?post=5758"},{"taxonomy":"post_tag","embeddable":true,"href":"https:\/\/www.ufsm.br\/pro-reitorias\/proplan\/wp-json\/wp\/v2\/tags?post=5758"}],"curies":[{"name":"wp","href":"https:\/\/api.w.org\/{rel}","templated":true}]}}