{"id":5807,"date":"2024-05-23T16:33:23","date_gmt":"2024-05-23T19:33:23","guid":{"rendered":"https:\/\/www.ufsm.br\/pro-reitorias\/proplan\/?page_id=5807"},"modified":"2024-05-23T16:34:20","modified_gmt":"2024-05-23T19:34:20","slug":"instrucao-normativa-ufsm-n-005","status":"publish","type":"page","link":"https:\/\/www.ufsm.br\/pro-reitorias\/proplan\/instrucao-normativa-ufsm-n-005","title":{"rendered":"INSTRU\u00c7\u00c3O NORMATIVA UFSM N. 005"},"content":{"rendered":"\t\t<div data-elementor-type=\"wp-page\" data-elementor-id=\"5807\" class=\"elementor elementor-5807\">\n\t\t\t\t\t\t<section class=\"elementor-section elementor-top-section elementor-element elementor-element-90f19c9 elementor-section-boxed elementor-section-height-default elementor-section-height-default\" data-id=\"90f19c9\" data-element_type=\"section\">\n\t\t\t\t\t\t<div class=\"elementor-container elementor-column-gap-default\">\n\t\t\t\t\t<div class=\"elementor-column elementor-col-100 elementor-top-column elementor-element elementor-element-fce3eb9\" data-id=\"fce3eb9\" data-element_type=\"column\">\n\t\t\t<div class=\"elementor-widget-wrap elementor-element-populated\">\n\t\t\t\t\t\t<div class=\"elementor-element elementor-element-3da996d elementor-widget elementor-widget-html\" data-id=\"3da996d\" data-element_type=\"widget\" data-widget_type=\"html.default\">\n\t\t\t\t<div class=\"elementor-widget-container\">\n\t\t\t\r\n\r\n\r\n<title><b>INSTRU\u00c7\u00c3O NORMATIVA UFSM N. 005, DE 18 DE ABRIL DE 2024<\/b><\/title>\r\n\r\n\r\n<div align=\"center\"><img decoding=\"async\" src=\"https:\/\/www.ufsm.br\/pro-reitorias\/proplan\/wp-content\/uploads\/sites\/344\/2019\/09\/brasao-da-republica-do-brasil-logo.png\" alt=\"Bras\u00e3o Rep\u00fablica Federativa do Brasil\" width=\"6%\" height=\"6%\"><\/div>    \r\n<h1><font color=\"blue\"><font size=\"5\"><div align=\"center\">MINIST\u00c9RIO DA EDUCA\u00c7\u00c3O<\/b><\/font><\/font><\/div><\/H1>\r\n<p><b><font color=\"0000blue\"><div align=\"center\">UNIVERSIDADE FEDERAL DE SANTA MARIA<\/b><\/font><\/div><\/p>\r\n\r\n<p><div align=\"center\"><b><a href=\"https:\/\/portal.ufsm.br\/documentos\/publico\/documento.html?idDocumento=15069705\" target=\"_blank\"><font color=\"blue\">INSTRU\u00c7\u00c3O NORMATIVA UFSM N. 005, DE 18 DE ABRIL DE 2024<\/font><\/a><\/b><\/div><\/p>\r\n<br>\r\n<p><div align=\"right\"><font color=\"800000\">Instrui e disciplina a tramita\u00e7\u00e3o dos processos de Acordo de Coopera\u00e7\u00e3o Internacional no \u00e2mbito da UFSM.<\/font><\/div><\/p>\r\n<br>\r\n<br><div align=\"justify\">\r\n<p>O REITOR DA UNIVERSIDADE FEDERAL DE SANTA MARIA, no uso de suas atribui\u00e7\u00f5es legais e estatut\u00e1rias, e considerando:\r\n\r\n<p>- a <a href=\"https:\/\/www.planalto.gov.br\/ccivil_03\/constituicao\/constituicao.htm\" target=\"_blank\"><font color=\"blue\"><u>Constitui\u00e7\u00e3o da Rep\u00fablica Federativa do Brasil de 1988, de 05 de outubro de 1988<\/u><\/font><\/a>;\r\n\r\n<p>- a <a href=\"https:\/\/www.planalto.gov.br\/ccivil_03\/leis\/l8112cons.htm\" target=\"_blank\"><font color=\"blue\"><u>Lei n\u00b0 9.394, de 20 de dezembro de 1996<\/u><\/font><\/a>, que disp\u00f5e sobre o regime jur\u00eddico dos servidores p\u00fablicos civis da Uni\u00e3o, das autarquias e das funda\u00e7\u00f5es p\u00fablicas federais;\r\n\r\n<p>- a <a href=\"https:\/\/www.planalto.gov.br\/ccivil_03\/leis\/lcp\/lcp95.htm\" target=\"_blank\"><font color=\"blue\"><u>Lei Complementar n\u00b0 95, de 26 de fevereiro de 1998<\/u><\/font><\/a>, que disp\u00f5e sobre a elabora\u00e7\u00e3o, a reda\u00e7\u00e3o, a altera\u00e7\u00e3o e a consolida\u00e7\u00e3o das leis, conforme determina o Par\u00e1grafo \u00danico do Art. 59 da <a href=\"https:\/\/www.planalto.gov.br\/ccivil_03\/constituicao\/constituicao.htm\" target=\"_blank\"><font color=\"blue\"><u>Constitui\u00e7\u00e3o Federal<\/u><\/font><\/a>, e estabelece normas para a consolida\u00e7\u00e3o dos atos normativos que menciona;\r\n\r\n<p>- a <a href=\"https:\/\/www.planalto.gov.br\/ccivil_03\/leis\/l9608compilado.htm#:~:text=LEI%20N\u00ba%209.608%2C%20DE%2018,volunt\u00e1rio%20e%20d\u00e1%20outras%20provid\u00eancias.&amp;text=Par\u00e1grafo%20\u00fanico.,natureza%20trabalhista%20previdenci\u00e1ria%20ou%20afim.\" target=\"_blank\"><font color=\"blue\"><u>Lei n\u00b0 9.608, de 18 de fevereiro de 1998<\/u><\/font><\/a>, que disp\u00f5e sobre o servi\u00e7o volunt\u00e1rio e d\u00e1 outras provid\u00eancias;\r\n\r\n<p>- a <a href=\"https:\/\/www.planalto.gov.br\/ccivil_03\/_ato2004-2006\/2004\/lei\/l10.973.htm\" target=\"_blank\"><font color=\"blue\"><u>Lei n\u00b0 10.973, de 2 de dezembro de 2004<\/u><\/font><\/a>, que disp\u00f5e sobre incentivos \u00e0 inova\u00e7\u00e3o e \u00e0 pesquisa cient\u00edfica e tecnol\u00f3gica no ambiente produtivo e d\u00e1 outras provid\u00eancias;\r\n<p>- a <a href=\"https:\/\/www.planalto.gov.br\/ccivil_03\/leis\/2003\/l10.741.htm\" target=\"_blank\"><font color=\"blue\"><u>Lei n\u00b0 10.741, de 1\u00b0 de outubro de 2003<\/u><\/font><\/a>, que disp\u00f5e sobre o Estatuto do Idoso e d\u00e1 outras provid\u00eancias;\r\n\r\n<p>- a <a href=\"https:\/\/www.planalto.gov.br\/ccivil_03\/_ato2011-2014\/2014\/lei\/l13019.htm\" target=\"_blank\"><font color=\"blue\"><u>Lei n\u00b0 13.019, de 31 de julho de 2014,<\/u><\/font><\/a>, que estabelece o regime jur\u00eddico das parcerias entre a administra\u00e7\u00e3o p\u00fablica e as organiza\u00e7\u00f5es da sociedade civil, em regime de m\u00fatua coopera\u00e7\u00e3o, para a consecu\u00e7\u00e3o de finalidades de interesse p\u00fablico e rec\u00edproco, mediante a execu\u00e7\u00e3o de atividades ou de projetos previamente estabelecidos em planos de trabalho inseridos em termos de colabora\u00e7\u00e3o, em termos de fomento ou em acordos de coopera\u00e7\u00e3o; define diretrizes para a pol\u00edtica de fomento, de colabora\u00e7\u00e3o e de coopera\u00e7\u00e3o com organiza\u00e7\u00f5es da sociedade civil; e altera as Leis n\u00b0s8.429, de 2 de junho de 1992, e 9.790, de 23 de mar\u00e7o de 1999 (Reda\u00e7\u00e3o dada pela Lei n\u00b0 13.204, de 2015), e altera\u00e7\u00f5es subsequentes;\r\n\r\n<p>- a <a href=\"https:\/\/www.planalto.gov.br\/ccivil_03\/_Ato2015-2018\/2016\/Lei\/L13243.htm\" target=\"_blank\"><font color=\"blue\"><u>Lei n\u00b0 13.243, de 11 de janeiro de 2016<\/u><\/font><\/a>, que disp\u00f5e sobre est\u00edmulos ao desenvolvimento cient\u00edfico, \u00e0 pesquisa, \u00e0 capacita\u00e7\u00e3o cient\u00edfica e tecnol\u00f3gica e \u00e0 inova\u00e7\u00e3o e altera a Lei n\u00b0 10.973, de 2 de dezembro de 2004, a Lei n\u00b0 6.815, de 19 de agosto de 1980, a Lei n\u00b0 8.666, de 21 de junho de 1993, a Lei n\u00b0 12.462, de 4 de agosto de 2011, a Lei n\u00b0 8.745, de 9 de dezembro de 1993, a Lei n\u00b0 8.958, de 20 de dezembro de 1994, a Lei n\u00b0 8.010, de 29 de mar\u00e7o de 1990, a Lei n\u00b0 8.032, de 12 de abril de 1990, e a Lei n\u00b0 12.772, de 28 de dezembro de 2012, nos termos da Emenda Constitucional n\u00b0 85, de 26 de fevereiro de 2015; \r\n\r\n<p>- a <a href=\"https:\/\/www.planalto.gov.br\/ccivil_03\/_ato2015-2018\/2018\/lei\/l13726.htm\" target=\"_blank\"><font color=\"blue\"><u>Lei n\u00b0 13.726, de 8 de outubro de 2018<\/u><\/font><\/a>, que racionaliza atos e procedimentos administrativos dos Poderes da Uni\u00e3o, dos Estados, do Distrito Federal e dos Munic\u00edpios e institui o Selo de Desburocratiza\u00e7\u00e3o e Simplifica\u00e7\u00e3o;\r\n\r\n<p>- a <a href=\"https:\/\/www.planalto.gov.br\/ccivil_03\/_ato2019-2022\/2021\/lei\/l14133.htm\" target=\"_blank\"><font color=\"blue\"><u>Lei n\u00b0 14.133, de 1\u00ba de abril de 2021<\/u><\/font><\/a>, Lei de Licita\u00e7\u00f5es e Contratos Administrativos;\r\n\r\n<p>- o <a href=\"https:\/\/www.planalto.gov.br\/ccivil_03\/decreto-lei\/del0200.htm\" target=\"_blank\"><font color=\"blue\"><u>Decreto-lei n\u00b0 200, de 25 de fevereiro de 1967<\/u><\/font><\/a>,que disp\u00f5e sobre a organiza\u00e7\u00e3o da Administra\u00e7\u00e3o Federal, estabelece diretrizes para a Reforma Administrativa e d\u00e1 outras provid\u00eancias;\r\n\r\n<p>- o <a href=\"https:\/\/www.planalto.gov.br\/ccivil_03\/_ato2007-2010\/2007\/decreto\/d6170.htm\" target=\"_blank\"><font color=\"blue\"><u>o Decreto n\u00b0 6.170, de 25 de julho de 2007<\/u><\/font><\/a>, que disp\u00f5e sobre as normas relativas \u00e0s transfer\u00eancias de recursos da Uni\u00e3o mediante conv\u00eanios e contratos de repasse, e d\u00e1 outras provid\u00eancias;\r\n\r\n<p>- o <a href=\"https:\/\/www.planalto.gov.br\/ccivil_03\/_ato2015-2018\/2017\/decreto\/d9191.htm#:~:text=DECRETO%20N\u00ba%209.191%2C%20DE%201\u00ba%20DE%20NOVEMBRO%20DE%202017&amp;text=Estabelece%20as%20normas%20e%20as,Rep\u00fablica%20pelos%20Ministros%20de%20Estado.\" target=\"_blank\"><font color=\"blue\"><u>Decreto n\u00b0 9.191, de 1\u00ba de novembro de 2017<\/u><\/font><\/a>, que estabelece as normas e as diretrizes para elabora\u00e7\u00e3o, reda\u00e7\u00e3o, altera\u00e7\u00e3o, consolida\u00e7\u00e3o e encaminhamento de propostas de atos normativos ao Presidente da Rep\u00fablica pelos Ministros de Estado;\r\n\r\n<p>- o <a href=\"https:\/\/www.planalto.gov.br\/ccivil_03\/_ato2015-2018\/2018\/decreto\/d9283.htm\" target=\"_blank\"><font color=\"blue\"><u>Decreto n\u00b0 9.283, de 7 de fevereiro de 2018<\/u><\/font><\/a>, que regulamenta a Lei n\u00b0 10.973, de 2 de dezembro de 2004, a Lei n\u00b0 13.243, de 11 de janeiro de 2016, o art. 24, \u00a7 3\u00ba, e o art. 32, \u00a7 7\u00ba, da Lei n\u00b0 8.666, de 21 de junho de 1993, o art. 1\u00ba da Lei n\u00b0 8.010, de 29 de mar\u00e7o de 1990, e o art. 2\u00ba, caput, inciso I, al\u00ednea \"g\", da Lei n\u00b0 8.032, de 12 de abril de 1990, e altera o Decreto n\u00b0 6.759, de 5 de fevereiro de 2009, para estabelecer medidas de incentivo \u00e0 inova\u00e7\u00e3o e \u00e0 pesquisa cient\u00edfica e tecnol\u00f3gica no ambiente produtivo, com vistas \u00e0 capacita\u00e7\u00e3o tecnol\u00f3gica, ao alcance da autonomia tecnol\u00f3gica e ao desenvolvimento do sistema produtivo nacional e regional;\r\n\r\n<p>- o <a href=\"https:\/\/www.planalto.gov.br\/ccivil_03\/_ato2019-2022\/2019\/decreto\/d10139.htm\" target=\"_blank\"><font color=\"blue\"><u>Decreto n\u00b0 10.139, de 28 de novembro de 2019,<\/u><\/font><\/a>, que disp\u00f5e sobre a revis\u00e3o e a consolida\u00e7\u00e3o de atos normativos inferiores a decreto;\r\n\r\n<p>- o <a href=\"https:\/\/www.gov.br\/plataformamaisbrasil\/pt-br\/legislacao-geral\/portarias\/portaria-interministerial-no-424-de-30-de-dezembro-de-2016\" target=\"_blank\"><font color=\"blue\"><u>Portaria n\u00b0 424, de 30 de dezembro de 2016<\/u><\/font><\/a>, do Minist\u00e9rio do Planejamento, Desenvolvimento e Gest\u00e3o, que estabelece normas para execu\u00e7\u00e3o do estabelecido no Decreto n\u00b0 6.170, de 25 julho de 2007, que disp\u00f5e sobre as normas relativas \u00e0s transfer\u00eancias de recursos da Uni\u00e3o mediante conv\u00eanios e contratos de repasse, revoga a Portaria Interministerial n\u00b0 507\/MP\/MF\/CGU, de 24 de novembro de 2011 e d\u00e1 outras provid\u00eancias;\r\n\r\n<p>- O <a href=\"https:\/\/sapiens.agu.gov.br\/valida_publico?id=310316182\" target=\"_blank\"><font color=\"blue\"><u>o Parecer n\u00b0 00005\/2019\/CNCIC\/CGU\/AGU,<\/u><\/font><\/a>, da C\u00e2mara Nacional de Conv\u00eanios e Instrumentos Cong\u00eaneres da Consultoria-Geral da Uni\u00e3o da Advocacia-Geral da Uni\u00e3o;\r\n\r\n<p>- O <a href=\"https:\/\/sapiens.agu.gov.br\/valida_publico?id=438120398\" target=\"_blank\"><font color=\"blue\"><u>Parecer n\u00b0 00001\/2020\/CNCIC\/CGU\/AGU,<\/u><\/font><\/a>, da C\u00e2mara Nacional de Conv\u00eanios e Instrumentos Cong\u00eaneres da Consultoria-Geral da Uni\u00e3o da Advocacia-Geral da Uni\u00e3o;\r\n\r\n<p>- O <a href=\"https:\/\/sapiens.agu.gov.br\/valida_publico?id=513670575\" target=\"_blank\"><font color=\"blue\"><u>Parecer n\u00b0 00001\/2021\/CNCIC\/CGU\/AGU,<\/u><\/font><\/a>, da C\u00e2mara Nacional de Conv\u00eanios e Instrumentos Cong\u00eaneres da Consultoria-Geral da Uni\u00e3o da Advocacia-Geral da Uni\u00e3o;\r\n\r\n<p>- O <a href=\"https:\/\/www.gov.br\/transportes\/pt-br\/assuntos\/conjur\/Administrativo00014708088264CS.pdf\" target=\"_blank\"><font color=\"blue\"><u>Parecer Referencial n\u00b0 00014\/2021\/CONJUR-MINFRA\/CGU\/AGU<\/u><\/font><\/a>, da Coordena\u00e7\u00e3o-Geral Jur\u00eddica de Assuntos Administrativos da Consultoria Jur\u00eddica junto ao Minist\u00e9rio da Infraestrutura da Advocacia-Geral da Uni\u00e3o;\r\n\r\n<p>- O <a href=\"https:\/\/www.gov.br\/saude\/pt-br\/composicao\/conjur\/demandas-judiciais\/banco-de-pareceres-referenciais\/pareceres-referenciais\/2020\/parecer-referencial-n-00022-2020-conjur-ms-cgu-agu.pdf\/view\" target=\"_blank\"><font color=\"blue\"><u>Parecer n\u00b0 00022\/2020\/CONJUR-CGU\/CGU\/AGU<\/u><\/font><\/a>, da Coordena\u00e7\u00e3o-Geral de Mat\u00e9ria de Transpar\u00eancia e Administrativa da Consultoria Jur\u00eddica junto \u00e0 Controladoria Geral da Uni\u00e3o da Advocacia-Geral da Uni\u00e3o;\r\n\r\n<p>- O <a href=\"https:\/\/www.gov.br\/saude\/pt-br\/composicao\/conjur\/demandas-judiciais\/banco-de-pareceres-referenciais\/pareceres-referenciais\/2020\/parecer-referencial-n-00022-2020-conjur-ms-cgu-agu.pdf\/view\" target=\"_blank\"><font color=\"blue\"><u>Parecer n\u00b0 01\/2019\/CPCTI\/PGF\/AGU<\/u><\/font><\/a>, da C\u00e2mara Provis\u00f3ria da Ci\u00eancia, Tecnologia e Inova\u00e7\u00e3o da Procuradoria-Geral Federal da Advocacia-Geral da Uni\u00e3o;\r\n\r\n<p>- o Parecer n\u00b0 01\/2019\/CPCTI\/PGF\/AGU, da C\u00e2mara Provis\u00f3ria da Ci\u00eancia, Tecnologia e Inova\u00e7\u00e3o da Procuradoria-Geral Federal da Advocacia-Geral da Uni\u00e3o;\r\n\r\n<p>- o Parecer n\u00b0 00003\/2019\/CP-CT&amp;I\/PGF\/AGU, da C\u00e2mara Permanente da Ci\u00eancia, Tecnologia e Inova\u00e7\u00e3o da Procuradoria-Geral Federal da Advocacia-Geral da Uni\u00e3o;\r\n\r\n<p>- o art. 4o, da Instru\u00e7\u00e3o Normativa n\u00ba 01\/97 da Secretaria do Tesouro Nacional, de 15.01.1997;\r\n\r\n<p>- - o Parecer n\u00ba 074\/08, aprovado na 681a Sess\u00e3o do Conselho Universit\u00e1rio, de 25.04.2008, conforme Processo n. 1006\/07; e\r\n\r\n<p>- o <a href=\"https:\/\/www.ufsm.br\/pro-reitorias\/proplan\/estatuto-ufsm-2010\/\" target=\"_blank\"><font color=\"blue\"><u>Estatuto da Universidade Federal de Santa Maria<\/u><\/font><\/a>, com as adequa\u00e7\u00f5es aprovadas pela <a href=\"https:\/\/www.ufsm.br\/pro-reitorias\/proplan\/resolucao-n-037-2010\" target=\"_blank\"><font color=\"blue\"><u>Resolu\u00e7\u00e3o UFSM n\u00b0 037, de 30 de novembro de 2010<\/u><\/font><\/a> e aprovadas pela Portaria n\u00b0 156, de 12 de mar\u00e7o de 2014, publicada no Di\u00e1rio Oficial da Uni\u00e3o em 13 de mar\u00e7o de 2014;\r\n\r\n<p>- o <a href=\"https:\/\/www.ufsm.br\/pro-reitorias\/proplan\/regimento-geral-da-ufsm-2011\/\" target=\"_blank\"><font color=\"blue\"><u>Regimento Geral da UFSM<\/u><\/font><\/a>, disposto na <a href=\"https:\/\/www.ufsm.br\/pro-reitorias\/proplan\/resolucao-n-006-2011\" target=\"_blank\"><font color=\"blue\"><u>Resolu\u00e7\u00e3o UFSM n\u00b0 006, de 28 de abril de 2011<\/u><\/font><\/a>, atualizado pela <a href=\"https:\/\/www.ufsm.br\/pro-reitorias\/proplan\/resolucao-n-016-2019\" target=\"_blank\"><font color=\"blue\"><u>Resolu\u00e7\u00e3o UFSM n\u00b0 016, de 02 de julho de 2019<\/u><\/font><\/a>;\r\n\r\n<p>- a <a href=\"https:\/\/www.ufsm.br\/pro-reitorias\/proplan\/resolucao-ufsm-n-054-2021\" target=\"_blank\"><font color=\"blue\"><u>Resolu\u00e7\u00e3o UFSM n\u00b0 054, de 1\u00ba de junho de 2021<\/u><\/font><\/a>, que regulamenta a proposi\u00e7\u00e3o e a emiss\u00e3o de Atos Normativos no \u00e2mbito da Universidade Federal de Santa Maria;\r\n\r\n<p>- a <a href=\"https:\/\/www.ufsm.br\/pro-reitorias\/proplan\/resolucao-ufsm-n-135-de-04-de-julho-de-2023\" target=\"_blank\"><font color=\"blue\"><u>Resolu\u00e7\u00e3o UFSM n\u00b0 135, de 04 de julho de 2023<\/u><\/font><\/a>, que disciplina a tramita\u00e7\u00e3o de processos de Acordos de Coopera\u00e7\u00e3o T\u00e9cnica, Protocolos de Inten\u00e7\u00f5es e outros instrumentos cong\u00eaneres que n\u00e3o envolvam transfer\u00eancia de recursos financeiros, nos termos desta resolu\u00e7\u00e3o, a serem firmados pela Universidade Federal de Santa Maria (UFSM), e uma ou mais institui\u00e7\u00f5es, nacionais ou estrangeiras, p\u00fablicas ou privadas, com ou sem finalidade lucrativa, revoga a Resolu\u00e7\u00e3o UFSM n\u00b0 003\/2008, e altera o Estatuto da UFSM.\r\n\r\n\r\n<p>- o que consta no processo <a href=\"https:\/\/portal.ufsm.br\/documentos\/publico\/processo\/documento.html?idDocumento=15026074\" target=\"_blank\"><font color=\"blue\"><u>23081.040760\/2024-88<\/u><\/font><\/a>.<\/p>\r\n\r\n<br>\r\n<p><div align=\"center\">RESOLVE:<\/div><\/p>\r\n<br>\r\n\r\n<p>Art. 1\u00ba Instruir e disciplinar a tramita\u00e7\u00e3o dos processos de acordo de coopera\u00e7\u00e3o internacional na UFSM. \r\n\r\n<p>Art. 2\u00ba A Unidade de Ensino, Secretaria de Apoio Internacional (SAI) ou outro \u00f3rg\u00e3o da UFSM interessado, dever\u00e1 solicitar a abertura de processo \u00e0 Pr\u00f3-Reitoria de Planejamento (PROPLAN), por correio eletr\u00f4nico ou Memorando via PEN, expondo os motivos que justifiquem a celebra\u00e7\u00e3o de conv\u00eanio e apresentando um plano de trabalho, conforme modelo disponibilizado na p\u00e1gina da SAI e na p\u00e1gina da Coordenadoria de Projetos e Conv\u00eanios (COPROC), da PROPLAN.\r\n<p> I \u2013 Em caso do acordo de coopera\u00e7\u00e3o ser motivado por um servidor docente ou t\u00e9cnico-administrativo em educa\u00e7\u00e3o (TAE) ou unidade, a ata do colegiado do curso de gradua\u00e7\u00e3o ou do programa de p\u00f3s-gradua\u00e7\u00e3o, poder\u00e1 ser encaminhada para a abertura do processo, caso j\u00e1 esteja homologada.\r\n\r\n<p>Art. 3\u00ba  A proposta de acordo de coopera\u00e7\u00e3o internacional dever\u00e1 enquadrar-se em um dos seguintes tipos:.\r\n<p>I \u2013 Acordo de coopera\u00e7\u00e3o internacional, conforme modelo de minuta da UFSM, disponibilizado nas p\u00e1ginas da SAI e da COPROC.\r\n<p>II \u2013 Acordo de coopera\u00e7\u00e3o internacional, conforme modelo de minuta proposta pela institui\u00e7\u00e3o convenente.\r\n\r\n<p>Art. 4\u00ba O acordo de coopera\u00e7\u00e3o internacional conforme modelo de minuta da UFSM tramitar\u00e1 pelas seguintes inst\u00e2ncias: \r\n<p> I \u2013 A COPROC\/PROPLAN analisa a minuta e demais documentos, e estando adequados, instrui o processo, dando o seguinte encaminhamento:\r\n<p>a) O processo \u00e9 encaminhado \u00e0 unidade de lota\u00e7\u00e3o do solicitante, para aprova\u00e7\u00e3o pelo colegiado, caso ainda n\u00e3o tenha a ata de aprova\u00e7\u00e3o homologada;\r\n<p>b) Na sequ\u00eancia, o processo \u00e9 encaminhado \u00e0 Pr\u00f3-Reitoria de P\u00f3s-Gradua\u00e7\u00e3o e Pesquisa para an\u00e1lise e manifesta\u00e7\u00e3o;\r\n<p>c) Em seguida, o processo \u00e9 encaminhado \u00e0 SAI para an\u00e1lise e manifesta\u00e7\u00e3o e indica\u00e7\u00e3o do coordenador do Plano de Trabalho;\r\n<p> d) Por fim, o Acordo est\u00e1 apto a ser assinado pelas partes;\r\n<p> e) Ap\u00f3s o Acordo estar apto a ser assinado pelas partes, a COPROC\/PROPLAN encaminha \u00e0 SAI que tomar\u00e1 as devidas provid\u00eancias para a efetiva\u00e7\u00e3o das assinaturas e ap\u00f3s o documento assinado, devolve o processo \u00e0 COPROC\/PROPLAN para os procedimentos necess\u00e1rios, arquivamento e controle.\r\n<p>\u00a71\u00ba O processo ap\u00f3s a an\u00e1lise de cada inst\u00e2ncia retornar\u00e1 \u00e0 COPROC\/PROPLAN para an\u00e1lise quanto a manifesta\u00e7\u00e3o da unidade;\r\n<p> \u00a72\u00ba Em caso de parecer desfavor\u00e1vel por qualquer uma das inst\u00e2ncias, a COPROC\/PROPLAN encaminhar\u00e1 \u00e0 unidade proponente para dar ci\u00eancia dos motivos que deram origem a tal parecer\r\n<p> \u00a73\u00ba Em caso da unidade atender o solicitado pela(s) inst\u00e2ncia(s), o processo retorna \u00e0 COPROC\/PROPLAN que dar\u00e1 prosseguimento ao processo.\r\n<p> \u00a74\u00ba Quando a minuta do Acordo for de institui\u00e7\u00e3o externa tramitar\u00e1 pelas mesmas inst\u00e2ncias referidas no inciso I, al\u00edneas \u201ca\u201d \u00e0 \u201cd\u201d, devendo ser tramitada ap\u00f3s \u00e0 SAI, \u00e0 PROJUR para an\u00e1lise e parecer.\r\n\r\n<p>Art. 5\u00ba O prazo do acordo de coopera\u00e7\u00e3o internacional dever\u00e1 ser definido pelas duas institui\u00e7\u00f5es envolvidas, podendo ser entre dois e dez anos. \r\n\r\n\r\n<p>Art. 6\u00ba A renova\u00e7\u00e3o do acordo de coopera\u00e7\u00e3o internacional ocorrer\u00e1 a partir de uma manifesta\u00e7\u00e3o oficial de interesse de prorroga\u00e7\u00e3o por meio de uma correspond\u00eancia oficial assinada pela autoridade m\u00e1xima da Secretaria de Apoio Internacional. \r\n<p>I - A tramita\u00e7\u00e3o do acordo de coopera\u00e7\u00e3o internacional para a renova\u00e7\u00e3o dever\u00e1 seguir os seguintes procedimentos:\r\n<p>a) A SAI consulta a institui\u00e7\u00e3o conveniada quatro meses antes da data de vencimento do acordo de coopera\u00e7\u00e3o internacional;\r\n<p>b) Se n\u00e3o houver interesse de continuidade do acordo, a SAI informa \u00e0 PROPLAN para encerramento deste na data de seu t\u00e9rmino;\r\n<p>c) Se houver interesse de continua\u00e7\u00e3o do acordo, a SAI d\u00e1 conhecimento \u00e0 PROPLAN para fazer as adequa\u00e7\u00f5es necess\u00e1rias e encaminha ao Gabinete do Reitor ou ao Gabinete do Vice-Reitor, nos casos em que houver delega\u00e7\u00e3o de compet\u00eancia, para assinatura.\r\n<p>Art. 7\u00ba Esta Instru\u00e7\u00e3o Normativa entra em vigor 02 de Maio de 2024, de acordo com o que prev\u00ea o Artigo 4\u00ba do Decreto n\u00b0 10.139, de 28 de novembro de 2019.\r\n<p>Art. Par\u00e1grafo \u00fanico. Havendo qualquer modifica\u00e7\u00e3o legislativa, ou ainda, havendo qualquer situa\u00e7\u00e3o legal\r\nque impacte na legalidade da presente Instru\u00e7\u00e3o Normativa, a mesma se aplica de imediato<\/p>\r\n\r\n<\/div>\r\n<p>Luciano Schuch<\/p>\r\n<p>Reitor<\/p>\r\n\r\n<p><font color=\"red0000\">Este texto n\u00e3o substitui o documento original, publicado no Portal de Documentos.<\/font> Dispon\u00edvel em: <a href=\"https:\/\/portal.ufsm.br\/documentos\/publico\/documento.html?id=15069705\"><font color=\"blue\">https:\/\/portal.ufsm.br\/documentos\/publico\/documento.html?id=15069705<\/font><\/a>\r\n\r\n\t\t<\/div>\n\t\t\t\t<\/div>\n\t\t\t\t\t<\/div>\n\t\t<\/div>\n\t\t\t\t\t<\/div>\n\t\t<\/section>\n\t\t\t\t<\/div>\n\t\t","protected":false},"excerpt":{"rendered":"<p>INSTRU\u00c7\u00c3O NORMATIVA UFSM N. 005, DE 18 DE ABRIL DE 2024 MINIST\u00c9RIO DA EDUCA\u00c7\u00c3O UNIVERSIDADE FEDERAL DE SANTA MARIA INSTRU\u00c7\u00c3O NORMATIVA UFSM N. 005, DE 18 DE ABRIL DE 2024 Instrui e disciplina a tramita\u00e7\u00e3o dos processos de Acordo de Coopera\u00e7\u00e3o Internacional no \u00e2mbito da UFSM. O REITOR DA UNIVERSIDADE FEDERAL DE SANTA MARIA, no [&hellip;]<\/p>\n","protected":false},"author":4883,"featured_media":0,"parent":0,"menu_order":0,"comment_status":"closed","ping_status":"closed","template":"","meta":{"footnotes":""},"categories":[],"tags":[],"class_list":["post-5807","page","type-page","status-publish","hentry"],"acf":[],"_links":{"self":[{"href":"https:\/\/www.ufsm.br\/pro-reitorias\/proplan\/wp-json\/wp\/v2\/pages\/5807","targetHints":{"allow":["GET"]}}],"collection":[{"href":"https:\/\/www.ufsm.br\/pro-reitorias\/proplan\/wp-json\/wp\/v2\/pages"}],"about":[{"href":"https:\/\/www.ufsm.br\/pro-reitorias\/proplan\/wp-json\/wp\/v2\/types\/page"}],"author":[{"embeddable":true,"href":"https:\/\/www.ufsm.br\/pro-reitorias\/proplan\/wp-json\/wp\/v2\/users\/4883"}],"replies":[{"embeddable":true,"href":"https:\/\/www.ufsm.br\/pro-reitorias\/proplan\/wp-json\/wp\/v2\/comments?post=5807"}],"version-history":[{"count":0,"href":"https:\/\/www.ufsm.br\/pro-reitorias\/proplan\/wp-json\/wp\/v2\/pages\/5807\/revisions"}],"wp:attachment":[{"href":"https:\/\/www.ufsm.br\/pro-reitorias\/proplan\/wp-json\/wp\/v2\/media?parent=5807"}],"wp:term":[{"taxonomy":"category","embeddable":true,"href":"https:\/\/www.ufsm.br\/pro-reitorias\/proplan\/wp-json\/wp\/v2\/categories?post=5807"},{"taxonomy":"post_tag","embeddable":true,"href":"https:\/\/www.ufsm.br\/pro-reitorias\/proplan\/wp-json\/wp\/v2\/tags?post=5807"}],"curies":[{"name":"wp","href":"https:\/\/api.w.org\/{rel}","templated":true}]}}