{"id":5810,"date":"2024-06-06T09:50:05","date_gmt":"2024-06-06T12:50:05","guid":{"rendered":"https:\/\/www.ufsm.br\/pro-reitorias\/proplan\/?page_id=5810"},"modified":"2025-08-19T14:41:33","modified_gmt":"2025-08-19T17:41:33","slug":"resolucao-ufsm-n-155-2024","status":"publish","type":"page","link":"https:\/\/www.ufsm.br\/pro-reitorias\/proplan\/resolucao-ufsm-n-155-2024","title":{"rendered":"RESOLU\u00c7\u00c3O UFSM N\u00b0 155\/2024"},"content":{"rendered":"\t\t<div data-elementor-type=\"wp-page\" data-elementor-id=\"5810\" class=\"elementor elementor-5810\">\n\t\t\t\t\t\t<section class=\"elementor-section elementor-top-section elementor-element elementor-element-fa23c2c elementor-section-boxed elementor-section-height-default elementor-section-height-default\" data-id=\"fa23c2c\" data-element_type=\"section\">\n\t\t\t\t\t\t<div class=\"elementor-container elementor-column-gap-default\">\n\t\t\t\t\t<div class=\"elementor-column elementor-col-100 elementor-top-column elementor-element elementor-element-3d3897e\" data-id=\"3d3897e\" data-element_type=\"column\">\n\t\t\t<div class=\"elementor-widget-wrap elementor-element-populated\">\n\t\t\t\t\t\t<div class=\"elementor-element elementor-element-9b450e5 elementor-widget elementor-widget-html\" data-id=\"9b450e5\" data-element_type=\"widget\" data-widget_type=\"html.default\">\n\t\t\t\t<div class=\"elementor-widget-container\">\n\t\t\t\r\n\r\n\r\n<title><b>RESOLU\u00c7\u00c3O UFSM N\u00b0 155, DE 28 DE MAR\u00c7O DE 2024<\/b><\/title>\r\n\r\n\r\n<div align=\"center\"><img decoding=\"async\" src=\"https:\/\/www.ufsm.br\/pro-reitorias\/proplan\/wp-content\/uploads\/sites\/344\/2019\/09\/brasao-da-republica-do-brasil-logo.png\" alt=\"Bras\u00e3o Rep\u00fablica Federativa do Brasil\" width=\"6%\" height=\"6%\"><\/div>    \r\n<h1><font color=\"blue\"><font size=\"5\"><div align=\"center\">MINIST\u00c9RIO DA EDUCA\u00c7\u00c3O<\/b><\/font><\/font><\/div><\/H1>\r\n<p><b><font color=\"0000blue\"><div align=\"center\">UNIVERSIDADE FEDERAL DE SANTA MARIA<\/b><\/font><\/div><\/p>\r\n\r\n<p><div align=\"center\"><b><a href=\"https:\/\/portal.ufsm.br\/documentos\/publico\/documento.html?id=15077198\" target=\"_blank\"><font color=\"blue\">RESOLU\u00c7\u00c3O UFSM N\u00b0 155, DE 28 DE MAR\u00c7O DE 2024<\/font><\/a><\/b><\/div><\/p>\r\n<br>\r\n\r\n\r\n<p style=\"margin-left: 9cm;text-align: justify;color: #800000\">Aprova o Regimento Interno do Centro de Ci\u00eancias Naturais e Exatas (CCNE) vinculado \u00e0 Universidade Federal de Santa Maria e altera a Resolu\u00e7\u00e3o UFSM n\u00b0 095\/2022.\r\n<\/p>\r\n\r\n\r\n\r\n<br><div align=\"justify\">\r\n<p>O REITOR DA UNIVERSIDADE FEDERAL DE SANTA MARIA, no uso de suas atribui\u00e7\u00f5es legais e estatut\u00e1rias e considerando:<\/p>\r\n\r\n<p>- o artigo 207, caput, da <a href=\"http:\/\/www.planalto.gov.br\/ccivil_03\/constituicao\/constituicao.htm\" target=\"_blank\"><font color=\"blue\"><u>Constitui\u00e7\u00e3o da Rep\u00fablica Federativa do Brasil de 1988, de 05 de outubro de 1988<\/u><\/font><\/a>;<\/p>\r\n\r\n<p>- a <a href=\"http:\/\/www.planalto.gov.br\/ccivil_03\/leis\/l8112cons.htm\" target=\"_blank\"><font color=\"blue\"><u>Lei n\u00b0 8.112, de 11 de dezembro de 1990<\/u><\/font><\/a>, que disp\u00f5e sobre o regime jur\u00eddico dos servidores p\u00fablicos civis da Uni\u00e3o, das autarquias e das funda\u00e7\u00f5es p\u00fablicas federais;<\/p>\r\n\r\n<p>- a <a href=\"http:\/\/www.planalto.gov.br\/ccivil_03\/leis\/l9394.htm\" target=\"_blank\"><font color=\"blue\"><u>Lei n\u00b0 9.394, de 20 de dezembro de 1996<\/u><\/font><\/a>, que estabelece as diretrizes e bases da educa\u00e7\u00e3o nacional e suas altera\u00e7\u00f5es;<\/p>\r\n\r\n<p>- a <a href=\"http:\/\/www.planalto.gov.br\/ccivil_03\/leis\/lcp\/lcp95.htm\" target=\"_blank\"><font color=\"blue\"><u>Lei Complementar n\u00b0 95, de 26 de fevereiro de 1998<\/u><\/font><\/a>, que disp\u00f5e sobre a elabora\u00e7\u00e3o, a reda\u00e7\u00e3o, a altera\u00e7\u00e3o e a consolida\u00e7\u00e3o das leis, conforme determina o Par\u00e1grafo \u00danico do Art. 59 da <a href=\"http:\/\/www.planalto.gov.br\/ccivil_03\/constituicao\/constituicao.htm\" target=\"_blank\"><font color=\"blue\"><u>Constitui\u00e7\u00e3o Federal<\/u><\/font><\/a>, e estabelece normas para a consolida\u00e7\u00e3o dos atos normativos que menciona;<\/p>\r\n\r\n<p>- o Art. 7\u00ba da <a href=\"http:\/\/www.planalto.gov.br\/ccivil_03\/_ato2011-2014\/2012\/lei\/l12677.htm\" target=\"_blank\"><font color=\"blue\"><u>Lei n\u00b0 12.677, de 25 de junho de 2012<\/u><\/font><\/a>, que disp\u00f5e sobre a cria\u00e7\u00e3o de cargos efetivos, cargos de dire\u00e7\u00e3o e fun\u00e7\u00f5es gratificadas no \u00e2mbito do Minist\u00e9rio da Educa\u00e7\u00e3o, destinados \u00e0s institui\u00e7\u00f5es federais de ensino; altera as <a href=\"http:\/\/www.planalto.gov.br\/ccivil_03\/leis\/l8168.htm\" target=\"_blank\"><font color=\"blue\"><u>Leis N. 8.168, de 16 de janeiro de 1991<\/u><\/font><\/a>, <a href=\"http:\/\/www.planalto.gov.br\/ccivil_03\/_ato2007-2010\/2008\/lei\/l11892.htm\" target=\"_blank\"><font color=\"blue\"><u>n\u00b0 11.892, de 29 de dezembro de 2008<\/u><\/font><\/a>, e <a href=\"http:\/\/www.planalto.gov.br\/ccivil_03\/_Ato2007-2010\/2007\/Lei\/l11526.htm\" target=\"_blank\"><font color=\"blue\"><u>n\u00b0 11.526, de 4 de outubro de 2007<\/u><\/font><\/a>; revoga as <a href=\"https:\/\/www.planalto.gov.br\/ccivil_03\/leis\/1950-1969\/l5490.htm\" target=\"_blank\"><font color=\"blue\"><u>Leis n\u00b0 5.490, de 3 de setembro de1968<\/u><\/font><\/a>, e <a href=\"http:\/\/www.planalto.gov.br\/ccivil_03\/leis\/1970-1979\/l5758.htm\" target=\"_blank\"><font color=\"blue\"><u>n\u00b0 5.758, de 3 de dezembro de 1971<\/u><\/font><\/a>, e os <a href=\"https:\/\/www.planalto.gov.br\/ccivil_03\/decreto-lei\/1965-1988\/del0245.htm\" target=\"_blank\"><font color=\"blue\"><u>Decretos-Leis n\u00b0 245, de 28 de fevereiro de 1967<\/u><\/font><\/a>, <a href=\"https:\/\/www.planalto.gov.br\/ccivil_03\/decreto-lei\/1965-1988\/Del0419.htm\" target=\"_blank\"><font color=\"blue\"><u>n\u00b0 419, de 10 de janeiro de 1969<\/u><\/font><\/a>, e <a href=\"http:\/\/www.planalto.gov.br\/ccivil_03\/decreto-lei\/1965-1988\/Del0530.htm\" target=\"_blank\"><font color=\"blue\"><u>n\u00b0 530, de 15 de abril de 1969<\/u><\/font><\/a>; e d\u00e1 outras provid\u00eancias;<\/p>\r\n\r\n<p>- a <a href=\"http:\/\/www.planalto.gov.br\/ccivil_03\/_ato2011-2014\/2012\/lei\/l12772.htm\" target=\"_blank\"><font color=\"blue\"><u>Lei n\u00b0 12.772, de 28 de dezembro de 2012<\/u><\/font><\/a>, que disp\u00f5e sobre a estrutura\u00e7\u00e3o do Plano de Carreiras e Cargos de Magist\u00e9rio Federal; sobre a Carreira do Magist\u00e9rio Superior, de que trata a <a href=\"https:\/\/www.planalto.gov.br\/ccivil_03\/leis\/l7596.htm\" target=\"_blank\"><font color=\"blue\"><u>Lei n\u00b0 7.596, de 10 de abril de 1987<\/u><\/font><\/a>; sobre o Plano de Carreira e Cargos de Magist\u00e9rio do Ensino B\u00e1sico, T\u00e9cnico e Tecnol\u00f3gico e sobre o Plano de Carreiras de Magist\u00e9rio do Ensino B\u00e1sico Federal, de que trata a <a href=\"http:\/\/www.planalto.gov.br\/ccivil_03\/_ato2007-2010\/2008\/lei\/l11784.htm\" target=\"_blank\"><font color=\"blue\"><u>Lei n\u00b0 11.784, de 22 de setembro de 2008<\/u><\/font><\/a>; sobre a contrata\u00e7\u00e3o de professores substitutos, visitantes e estrangeiros, de que trata a <a href=\"http:\/\/www.planalto.gov.br\/ccivil_03\/leis\/l8745compilada.htm\" target=\"_blank\"><font color=\"blue\"><u>Lei n\u00b0 8.745 de 9 de dezembro de 1993<\/u><\/font><\/a>; sobre a remunera\u00e7\u00e3o das Carreiras e Planos Especiais do Instituto Nacional de Estudos e Pesquisas Educacionais An\u00edsio Teixeira e do Fundo Nacional de Desenvolvimento da Educa\u00e7\u00e3o, de que trata a <a href=\"http:\/\/www.planalto.gov.br\/ccivil_03\/_ato2004-2006\/2006\/lei\/l11357.htm\" target=\"_blank\"><font color=\"blue\"><u>Lei n\u00b0 11.357, de 19 de outubro de 2006<\/u><\/font><\/a>; altera remunera\u00e7\u00e3o do Plano de Cargos T\u00e9cnico-Administrativos em Educa\u00e7\u00e3o; altera as <a href=\"https:\/\/www.planalto.gov.br\/ccivil_03\/leis\/l8745cons.htm\" target=\"_blank\"><font color=\"blue\"><u>Leis n\u00b0 8.745, de 9 de dezembro de 1993<\/u><\/font><\/a>, <a href=\"http:\/\/www.planalto.gov.br\/ccivil_03\/_ato2007-2010\/2008\/lei\/l11784.htm\" target=\"_blank\"><font color=\"blue\"><u>11.784, de 22 de setembro de 2008<\/u><\/font><\/a>, <a href=\"http:\/\/www.planalto.gov.br\/ccivil_03\/_ato2004-2006\/2005\/lei\/l11091.htm\" target=\"_blank\"><font color=\"blue\"><u>11.091, de 12 de janeiro de 2005<\/u><\/font><\/a>, <a href=\"http:\/\/www.planalto.gov.br\/ccivil_03\/_ato2007-2010\/2008\/lei\/l11892.htm\" target=\"_blank\"><font color=\"blue\"><u>11.892, de 29 de dezembro de 2008<\/u><\/font><\/a>, <a href=\"http:\/\/www.planalto.gov.br\/ccivil_03\/_ato2004-2006\/2006\/lei\/l11357.htm\" target=\"_blank\"><font color=\"blue\"><u>11.357, de 19 de outubro de 2006<\/u><\/font><\/a>, <a href=\"http:\/\/www.planalto.gov.br\/ccivil_03\/_ato2004-2006\/2006\/lei\/L11344.htm\" target=\"_blank\"><font color=\"blue\"><u>11.344, de 8 de setembro de 2006<\/u><\/font><\/a>, <a href=\"http:\/\/www.planalto.gov.br\/ccivil_03\/_ato2011-2014\/2012\/lei\/L12702.htm\" target=\"_blank\"><font color=\"blue\"><u>12.702, de 7 de agosto de 2012<\/u><\/font><\/a>, e <a href=\"https:\/\/www.planalto.gov.br\/ccivil_03\/leis\/l8168.htm\" target=\"_blank\"><font color=\"blue\"><u>8.168, de 16 de janeiro de 1991<\/u><\/font><\/a>; revoga o art. 4\u00ba da <a href=\"http:\/\/www.planalto.gov.br\/ccivil_03\/_ato2011-2014\/2012\/lei\/l12677.htm\" target=\"_blank\"><font color=\"blue\"><u>Lei n\u00b0  12.677, de 25 de junho de 2012<\/u><\/font><\/a>; e d\u00e1 outras provid\u00eancias;<\/p>\r\n\r\n<p>- o <a href=\"http:\/\/www.planalto.gov.br\/ccivil_03\/_ato2015-2018\/2017\/decreto\/D9191.htm\" target=\"_blank\"><font color=\"blue\"><u>Decreto n\u00b0 9.191, de 1\u00b0 de novembro de 2017<\/u><\/font><\/a>, que estabelece as normas e as diretrizes para elabora\u00e7\u00e3o, reda\u00e7\u00e3o, altera\u00e7\u00e3o, consolida\u00e7\u00e3o e encaminhamento de propostas de atos normativos ao Presidente da Rep\u00fablica pelos Ministros de Estado;<\/p>\r\n\r\n<p>- o <a href=\"https:\/\/pesquisa.in.gov.br\/imprensa\/jsp\/visualiza\/index.jsp?data=13\/03\/2019&amp;jornal=515&amp;pagina=4\" target=\"_blank\"><font color=\"blue\"><u>Decreto n\u00b0 9.725, de 12 de mar\u00e7o de 2019<\/u><\/font><\/a>, que extingue cargos em comiss\u00e3o e fun\u00e7\u00f5es de confian\u00e7a e limita a ocupa\u00e7\u00e3o, a concess\u00e3o ou a utiliza\u00e7\u00e3o de gratifica\u00e7\u00f5es;<\/p>\r\n\r\n<p>- o <a href=\"https:\/\/www.planalto.gov.br\/ccivil_03\/_ato2023-2026\/2023\/decreto\/D11371.htm#:~:text=DECRETO%20N\u00ba%2011.371%2C%20DE%201\u00ba,colegiados%20da%20administra\u00e7\u00e3o%20p\u00fablica%20federal.\" target=\"_blank\"><font color=\"blue\"><u>Decreto n\u00b0 11.371, de 1 de janeiro de 2023<\/u><\/font><\/a>, que revoga o Decreto n\u00ba 9.759, de 11 de abril de 2019,\r\nque extingue e estabelece diretrizes, regras e limita\u00e7\u00f5es para colegiados da administra\u00e7\u00e3o p\u00fablica federal;<\/p>\r\n\r\n<p>- o <a href=\"http:\/\/www.planalto.gov.br\/ccivil_03\/_ato2019-2022\/2019\/decreto\/D10139.htm\" target=\"_blank\"><font color=\"blue\"><u>Decreto n\u00b0 10.139, de 28 de novembro de 2019<\/u><\/font><\/a>, que disp\u00f5e sobre a revis\u00e3o e a consolida\u00e7\u00e3o de atos normativos inferiores a decreto;<\/p>\r\n\r\n<p>- a Nota N. 00085\/2021\/PROJUR\/PFUFSM\/PFG\/AGU, assunto p\u00f3s-gradua\u00e7\u00e3o e outros, relacionada ao processo n\u00b0 <a href=\"https:\/\/portal.ufsm.br\/documentos\/publico\/processo\/documento.html?idDocumento=12565168\" target=\"_blank\"><font color=\"blue\"><u>23081.033503\/2019-22<\/u><\/font><\/a>;<\/p>\r\n\r\n<p>- o <a href=\"https:\/\/www.ufsm.br\/pro-reitorias\/proplan\/estatuto-ufsm-2010\/\" target=\"_blank\"><font color=\"blue\"><u>Estatuto da Universidade Federal de Santa Maria<\/u><\/font><\/a> com as adequa\u00e7\u00f5es aprovadas pela <a href=\"https:\/\/www.ufsm.br\/pro-reitorias\/proplan\/resolucao-n-037-2010\/\" target=\"_blank\"><font color=\"blue\"><u>Resolu\u00e7\u00e3o UFSM n\u00b0 037, de 30 de novembro de 2010<\/u><\/font><\/a>, aprovado pela <a href=\"https:\/\/pesquisa.in.gov.br\/imprensa\/jsp\/visualiza\/index.jsp?data=13\/03\/2014&amp;jornal=1&amp;pagina=43&amp;totalArquivos=100\" target=\"_blank\"><font color=\"blue\"><u>Portaria n\u00b0 156, de 12 de mar\u00e7o de 2014<\/u><\/font><\/a>, e publicado no Di\u00e1rio Oficial da Uni\u00e3o em 13 de mar\u00e7o de 2014; <\/p>\r\n\r\n<p>- o <a href=\"https:\/\/www.ufsm.br\/pro-reitorias\/proplan\/regimento-geral-da-ufsm-2011\/\" target=\"_blank\"><font color=\"blue\"><u>Regimento da UFSM<\/u><\/font><\/a>, disposto na <a href=\"https:\/\/www.ufsm.br\/pro-reitorias\/proplan\/resolucao-n-006-2011\/\" target=\"_blank\"><font color=\"blue\"><u>Resolu\u00e7\u00e3o UFSM N. 006\/2011<\/u><\/font><\/a>, atualizado pela <a href=\"https:\/\/www.ufsm.br\/pro-reitorias\/proplan\/resolucao-n-016-2019\/\" target=\"_blank\"><font color=\"blue\"><u>Resolu\u00e7\u00e3o UFSM N. 016\/2019<\/u><\/font><\/a>;<\/p>\r\n\r\n<p>- os itens 31 ao 34, do Artigo 1\u00ba, da <a href=\"https:\/\/www.ufsm.br\/pro-reitorias\/proplan\/resolucao-n-015-2010\" target=\"_blank\"><font color=\"blue\"><u>Resolu\u00e7\u00e3o UFSM n\u00b0 015, de 09 de junho de 2010<\/u><\/font><\/a>, que cria Coordena\u00e7\u00f5es de Cursos e Chefias de Departamentos Did\u00e1ticos como Unidades Organizacionais da UFSM;<\/p>\r\n\r\n<p>- a <a href=\"https:\/\/www.ufsm.br\/pro-reitorias\/proplan\/resolucao-n-015-2014\/\" target=\"_blank\"><font color=\"blue\"><u>Resolu\u00e7\u00e3o UFSM n\u00b0 015, de 07 de julho de 2014<\/u><\/font><\/a>, que aprova o <a href=\"https:\/\/www.ufsm.br\/pro-reitorias\/proplan\/regimento-geral-da-pos-graduacao-stricto-sensu-e-lato-sensu-da-ufsm\/\" target=\"_blank\"><font color=\"blue\"><u>Regimento Geral da P\u00f3s-Gradua\u00e7\u00e3o Stricto Sensu e Lato Sensu da Universidade Federal de Santa Maria<\/u><\/font><\/a>; <\/p>\r\n\r\n<p>- a <a href=\"https:\/\/www.ufsm.br\/pro-reitorias\/proplan\/resolucao-n-026-2017\" target=\"_blank\"><font color=\"blue\"><u>Resolu\u00e7\u00e3o UFSM n\u00b0 026, de 19 de dezembro de 2019<\/u><\/font><\/a>, que aprova a Pol\u00edtica de Extens\u00e3o da Universidade\r\nFederal de Santa Maria;<\/p>\r\n\r\n<p>- <a href=\"https:\/\/www.ufsm.br\/pro-reitorias\/proplan\/resolucao-ufsm-n-043-2021\" target=\"_blank\"><font color=\"blue\"><u>Resolu\u00e7\u00e3o UFSM n\u00b0 043, de 17 de fevereiro de 2021<\/u><\/font><\/a> que prova a Pol\u00edtica Cultural de Extens\u00e3o da Universidade Federal de Santa Maria (UFSM);<\/p>\r\n\r\n<p>- a <a href=\"https:\/\/www.ufsm.br\/pro-reitorias\/proplan\/resolucao-n-029-2020\/\" target=\"_blank\"><font color=\"blue\"><u>Resolu\u00e7\u00e3o UFSM n\u00b0 029, de 05 de novembro de 2020<\/u><\/font><\/a>, que aprova a consolida\u00e7\u00e3o dos Cursos de Gradua\u00e7\u00e3o (Licenciatura e Bacharelado), com situa\u00e7\u00e3o \u201cem atividade\u201d, em cada Unidade de Ensino, da Universidade Federal de Santa Maria (UFSM), em decorr\u00eancia do disposto no <a href=\"http:\/\/www.planalto.gov.br\/ccivil_03\/_ato2019-2022\/2019\/decreto\/D10139.htm\" target=\"_blank\"><font color=\"blue\"><u>Decreto n\u00b0 10.139, de 28 de novembro de 2019<\/u><\/font><\/a>;<\/p>\r\n\r\n<p>- a <a href=\"https:\/\/www.ufsm.br\/pro-reitorias\/proplan?page_id=4725\" target=\"_blank\"><font color=\"blue\"><u>Resolu\u00e7\u00e3o UFSM n\u00b0 067, de 29 de dezembro de 2021<\/u><\/font><\/a>, que aprova a regulamenta\u00e7\u00e3o da Comiss\u00e3o r\u00f3pria de Avalia\u00e7\u00e3o, das Comiss\u00f5es Setoriais de Avalia\u00e7\u00e3o e dos processos relacionados a avalia\u00e7\u00e3o interna da institui\u00e7\u00e3o no \u00e2mbito da Universidade Federal de Santa Maria (UFSM);<\/p>\r\n\r\n<p>- a <a href=\"https:\/\/www.ufsm.br\/pro-reitorias\/proplan\/resolucao-n-072-2021\" target=\"_blank\"><font color=\"blue\"><u>Resolu\u00e7\u00e3o UFSM n\u00b0 072, de 20 de dezembro de 20212<\/u><\/font><\/a>, que estabelece as Diretrizes e Normas\r\nInstitucionais para os Cursos de P\u00f3s-Gradua\u00e7\u00e3o Lato Sensu denominados Curso de Especializa\u00e7\u00e3o e d\u00e1 outras provid\u00eancias, e altera\u00e7\u00f5es;<\/p>\r\n\r\n\r\n<p>- a <a href=\"https:\/\/www.ufsm.br\/pro-reitorias\/proplan\/resolucao-ufsm-n-076-2022\" target=\"_blank\"><font color=\"blue\"><u>Resolu\u00e7\u00e3o UFSM n\u00b0 076, de 31 de janeiro de 2022<\/u><\/font><\/a>, que consolida os Cursos de P\u00f3s-Gradua\u00e7\u00e3o (Especializa\u00e7\u00e3o, Mestrado e Doutorado), com situa\u00e7\u00e3o \u201cem atividade\u201d, em cada Unidade de Ensino, da Universidade Federal de Santa Maria (UFSM), em decorr\u00eancia do disposto no Decreto n\u00b0 10.139, de 28 de\r\nnovembro de 2019;<\/p>\r\n\r\n<p>- a <a href=\"https:\/\/www.ufsm.br\/pro-reitorias\/proplan\/resolucao-ufsm-n-095-2022\" target=\"_blank\"><font color=\"blue\"><u>Resolu\u00e7\u00e3o UFSM n\u00b0 095, de 18 de maio de 2022<\/u><\/font><\/a>, , que aprova a revis\u00e3o e consolida\u00e7\u00e3o da estrutura\r\norganizacional do Centro de Ci\u00eancias Naturais e Exatas (CCNE) vinculado \u00e0 Universidade Federal de Santa Maria (UFSM), suas compet\u00eancias e atribui\u00e7\u00f5es; e,<\/p>\r\n\r\nolu\u00e7\u00e3o UFSM N. 076, de 31 de janeiro de 2022<\/u><\/font><\/a>, que consolida os Cursos de P\u00f3s-Gradua\u00e7\u00e3o (Especializa\u00e7\u00e3o, Mestrado e Doutorado), com situa\u00e7\u00e3o \u201cem atividade\u201d, em cada Unidade de Ensino, da Universidade Federal de Santa Maria (UFSM), em decorr\u00eancia do disposto no <a href=\"http:\/\/www.planalto.gov.br\/ccivil_03\/_ato2019-2022\/2019\/decreto\/D10139.htm\" target=\"_blank\"><font color=\"blue\"><u>Decreto n\u00b0 10.139, de 28 de novembro de 2019<\/u><\/font><\/a>; e,<\/p>\r\n\r\n<p>- o Parecer n\u00b0 N. 127\/2023 da Comiss\u00e3o de Legisla\u00e7\u00e3o e Regimentos (CLR), aprovado na 869\u00aa Sess\u00e3o do Conselho Universit\u00e1rio (CONSU), de 22 de mar\u00e7o de 2024, referente ao Processo N. <a href=\"https:\/\/portal.ufsm.br\/documentos\/publico\/processo\/documento.html?idDocumento=14486717\" target=\"_blank\"><font color=\"blue\"><u>23081.137665\/2022-\r\n34<\/u><\/font><\/a>.<\/p>\r\n\r\n<br>\r\n<p><div align=\"center\">RESOLVE:<\/div><\/p>\r\n<br>\r\n\r\n<p>Art. 1\u00ba Aprovar o Regimento Interno do Centro de Ci\u00eancias Naturais e Exatas (CCNE) vinculado \u00e0 Universidade Federal de Santa Maria e alterar a Resolu\u00e7\u00e3o UFSM n\u00b0 095\/2022.<\/p>\r\n\r\n<p>Par\u00e1grafo \u00fanico. O Regimento Interno do Centro de Ci\u00eancias Naturais e Exatas (CCNE) se constitui como anexo desta Resolu\u00e7\u00e3o.<\/p>\r\n\r\n<p>Art. 2\u00ba A <a href=\"https:\/\/www.ufsm.br\/pro-reitorias\/proplan\/resolucao-ufsm-n-095-2022\" target=\"_blank\"><font color=\"blue\"><u>Resolu\u00e7\u00e3o UFSM n\u00b0 095, de 18 de maio de 2022<\/u><\/font><\/a>, passa a vigorar com as seguintes altera\u00e7\u00f5es:<\/p>\r\n\r\n<p>I \u2013 incluir o inciso XXX ao artigo 12 com a seguinte reda\u00e7\u00e3o:<\/p>\r\n\r\n<BR><p style=\"margin-left: 2.5cm\">\u201c(...)<\/p>\r\n<p style=\"margin-left: 2.5cm\">XXX \u2013 Comiss\u00e3o de Ensino do CCNE (ComEnsino\/CCNE).\u201d<\/p>\r\n<br>\r\n<p>II\u2013 incluir o artigo 32-A com a seguinte reda\u00e7\u00e3o:<\/p>\r\n<br>\r\n<p style=\"margin-left: 2.5cm\">\u201c(...)<\/p>\r\n<p style=\"margin-left: 2.5cm\">Art. 32-A. A Comiss\u00e3o de Ensino do CCNE (ComEnsino\/CCNE), como \u00d3rg\u00e3o Colegiado, \u00e9 vinculada \u00e0 Subdivis\u00e3o de Projetos (SPROJ\/CCNE).\u201d<\/p>\r\n<br>\r\n<p>III \u2013 O t\u00edtulo da Se\u00e7\u00e3o II do Cap\u00edtulo V passa a vigorar com a seguinte reda\u00e7\u00e3o:<\/p>\r\n<br>\r\n<p style=\"margin-left: 2.5cm\">\u201cSe\u00e7\u00e3o II <\/p>\r\n<p style=\"margin-left: 2.5cm\">Da Comiss\u00e3o de Ensino (ComEnsino\/CCNE), da Comiss\u00e3o de PESQUISA\r\n(ComPesq\/CCNE) e da Comiss\u00e3o de Extens\u00e3o (ComEX\/CCNE)\u201d <\/p>\r\n<br>\r\n<p>IV \u2013 o artigo 98 passa a vigorar com a seguinte reda\u00e7\u00e3o:<\/p>\r\n<br>\r\n<p style=\"margin-left: 2.5cm\">\u201c(...)<\/p>\r\n<p style=\"margin-left: 2.5cm\">Art. 98. \u00c0 Comiss\u00e3o de Ensino (ComEnsino\/CCNE), \u00e0 Comiss\u00e3o de Pesquisa (ComPesq\/CCNE) e \u00e0 Comiss\u00e3o de Extens\u00e3o (ComEX\/CCNE) compete estimular, orientar, avaliar, aprovar, acompanhar e divulgar a execu\u00e7\u00e3o dos projetos de ensino, pesquisa e extens\u00e3o no \u00e2mbito do CCNE, al\u00e9m de atuar em quest\u00f5es pol\u00edticas, acad\u00eamicas, did\u00e1tico-pedag\u00f3gicas e administrativas relacionadas ao ensino, \u00e0 pesquisa e \u00e0 extens\u00e3o. <\/p>\r\n<p style=\"margin-left: 2.5cm\">(...)\u201d (NR)<\/p>\r\n<br>\r\n\r\n<p>V \u2013 incluir o artigo 98-A com a seguinte reda\u00e7\u00e3o: <\/p>\r\n<br>\r\n<p style=\"margin-left: 2.5cm\">\u201cArt. 98-A. A Comiss\u00e3o de Ensino (ComEnsino\/CCNE) ter\u00e1, no m\u00e1ximo, 1 (um) membro de cada curso de gradua\u00e7\u00e3o ou p\u00f3s-gradua\u00e7\u00e3o, com n\u00famero igual de membros de cada n\u00edvel de ensino, indicados pelos respectivos colegiados de curso, com mandato de 2 (dois) anos, prorrog\u00e1vel 1 (uma) vez por igual per\u00edodo, sendo presidente o conselheiro escolhido por seus pares.\u201d<\/p>\r\n<br>\r\n<p>VI - o artigo 101 passa a vigorar com a seguinte reda\u00e7\u00e3o:<\/p>\r\n<br>\r\n<p style=\"margin-left: 2.5cm\">\u201c(...)A Comiss\u00e3o de Ensino, a Comiss\u00e3o de Pesquisa e a Comiss\u00e3o de Extens\u00e3o em suas reuni\u00f5es funcionar\u00e3o com a presen\u00e7a m\u00ednima da maioria absoluta dos seus membros, considerando-se esse o n\u00famero legal para a delibera\u00e7\u00e3o e vota\u00e7\u00e3o.<\/p>\r\n<p style=\"margin-left: 2.5cm\">(...)\u201d (NR)<\/p>\r\n<br>\r\n<p>VII - o artigo 102 passa a vigorar com a seguinte reda\u00e7\u00e3o:<\/p>\r\n<br>\r\n<p style=\"margin-left: 2.5cm\">(...)<\/p>\r\n<p style=\"margin-left: 2.5cm\">A Comiss\u00e3o de Ensino, a Comiss\u00e3o de Pesquisa e a Comiss\u00e3o de Extens\u00e3o reunirse-\u00e3o ordinariamente trimestralmente, ou extraordinariamente, sempre que\r\nconvocada pelo presidente.(...)\u201d (NR)<\/p>\r\n<br>\r\n<p>Art. 2\u00ba Esta resolu\u00e7\u00e3o entra em vigor em 02 de maio de 2024, de acordo com o que prev\u00ea o Artigo 4\u00ba do <a href=\"https:\/\/www.planalto.gov.br\/ccivil_03\/_ato2019-2022\/2019\/decreto\/d10139.htm\"><font color=\"blue\"><u>Decreto n\u00b0 10.139, de 28 de novembro de 2019<\/u><\/font><\/a>, e revoga a <a href=\"https:\/\/www.ufsm.br\/pro-reitorias\/proplan\/resolucao-n-026-2017\" target=\"_blank\"><font color=\"blue\"><u>Resolu\u00e7\u00e3o UFSM n\u00b0 026, de 19 de dezembro de 2017<\/u><\/font><\/a>, que aprova o Regimento Interno do Centro de Ci\u00eancias Naturais e Exatas da Universidade Federal de Santa Maria e seu anexo<\/p>\r\n<p>Par\u00e1grafo \u00fanico. Havendo qualquer modifica\u00e7\u00e3o legislativa, ou ainda, havendo qualquer situa\u00e7\u00e3o legal\r\n\r\n\r\n<\/div>\r\n<br>\r\n<p>Luciano Schuch<\/p>\r\n<p>Reitor<\/p>\r\n<p><font color=\"red0000\">Este texto n\u00e3o substitui o documento original, dispon\u00edvel em:<a href=\"https:\/\/portal.ufsm.br\/documentos\/publico\/documento.html?id=15077198\"><font color=\"blue\">https:\/\/portal.ufsm.br\/documentos\/publico\/documento.html?id=14939322<\/font><\/a>\r\n\r\n\t\t<\/div>\n\t\t\t\t<\/div>\n\t\t\t\t\t<\/div>\n\t\t<\/div>\n\t\t\t\t\t<\/div>\n\t\t<\/section>\n\t\t\t\t<\/div>\n\t\t","protected":false},"excerpt":{"rendered":"<p>RESOLU\u00c7\u00c3O UFSM N\u00b0 155, DE 28 DE MAR\u00c7O DE 2024 MINIST\u00c9RIO DA EDUCA\u00c7\u00c3O UNIVERSIDADE FEDERAL DE SANTA MARIA RESOLU\u00c7\u00c3O UFSM N\u00b0 155, DE 28 DE MAR\u00c7O DE 2024 Aprova o Regimento Interno do Centro de Ci\u00eancias Naturais e Exatas (CCNE) vinculado \u00e0 Universidade Federal de Santa Maria e altera a Resolu\u00e7\u00e3o UFSM n\u00b0 095\/2022. O [&hellip;]<\/p>\n","protected":false},"author":4883,"featured_media":0,"parent":0,"menu_order":0,"comment_status":"closed","ping_status":"closed","template":"","meta":{"footnotes":""},"categories":[],"tags":[],"class_list":["post-5810","page","type-page","status-publish","hentry"],"acf":[],"_links":{"self":[{"href":"https:\/\/www.ufsm.br\/pro-reitorias\/proplan\/wp-json\/wp\/v2\/pages\/5810","targetHints":{"allow":["GET"]}}],"collection":[{"href":"https:\/\/www.ufsm.br\/pro-reitorias\/proplan\/wp-json\/wp\/v2\/pages"}],"about":[{"href":"https:\/\/www.ufsm.br\/pro-reitorias\/proplan\/wp-json\/wp\/v2\/types\/page"}],"author":[{"embeddable":true,"href":"https:\/\/www.ufsm.br\/pro-reitorias\/proplan\/wp-json\/wp\/v2\/users\/4883"}],"replies":[{"embeddable":true,"href":"https:\/\/www.ufsm.br\/pro-reitorias\/proplan\/wp-json\/wp\/v2\/comments?post=5810"}],"version-history":[{"count":0,"href":"https:\/\/www.ufsm.br\/pro-reitorias\/proplan\/wp-json\/wp\/v2\/pages\/5810\/revisions"}],"wp:attachment":[{"href":"https:\/\/www.ufsm.br\/pro-reitorias\/proplan\/wp-json\/wp\/v2\/media?parent=5810"}],"wp:term":[{"taxonomy":"category","embeddable":true,"href":"https:\/\/www.ufsm.br\/pro-reitorias\/proplan\/wp-json\/wp\/v2\/categories?post=5810"},{"taxonomy":"post_tag","embeddable":true,"href":"https:\/\/www.ufsm.br\/pro-reitorias\/proplan\/wp-json\/wp\/v2\/tags?post=5810"}],"curies":[{"name":"wp","href":"https:\/\/api.w.org\/{rel}","templated":true}]}}