{"id":5819,"date":"2024-06-06T16:03:46","date_gmt":"2024-06-06T19:03:46","guid":{"rendered":"https:\/\/www.ufsm.br\/pro-reitorias\/proplan\/?page_id=5819"},"modified":"2025-08-19T15:04:51","modified_gmt":"2025-08-19T18:04:51","slug":"resolucao-ufsm-158-2024","status":"publish","type":"page","link":"https:\/\/www.ufsm.br\/pro-reitorias\/proplan\/resolucao-ufsm-158-2024","title":{"rendered":"RESOLU\u00c7\u00c3O UFSM N\u00b0 158\/2024"},"content":{"rendered":"\t\t<div data-elementor-type=\"wp-page\" data-elementor-id=\"5819\" class=\"elementor elementor-5819\">\n\t\t\t\t\t\t<section class=\"elementor-section elementor-top-section elementor-element elementor-element-de9dab7 elementor-section-boxed elementor-section-height-default elementor-section-height-default\" data-id=\"de9dab7\" data-element_type=\"section\">\n\t\t\t\t\t\t<div class=\"elementor-container elementor-column-gap-default\">\n\t\t\t\t\t<div class=\"elementor-column elementor-col-100 elementor-top-column elementor-element elementor-element-b49d20c\" data-id=\"b49d20c\" data-element_type=\"column\">\n\t\t\t<div class=\"elementor-widget-wrap elementor-element-populated\">\n\t\t\t\t\t\t<div class=\"elementor-element elementor-element-1dd937d elementor-widget elementor-widget-html\" data-id=\"1dd937d\" data-element_type=\"widget\" data-widget_type=\"html.default\">\n\t\t\t\t<div class=\"elementor-widget-container\">\n\t\t\t\r\n\r\n\r\n<title><b>RESOLU\u00c7\u00c3O UFSM N.158, DE 28 DE MAIO DE 2024<\/b><\/title>\r\n\r\n\r\n<div align=\"center\"><img decoding=\"async\" src=\"https:\/\/www.ufsm.br\/pro-reitorias\/proplan\/wp-content\/uploads\/sites\/344\/2019\/09\/brasao-da-republica-do-brasil-logo.png\" alt=\"Bras\u00e3o Rep\u00fablica Federativa do Brasil\" width=\"6%\" height=\"6%\"><\/div>    \r\n<h1><font color=\"blue\"><font size=\"5\"><div align=\"center\">MINIST\u00c9RIO DA EDUCA\u00c7\u00c3O<\/b><\/font><\/font><\/div><\/H1>\r\n<p><b><font color=\"0000blue\"><div align=\"center\">UNIVERSIDADE FEDERAL DE SANTA MARIA<\/b><\/font><\/div><\/p>\r\n\r\n<p><div align=\"center\"><b><a href=\"https:\/\/portal.ufsm.br\/documentos\/publico\/documento.html?id=15077912\" target=\"_blank\"><font color=\"blue\">RESOLU\u00c7\u00c3O UFSM N\u00b0 158, DE 28 DE MAIO DE 2024\r\n<\/font><\/a><\/b><\/div><\/p>\r\n\r\n<p style=\"margin-left: 9cm;text-align: justify;color: #800000\">Altera o Artigo 18, Inciso II, al\u00ednea \u201ca\u201d do T\u00edtulo III das Resolu\u00e7\u00f5es UFSM N. 031\/202 e N. 032\/2020.\r\n<\/p>\r\n\r\n\r\n<br><div align=\"justify\">\r\n<p>O REITOR DA UNIVERSIDADE FEDERAL DE SANTA MARIA, no uso de suas atribui\u00e7\u00f5es legais e estatut\u00e1rias e considerando:<\/p>\r\n\r\n<p>- a <a href=\"https:\/\/www.planalto.gov.br\/ccivil_03\/leis\/l9784.htm\" target=\"_blank\"><font color=\"blue\"><u>Constitui\u00e7\u00e3o da Rep\u00fablica Federativa do Brasil de 1988<\/u><\/font><\/a>, de 05 de outubro de 1988;<\/p>\r\n\r\n<p>- o art. 1\u00ba, \u00a7 5\u00ba <a href=\"https:\/\/www.planalto.gov.br\/ccivil_03\/Leis\/l8216.htm\" target=\"_blank\"><font color=\"blue\"><u> Lei n\u00b0 8.168, de 16 de janeiro de 1991<\/u><\/font><\/a>, que estabelece as diretrizes e bases da educa\u00e7\u00e3o nacional e suas altera\u00e7\u00f5es;<\/p>\r\n\r\n<p>- a <a href=\"http:\/\/www.planalto.gov.br\/ccivil_03\/leis\/l8112cons.htm\" target=\"_blank\"><font color=\"blue\"><u>Lei n\u00b0 9.784, de 29 janeiro de 1999<\/u><\/font><\/a>,que disp\u00f5e sobre as fun\u00e7\u00f5es de confian\u00e7a a que se refere a Lei n\u00b0 7.596, de 10 de abril de 1987, e d\u00e1 outras provid\u00eancia;\r\n;<\/p>\r\n\r\n<p>- o disposto no art. 12 <a href=\"https:\/\/www.planalto.gov.br\/ccivil_03\/_ato2011-2014\/2012\/lei\/l12772.htm\" target=\"_blank\"><font color=\"blue\"><u>da Lei n\u00b0 12.772, de 28 de dezembro de 2012<\/u><\/font><\/a>, que disp\u00f5e sobre a estrutura\u00e7\u00e3o do Plano de Carreiras e Cargos de Magist\u00e9rio Federal; sobre a Carreira do Magist\u00e9rio Superior, de que trata a Lei n\u00b0 7.596, de 10 de abril de 1987; sobre o Plano de Carreira e Cargos de Magist\u00e9rio do Ensino B\u00e1sico, T\u00e9cnico e Tecnol\u00f3gico e sobre o Plano de Carreiras de Magist\u00e9rio do Ensino B\u00e1sico Federal, de que trata a Lei n\u00b0 11.784, de 22 de setembro de 2008; sobre a contrata\u00e7\u00e3o de professores substitutos, visitantes e estrangeiros, de que trata a Lei n\u00b0 8.745 de 9 de dezembro de 1993; sobre a remunera\u00e7\u00e3o das Carreiras e Planos Especiais do Instituto Nacional de Estudos e Pesquisas Educacionais An\u00edsio Teixeira e do Fundo Nacional de Desenvolvimento da Educa\u00e7\u00e3o, de que trata a Lei n\u00b0 11.357, de 19 de outubro de 2006; altera remunera\u00e7\u00e3o do Plano de Cargos T\u00e9cnico-Administrativos em Educa\u00e7\u00e3o; altera as Leis n\u00b0 8.745, de 9 de dezembro de 1993, 11.784, de 22 de setembro de 2008, n\u00b0 11.091, de 12 de janeiro de 2005, N. 11.892, de 29 de dezembro de 2008, n\u00b0  11.357, de 19 de outubro de 2006, n\u00b0  11.344, de 8 de setembro de 2006, n\u00b0  12.702, de 7 de agosto de 2012, e n\u00b0 8.168, de 16 de janeiro de 1991; revoga o Art. 4\u00ba da Lei n\u00b0  12.677, de 25 de junho de 2012; e d\u00e1 outras provid\u00eancias;, alterada pela  Lei n\u00b0 12.863, de 24 de setembro de 2013;;<\/p>\r\n\r\n<p>- a <a href=\"https:\/\/www.planalto.gov.br\/ccivil_03\/_Ato2015-2018\/2016\/Lei\/L13325.htm\" target=\"_blank\"><font color=\"blue\"><u>Lei n\u00b0 13.325, de 29 de julho de 2016<\/u><\/font><\/a>,  que altera a remunera\u00e7\u00e3o, as regras de promo\u00e7\u00e3o, as regras de incorpora\u00e7\u00e3o de gratifica\u00e7\u00e3o de desempenho a aposentadorias e pens\u00f5es de servidores p\u00fablicos da \u00e1rea da educa\u00e7\u00e3o, e d\u00e1 outras provid\u00eancias;<\/p>\r\n\r\n<p>- a <a><font color=\"blue\"><u>Portaria Normativa n\u00b0 554<\/u><\/font><\/a>, de 20 de junho de 2013; <\/p>\r\n\r\n<p>- o <a href=\"https:\/\/www.planalto.gov.br\/ccivil_03\/_ato2015-2018\/2017\/decreto\/d9191.htm#:~:text=DECRETO%20N\u00ba%209.191%2C%20DE%201\u00ba%20DE%20NOVEMBRO%20DE%202017&amp;text=Estabelece%20as%20normas%20e%20as,Rep\u00fablica%20pelos%20Ministros%20de%20Estado.\" target=\"_blank\"><font color=\"blue\"><u>Decreto n\u00b0 9.191, de 1\u00b0 de novembro de 2017,<\/u><\/font><\/a>, que estabelece as normas e as diretrizes para elabora\u00e7\u00e3o, reda\u00e7\u00e3o, altera\u00e7\u00e3o, consolida\u00e7\u00e3o e encaminhamento de propostas de atos normativos ao Presidente da Rep\u00fablica pelos Ministros de Estado;<\/p>\r\n\r\n<p>- a <a href=\" SEM LINK \" target=\"_blank\"><font color=\"blue\"><u>Portaria Normativa n\u00b0 982<\/u><\/font><\/a>, do Minist\u00e9rio de Educa\u00e7\u00e3o, de 03 de outubro de 2013, , que estabelece as diretrizes gerais para o processo de avalia\u00e7\u00e3o de desempenho para fins de progress\u00e3o e de promo\u00e7\u00e3o de servidores pertencentes ao Plano de Carreiras e Cargos de Magist\u00e9rio Federal das Institui\u00e7\u00f5es Federais de Ensino vinculadas ao Minist\u00e9rio da Educa\u00e7\u00e3o, de que trata o cap\u00edtulo III da Lei n\u00b0 12.772, de 28 de dezembro de 2013, alterada pela Portaria Normativa n\u00b0 010, do Minist\u00e9rio de Educa\u00e7\u00e3o, de 28 de mar\u00e7o de 2014;<\/p>\r\n\r\n<p>- a <a href=\"http:\/\/cad.capes.gov.br\/ato-administrativo-detalhar?idAtoAdmElastic=6896\" target=\"_blank\"><font color=\"blue\"><u>Portaria n\u00b0 145, de 10 de dezembro de 2021<\/u><\/font><\/a>, da Funda\u00e7\u00e3o Coordena\u00e7\u00e3o de Aperfei\u00e7oamento de Pessoal de N\u00edvel Superior do Minist\u00e9rio da Educa\u00e7\u00e3o, que consolida as disposi\u00e7\u00f5es sobre o Qualis Peri\u00f3dicos, seus objetivos e finalidade;<\/p>\r\n\r\n<p> - o novo Novo Qualis CAPES (2017-2020), a Avalia\u00e7\u00e3o Quadrienal 2017 \u2013 2020 que considera o novo Qualis, dispon\u00edvel em https:\/\/periodicos.pf.gov.br\/index.php\/RBCP\/novoqualis <a href=\"https:\/\/periodicos.pf.gov.br\/index.php\/RBCP\/novoqualis\" target=\"_blank\"><font color=\"blue\"><\/u><\/font><\/a>\r\n\r\n<p>- o <a href=\"https:\/\/www.ufsm.br\/pro-reitorias\/proplan\/estatuto-ufsm-2010\/\" target=\"_blank\"><font color=\"blue\"><u>Estatuto da Universidade Federal de Santa Maria<\/u><\/font><\/a> com as adequa\u00e7\u00f5es aprovadas pela <a href=\"https:\/\/www.ufsm.br\/pro-reitorias\/proplan\/resolucao-n-037-2010\/\" target=\"_blank\"><font color=\"blue\"><u>Resolu\u00e7\u00e3o UFSM n\u00b0 037, de 30 de novembro de 2010<\/u><\/font><\/a>, aprovado pela <a href=\"https:\/\/pesquisa.in.gov.br\/imprensa\/jsp\/visualiza\/index.jsp?data=13\/03\/2014&amp;jornal=1&amp;pagina=43&amp;totalArquivos=100\" target=\"_blank\"><font color=\"blue\"><u>Portaria n\u00b0 156, de 12 de mar\u00e7o de 2014<\/u><\/font><\/a>, e publicado no Di\u00e1rio Oficial da Uni\u00e3o em 13 de mar\u00e7o de 2014; <\/p>\r\n\r\n<p>- o <a href=\"https:\/\/www.ufsm.br\/pro-reitorias\/proplan\/regimento-geral-da-ufsm-2011\/\" target=\"_blank\"><font color=\"blue\"><u>Regimento da UFSM<\/u><\/font><\/a>, disposto na <a href=\"https:\/\/www.ufsm.br\/pro-reitorias\/proplan\/resolucao-n-006-2011\/\" target=\"_blank\"><font color=\"blue\"><u>Resolu\u00e7\u00e3o UFSM N. 006\/2011<\/u><\/font><\/a>, atualizado pela <a href=\"https:\/\/www.ufsm.br\/pro-reitorias\/proplan\/resolucao-n-016-2019\/\" target=\"_blank\"><font color=\"blue\"><u>Resolu\u00e7\u00e3o UFSM N. 016\/2019<\/u><\/font><\/a>;<\/p>\r\n\r\n\r\n<p>- a <a href=\"https:\/\/www.ufsm.br\/pro-reitorias\/proplan\/resolucao-n-018-2019\" target=\"_blank\"><font color=\"blue\"><u>Resolu\u00e7\u00e3o n\u00b0 018, de 02 de setembro de 2019<\/u><\/font><\/a>, que disp\u00f5e sobre as atividades do Magist\u00e9rio Federal da Universidade Federal de Santa Maria e revoga a Resolu\u00e7\u00e3o n\u00b0 007\/2018;<\/p>\r\n\r\n<p>- a <a href=\"https:\/\/www.ufsm.br\/pro-reitorias\/proplan\/resolucao-n-031-2020\" target=\"_blank\"><font color=\"blue\"><u>Resolu\u00e7\u00e3o UFSM n\u00b0 032, de 09 de novembro de 2020<\/u><\/font><\/a>, que disp\u00f5e sobre o estabelecimento\/aplica\u00e7\u00e3o de crit\u00e9rios para a promo\u00e7\u00e3o \u00e0 Classe D, e a progress\u00e3o entre n\u00edveis na classe D, Professor Associado, de docentes da carreira do magist\u00e9rio superior do Quadro Permanente da Universidade Federal de Santa Maria (UFSM);\r\n;<\/p>\r\n\r\n<p>- a <a href=\"https:\/\/www.ufsm.br\/pro-reitorias\/proplan\/resolucao-n-032-2020#:~:text=Disp\u00f5e%20sobre%20o%20estabelecimento%2Faplica\u00e7\u00e3o,de%20Santa%20Maria%20(UFSM).\" target=\"_blank\"><font color=\"blue\"><u>Resolu\u00e7\u00e3o UFSM n\u00b0 031, de 09 de novembro de 2020<\/u><\/font><\/a>, que disp\u00f5e sobre o estabelecimento\/aplica\u00e7\u00e3o de crit\u00e9rios para avalia\u00e7\u00e3o de docentes da carreira do Magist\u00e9rio Superior com vistas \u00e0 promo\u00e7\u00e3o para Classe E, Professor Titular, N\u00edvel \u00danico, do Quadro Permanente da Universidade Federal de Santa Maria (UFSM);<\/p>\r\n\r\n<p>- a <a href=\"Resolu\u00e7\u00e3o UFSM n\u00b0 054, de 1\u00ba de junho de 2021,\" target=\"_blank\"><font color=\"blue\"><u>Resolu\u00e7\u00e3o UFSM n\u00b0 054, de 1\u00ba de junho de 2021,<\/u><\/font><\/a>, que regulamenta a proposi\u00e7\u00e3o e a emiss\u00e3o de Atos Normativos no \u00e2mbito da Universidade Federal de Santa Maria; e,\r\n;<\/p>\r\n\r\n\r\n<p>- o Parecer N. 017\/2024 da Comiss\u00e3o de Legisla\u00e7\u00e3o e Regimentos (CLR), aprovado na 871\u00aa Sess\u00e3o do Conselho Universit\u00e1rio (CONSU), de 26 de abril de 2024, referente ao Processo N.\u00b0 <a href=\"https:\/\/portal.ufsm.br\/documentos\/publico\/processo\/documento.html?idDocumento=14975640\" target=\"_blank\"><font color=\"blue\"><u>23081.013470\/2024-61<\/u><\/font><\/a>;<\/p>\r\n\r\n\r\n\r\n\r\n<br>\r\n<p><div align=\"center\">RESOLVE:<\/div><\/p>\r\n<br>\r\n\r\n<p>Art. 1\u00b0 Alterar o Artigo 18, Inciso II, al\u00ednea \u201ca\u201d do T\u00edtulo III das <a href=\"https:\/\/www.ufsm.br\/pro-reitorias\/proplan\/resolucao-n-031-2020\" target=\"_blank\"><font color=\"blue\"><u>Resolu\u00e7\u00f5es UFSM N. 031\/202<\/u><\/font><\/a> e <a href=\"https:\/\/www.ufsm.br\/pro-reitorias\/proplan\/resolucao-n-032-2020\" target=\"_blank\"><font color=\"blue\"><u> e N. 032\/2020<\/u><\/font><\/a>. \r\n<p>Art. 2\u00b0 O Artigo 18, Inciso II, al\u00ednea \u201ca\u201d do T\u00edtulo III da <a href=\"https:\/\/www.ufsm.br\/pro-reitorias\/proplan\/resolucao-n-031-2020\" target=\"_blank\"><font color=\"blue\"><u>Resolu\u00e7\u00e3o UFSM N. 031\/2020<\/u><\/font><\/a>, passa a vigorar com a seguinte reda\u00e7\u00e3o:\r\n<br>\r\n<br>\r\n<p style=\"margin-left: 2.5cm\">\u201c(...)\r\n<p style=\"margin-left: 2.5cm\">a) Artigos Cient\u00edficos\r\n<p style=\"margin-left: 2.5cm\">1. Qualis A1 - 25 (vinte e cinco) pontos\/artigo;\r\n<p style=\"margin-left: 2.5cm\">2. Qualis A2 - 21 (vinte e um) pontos\/artigo;\r\n<p style=\"margin-left: 2.5cm\">3. Qualis A3 ou A4 - 17 (dezessete) pontos\/artigo;\r\n<p style=\"margin-left: 2.5cm\">4. Qualis B1 ou B2 - 12 (doze) pontos\/artigo;\r\n<p style=\"margin-left: 2.5cm\">5. Qualis B3 ou B4 - 7 (sete) pontos\/artigo;\r\n<p style=\"margin-left: 2.5cm\">6. Qualis C - 1 (um) ponto\/artigo.\r\n<p style=\"margin-left: 2.5cm\">(...)\u201d (NR)<\/ul>\r\n<\/p>\r\n<br>\r\n\r\n<p>Art. 3\u00b0 O Artigo 18, Inciso II, al\u00ednea \u201ca\u201d do T\u00edtulo III da <a href=\"https:\/\/www.ufsm.br\/pro-reitorias\/proplan\/resolucao-n-032-2020\" target=\"_blank\"><font color=\"blue\"><u> N. 032\/2020<\/u><\/font><\/a>, passa a vigorar com a seguinte reda\u00e7\u00e3o:\r\n<br>\r\n<br>\r\n<p style=\"margin-left: 2.5cm\">\u201c(...)\r\n<p style=\"margin-left: 2.5cm\">a) Artigos Cient\u00edficos\r\n<p style=\"margin-left: 2.5cm\">1. Qualis A1 - 25 (vinte e cinco) pontos\/artigo;\r\n<p style=\"margin-left: 2.5cm\">2. Qualis A2 - 21 (vinte e um) pontos\/artigo;\r\n<p style=\"margin-left: 2.5cm\">3.Qualis A3 ou A4 - 17 (dezessete) pontos\/artigo;\r\n<p style=\"margin-left: 2.5cm\">4. Qualis B1 ou B2 - 12 (doze) pontos\/artigo;\r\n<p style=\"margin-left: 2.5cm\">5. Qualis B3 ou B4 - 7 (sete) pontos\/artigo;\r\n<p style=\"margin-left: 2.5cm\">6. Qualis C - 1 (um) ponto\/artigo.\r\n<p style=\"margin-left: 2.5cm\">(...)\u201d (NR)\r\n<\/ul>\r\n<\/p>\r\n<br>\r\n<p>Art. 4\u00b0 Esta Resolu\u00e7\u00e3o entra em vigor em 29 de maio de 2024, por se tratar de urg\u00eancia solicitada no expediente administrativo, de acordo com o que prev\u00ea o Artigo 4\u00ba do <a href=\"https:\/\/www.planalto.gov.br\/ccivil_03\/_ato2019-2022\/2019\/decreto\/d10139.htm\" target=\"_blank\"><font color=\"blue\"><u>Decreto n\u00b0 10.139, de 28 de novembro de 2019<\/u><\/font><\/a>.\r\n<p>\u00a7 1\u00b0 A classifica\u00e7\u00e3o do Sistema Qualis da CAPES ser\u00e1 a vigente na data de abertura do processo.\r\n<p>\u00a7 2\u00b0 Havendo qualquer modifica\u00e7\u00e3o legislativa, ou ainda, advindo qualquer situa\u00e7\u00e3o legal que impacte na legalidade da presente Resolu\u00e7\u00e3o, a mesma se aplica de imediato.\r\n<\/p>\r\n\r\n\r\n\r\n<\/div>\r\n<p>Luciano Schuch<\/p>\r\n<p>Reitor<\/p>\r\n<p><font color=\"red0000\">Este texto n\u00e3o substitui o documento original, publicado no Portal de Documentos.<\/font> Dispon\u00edvel em:<a href=\"https:\/\/portal.ufsm.br\/documentos\/publico\/documento.html?id=15077912\"><font color=\"blue\">https:\/\/portal.ufsm.br\/documentos\/publico\/documento.html?id=15077912<\/font><\/a>\r\n\r\n\t\t<\/div>\n\t\t\t\t<\/div>\n\t\t\t\t\t<\/div>\n\t\t<\/div>\n\t\t\t\t\t<\/div>\n\t\t<\/section>\n\t\t\t\t<\/div>\n\t\t","protected":false},"excerpt":{"rendered":"<p>RESOLU\u00c7\u00c3O UFSM N.158, DE 28 DE MAIO DE 2024 MINIST\u00c9RIO DA EDUCA\u00c7\u00c3O UNIVERSIDADE FEDERAL DE SANTA MARIA RESOLU\u00c7\u00c3O UFSM N\u00b0 158, DE 28 DE MAIO DE 2024 Altera o Artigo 18, Inciso II, al\u00ednea \u201ca\u201d do T\u00edtulo III das Resolu\u00e7\u00f5es UFSM N. 031\/202 e N. 032\/2020. O REITOR DA UNIVERSIDADE FEDERAL DE SANTA MARIA, no [&hellip;]<\/p>\n","protected":false},"author":4883,"featured_media":0,"parent":0,"menu_order":0,"comment_status":"closed","ping_status":"closed","template":"","meta":{"footnotes":""},"categories":[],"tags":[297,295],"class_list":["post-5819","page","type-page","status-publish","hentry","tag-297","tag-resolucao"],"acf":[],"_links":{"self":[{"href":"https:\/\/www.ufsm.br\/pro-reitorias\/proplan\/wp-json\/wp\/v2\/pages\/5819","targetHints":{"allow":["GET"]}}],"collection":[{"href":"https:\/\/www.ufsm.br\/pro-reitorias\/proplan\/wp-json\/wp\/v2\/pages"}],"about":[{"href":"https:\/\/www.ufsm.br\/pro-reitorias\/proplan\/wp-json\/wp\/v2\/types\/page"}],"author":[{"embeddable":true,"href":"https:\/\/www.ufsm.br\/pro-reitorias\/proplan\/wp-json\/wp\/v2\/users\/4883"}],"replies":[{"embeddable":true,"href":"https:\/\/www.ufsm.br\/pro-reitorias\/proplan\/wp-json\/wp\/v2\/comments?post=5819"}],"version-history":[{"count":0,"href":"https:\/\/www.ufsm.br\/pro-reitorias\/proplan\/wp-json\/wp\/v2\/pages\/5819\/revisions"}],"wp:attachment":[{"href":"https:\/\/www.ufsm.br\/pro-reitorias\/proplan\/wp-json\/wp\/v2\/media?parent=5819"}],"wp:term":[{"taxonomy":"category","embeddable":true,"href":"https:\/\/www.ufsm.br\/pro-reitorias\/proplan\/wp-json\/wp\/v2\/categories?post=5819"},{"taxonomy":"post_tag","embeddable":true,"href":"https:\/\/www.ufsm.br\/pro-reitorias\/proplan\/wp-json\/wp\/v2\/tags?post=5819"}],"curies":[{"name":"wp","href":"https:\/\/api.w.org\/{rel}","templated":true}]}}