{"id":5922,"date":"2024-08-08T15:57:10","date_gmt":"2024-08-08T18:57:10","guid":{"rendered":"https:\/\/www.ufsm.br\/pro-reitorias\/proplan\/?page_id=5922"},"modified":"2024-08-13T08:56:39","modified_gmt":"2024-08-13T11:56:39","slug":"emissao-de-atos","status":"publish","type":"page","link":"https:\/\/www.ufsm.br\/pro-reitorias\/proplan\/emissao-de-atos","title":{"rendered":"Emiss\u00e3o de Atos Normativos"},"content":{"rendered":"\t\t<div data-elementor-type=\"wp-page\" data-elementor-id=\"5922\" class=\"elementor elementor-5922\">\n\t\t\t\t\t\t<section class=\"elementor-section elementor-top-section elementor-element elementor-element-0f8fcfb elementor-section-boxed elementor-section-height-default elementor-section-height-default\" data-id=\"0f8fcfb\" data-element_type=\"section\">\n\t\t\t\t\t\t<div class=\"elementor-container elementor-column-gap-default\">\n\t\t\t\t\t<div class=\"elementor-column elementor-col-100 elementor-top-column elementor-element elementor-element-2aac849\" data-id=\"2aac849\" data-element_type=\"column\">\n\t\t\t<div class=\"elementor-widget-wrap elementor-element-populated\">\n\t\t\t\t\t\t<div class=\"elementor-element elementor-element-dff712a elementor-widget elementor-widget-text-editor\" data-id=\"dff712a\" data-element_type=\"widget\" data-widget_type=\"text-editor.default\">\n\t\t\t\t<div class=\"elementor-widget-container\">\n\t\t\t\t\t\t\t<table style=\"width: 158.479%\" width=\"927\"><tbody><tr><td style=\"text-align: center;width: 99.026%\" colspan=\"5\" width=\"927\"><p><span style=\"font-size: 18pt\"><strong>ATOS NORMATIVOS<\/strong><\/span><\/p><\/td><\/tr><tr><td style=\"text-align: center;width: 26.1905%\">UNIDADES<\/td><td style=\"text-align: center;width: 14.6023%\">RESOLU\u00c7\u00d5ES<\/td><td style=\"text-align: center;width: 13.0984%\" width=\"94\">PORTARIAS NORMATIVAS<\/td><td style=\"text-align: center;width: 12.6641%\" width=\"94\">INSTRU\u00c7\u00d5ES NORMATIVAS<\/td><td style=\"text-align: center;width: 32.4707%\" width=\"287\">FUNDAMENTO LEGAL<\/td><\/tr><tr><td style=\"text-align: center;width: 26.1905%\">CONSU<\/td><td style=\"text-align: center;width: 14.6023%;background-color: #52c246\"><strong>Sim<\/strong><\/td><td style=\"text-align: center;width: 13.0984%\">N\u00e3o<\/td><td style=\"text-align: center;width: 12.6641%\">N\u00e3o<\/td><td style=\"text-align: center;width: 32.4707%\" width=\"287\">Artigo 13 do Estatuto da UFSM e no Artigo 6\u00ba do Regimento Geral da UFSM<\/td><\/tr><tr><td style=\"text-align: center;width: 26.1905%\">CEPE<\/td><td style=\"text-align: center;width: 14.6023%;background-color: #52c246\"><strong>Sim<\/strong><\/td><td style=\"text-align: center;width: 13.0984%\">N\u00e3o<\/td><td style=\"text-align: center;width: 12.6641%\">N\u00e3o<\/td><td style=\"text-align: center;width: 32.4707%\">Artigo 18 do Estatuto da UFSM<\/td><\/tr><tr><td style=\"text-align: center;width: 26.1905%\">CONCUR<\/td><td style=\"width: 14.6023%;background-color: #52c246;text-align: center\"><strong>Sim<\/strong><\/td><td style=\"text-align: center;width: 13.0984%\">N\u00e3o<\/td><td style=\"text-align: center;width: 12.6641%\">N\u00e3o<\/td><td style=\"text-align: center;width: 32.4707%\">Artigo 21 do Estatuto da UFSM<\/td><\/tr><tr><td style=\"text-align: center;width: 26.1905%\">UFSM (Reitor)<\/td><td style=\"text-align: center;width: 14.6023%\">N\u00e3o<\/td><td style=\"text-align: center;width: 13.0984%;background-color: #52c246\">Sim<\/td><td style=\"text-align: center;width: 12.6641%;background-color: #52c246\"><strong>Sim<\/strong><\/td><td style=\"text-align: center;width: 32.4707%\">Artigo 30 do Estatuto da UFSM<\/td><\/tr><tr><td style=\"text-align: center;width: 26.1905%\">PROGRAD (Pr\u00f3-reitor (a))<\/td><td style=\"text-align: center;width: 14.6023%\">N\u00e3o<\/td><td style=\"text-align: center;width: 13.0984%;background-color: #52c246\"><strong>Sim<\/strong><\/td><td style=\"text-align: center;width: 12.6641%;background-color: #52c246\"><strong>Sim<\/strong><\/td><td style=\"text-align: center;width: 32.4707%\">Inciso XVII, Art. 64\u00a0 da Resolu\u00e7\u00e3o N. 041\/2021<\/td><\/tr><tr><td style=\"text-align: center;width: 26.1905%\">PRPGP (Pr\u00f3-reitor (a))<\/td><td style=\"text-align: center;width: 14.6023%\">N\u00e3o<\/td><td style=\"text-align: center;width: 13.0984%;background-color: #52c246\"><strong>Sim<\/strong><\/td><td style=\"text-align: center;width: 12.6641%;background-color: #52c246\"><strong>Sim<\/strong><\/td><td style=\"text-align: center;width: 32.4707%\">Item &#8220;m&#8221;, Art. 1\u00ba da Resolu\u00e7\u00e3o N. 013\/1983<\/td><\/tr><tr><td style=\"text-align: center;width: 26.1905%\">PRE (Pr\u00f3-reitor (a))<\/td><td style=\"text-align: center;width: 14.6023%\">N\u00e3o<\/td><td style=\"text-align: center;width: 13.0984%;background-color: #ffffff\"><strong>Sim<\/strong><\/td><td style=\"text-align: center;width: 12.6641%;background-color: #ffffff\"><strong>Sim<\/strong><\/td><td style=\"text-align: center;width: 32.4707%;background-color: #ffffff\">\u00a0<\/td><\/tr><tr><td style=\"text-align: center;width: 26.1905%\">PRAE (Pr\u00f3-reitor (a))<\/td><td style=\"text-align: center;width: 14.6023%\">N\u00e3o<\/td><td style=\"text-align: center;width: 13.0984%;background-color: #52c246\"><strong>Sim<\/strong><\/td><td style=\"text-align: center;width: 12.6641%;background-color: #52c246\"><strong>Sim<\/strong><\/td><td style=\"text-align: center;width: 32.4707%\">Item &#8220;g&#8221;, Art. 1\u00ba da Resolu\u00e7\u00e3o N. 059\/1979<\/td><\/tr><tr><td style=\"text-align: center;width: 26.1905%\">PROGEP (Pr\u00f3-reitor (a))<\/td><td style=\"text-align: center;width: 14.6023%;background-color: #ffffff;border-color: #000000\">N\u00e3o<\/td><td style=\"text-align: center;width: 13.0984%;background-color: #ffffff;border-color: #000000\">N\u00e3o<\/td><td style=\"text-align: center;width: 12.6641%;background-color: #ffffff;border-color: #000000\">N\u00e3o<\/td><td style=\"text-align: center;width: 32.4707%;background-color: #ffffff;border-color: #000000\">\u00a0<\/td><\/tr><tr><td style=\"text-align: center;width: 26.1905%\">PROINFRA (Pr\u00f3-reitor (a))<\/td><td style=\"text-align: center;width: 14.6023%;background-color: #ffffff\">N\u00e3o<\/td><td style=\"text-align: center;width: 13.0984%;background-color: #ffffff\">N\u00e3o<\/td><td style=\"text-align: center;width: 12.6641%;background-color: #ffffff\">N\u00e3o<\/td><td style=\"text-align: center;width: 32.4707%;background-color: #ffffff\">\u00a0<\/td><\/tr><tr><td style=\"text-align: center;width: 26.1905%\">PROPLAN (Pr\u00f3-reitor (a))<\/td><td style=\"text-align: center;width: 14.6023%\">N\u00e3o<\/td><td style=\"text-align: center;width: 13.0984%;background-color: #52c246\"><strong>Sim<\/strong><\/td><td style=\"text-align: center;width: 12.6641%;background-color: #52c246\"><strong>Sim<\/strong><\/td><td style=\"text-align: center;width: 32.4707%\">Item &#8220;d&#8221;, Art. 1\u00ba da Resolu\u00e7\u00e3o N. 058\/1979<\/td><\/tr><tr><td style=\"text-align: center;width: 26.1905%\">PRA (Pr\u00f3-reitor (a))<\/td><td style=\"text-align: center;width: 14.6023%\">N\u00e3o<\/td><td style=\"text-align: center;width: 13.0984%;background-color: #52c246\"><strong>Sim<\/strong><\/td><td style=\"text-align: center;width: 12.6641%;background-color: #52c246\"><strong>Sim<\/strong><\/td><td style=\"text-align: center;width: 32.4707%\">Item &#8220;g&#8221;, Art. 1\u00ba da Resolu\u00e7\u00e3o N. 013\/1983<\/td><\/tr><tr><td style=\"text-align: center;width: 26.1905%\">CCNE (Diretor (a))<\/td><td style=\"text-align: center;width: 14.6023%\">N\u00e3o<\/td><td style=\"text-align: center;width: 13.0984%;background-color: #52c246\"><strong>Sim<\/strong><\/td><td style=\"text-align: center;width: 12.6641%;background-color: #52c246\"><strong>Sim<\/strong><\/td><td style=\"text-align: center;width: 32.4707%\">XI, Art. 73 do Regimento Geral<\/td><\/tr><tr><td style=\"text-align: center;width: 26.1905%\">CCR\u00a0 (Diretor (a))<\/td><td style=\"text-align: center;width: 14.6023%\">N\u00e3o<\/td><td style=\"text-align: center;width: 13.0984%;background-color: #52c246\"><strong>Sim<\/strong><\/td><td style=\"text-align: center;width: 12.6641%;background-color: #52c246\"><strong>Sim<\/strong><\/td><td style=\"text-align: center;width: 32.4707%\">XI, Art. 73 do Regimento Geral<\/td><\/tr><tr><td style=\"text-align: center;width: 26.1905%\">CCS\u00a0 (Diretor (a))<\/td><td style=\"text-align: center;width: 14.6023%\">N\u00e3o<\/td><td style=\"text-align: center;width: 13.0984%;background-color: #52c246\"><strong>Sim<\/strong><\/td><td style=\"text-align: center;width: 12.6641%;background-color: #52c246\"><strong>Sim<\/strong><\/td><td style=\"text-align: center;width: 32.4707%\">XI, Art. 73 do Regimento Geral<\/td><\/tr><tr><td style=\"text-align: center;width: 26.1905%\">CE\u00a0 (Diretor (a))<\/td><td style=\"text-align: center;width: 14.6023%\">N\u00e3o<\/td><td style=\"text-align: center;width: 13.0984%;background-color: #52c246\"><strong>Sim<\/strong><\/td><td style=\"text-align: center;width: 12.6641%;background-color: #52c246\"><strong>Sim<\/strong><\/td><td style=\"text-align: center;width: 32.4707%\">XI, Art. 73 do Regimento Geral<\/td><\/tr><tr><td style=\"text-align: center;width: 26.1905%\">CCSH\u00a0 (Diretor (a))<\/td><td style=\"text-align: center;width: 14.6023%\">N\u00e3o<\/td><td style=\"text-align: center;width: 13.0984%;background-color: #52c246\"><strong>Sim<\/strong><\/td><td style=\"text-align: center;width: 12.6641%;background-color: #52c246\"><strong>Sim<\/strong><\/td><td style=\"text-align: center;width: 32.4707%\">XI, Art. 73 do Regimento Geral<\/td><\/tr><tr><td style=\"text-align: center;width: 26.1905%\">CT\u00a0 (Diretor (a))<\/td><td style=\"text-align: center;width: 14.6023%\">N\u00e3o<\/td><td style=\"text-align: center;width: 13.0984%;background-color: #52c246\"><strong>Sim<\/strong><\/td><td style=\"text-align: center;width: 12.6641%;background-color: #52c246\"><strong>Sim<\/strong><\/td><td style=\"text-align: center;width: 32.4707%\">XI, Art. 73 do Regimento Geral<\/td><\/tr><tr><td style=\"text-align: center;width: 26.1905%\">CAL\u00a0 (Diretor (a))<\/td><td style=\"text-align: center;width: 14.6023%\">N\u00e3o<\/td><td style=\"text-align: center;width: 13.0984%;background-color: #52c246\"><strong>Sim<\/strong><\/td><td style=\"text-align: center;width: 12.6641%;background-color: #52c246\"><strong>Sim<\/strong><\/td><td style=\"text-align: center;width: 32.4707%\">XI, Art. 73 do Regimento Geral<\/td><\/tr><tr><td style=\"text-align: center;width: 26.1905%\">CEFD\u00a0 (Diretor (a))<\/td><td style=\"text-align: center;width: 14.6023%\">N\u00e3o<\/td><td style=\"text-align: center;width: 13.0984%;background-color: #52c246\"><strong>Sim<\/strong><\/td><td style=\"text-align: center;width: 12.6641%;background-color: #52c246\"><strong>Sim<\/strong><\/td><td style=\"text-align: center;width: 32.4707%\">XI, Art. 73 do Regimento Geral<\/td><\/tr><tr><td style=\"text-align: center;width: 26.1905%\">CTISM\u00a0 (Diretor (a))<\/td><td style=\"text-align: center;width: 14.6023%\">N\u00e3o<\/td><td style=\"text-align: center;width: 13.0984%;background-color: #52c246\"><strong>Sim<\/strong><\/td><td style=\"text-align: center;width: 12.6641%;background-color: #52c246\"><strong>Sim<\/strong><\/td><td style=\"text-align: center;width: 32.4707%\">XXII, Art. 66 do Regimento Geral<\/td><\/tr><tr><td style=\"text-align: center;width: 26.1905%\">POLI\u00a0 (Diretor (a))<\/td><td style=\"text-align: center;width: 14.6023%\">N\u00e3o<\/td><td style=\"text-align: center;width: 13.0984%;background-color: #52c246\"><strong>Sim<\/strong><\/td><td style=\"text-align: center;width: 12.6641%;background-color: #52c246\"><strong>Sim<\/strong><\/td><td style=\"text-align: center;width: 32.4707%\">XXII, Art. 66 do Regimento Geral<\/td><\/tr><tr><td style=\"text-align: center;width: 26.1905%\">UEIIA<\/td><td style=\"text-align: center;width: 14.6023%\">N\u00e3o<\/td><td style=\"text-align: center;width: 13.0984%;background-color: #52c246\"><strong>Sim<\/strong><\/td><td style=\"text-align: center;width: 12.6641%;background-color: #52c246\"><strong>Sim<\/strong><\/td><td style=\"text-align: center;width: 32.4707%\">XXII, Art. 66 do Regimento Geral<\/td><\/tr><tr><td style=\"text-align: center;width: 26.1905%\">Campus da UFSM em Cachoeira do Sul\u00a0 (Diretor (a))<\/td><td style=\"text-align: center;width: 14.6023%\">N\u00e3o<\/td><td style=\"text-align: center;width: 13.0984%;background-color: #52c246\"><strong>Sim<\/strong><\/td><td style=\"text-align: center;width: 12.6641%;background-color: #52c246\"><strong>Sim<\/strong><\/td><td style=\"text-align: center;width: 32.4707%\">XI, Art. 73 do Regimento Geral<\/td><\/tr><tr><td style=\"text-align: center;width: 26.1905%\">Campus da UFSM em Palmeira da Miss\u00f5es\u00a0 (Diretor (a))<\/td><td style=\"text-align: center;width: 14.6023%\">N\u00e3o<\/td><td style=\"text-align: center;width: 13.0984%;background-color: #52c246\"><strong>Sim<\/strong><\/td><td style=\"text-align: center;width: 12.6641%;background-color: #52c246\"><strong>Sim<\/strong><\/td><td style=\"text-align: center;width: 32.4707%\">XI, Art. 73 do Regimento Geral<\/td><\/tr><tr><td style=\"text-align: center;width: 26.1905%\">Campus da UFSM em Frederico Westphalen\u00a0 (Diretor (a))<\/td><td style=\"text-align: center;width: 14.6023%\">N\u00e3o<\/td><td style=\"text-align: center;width: 13.0984%;background-color: #52c246\"><strong>Sim<\/strong><\/td><td style=\"text-align: center;width: 12.6641%;background-color: #52c246\"><strong>Sim<\/strong><\/td><td style=\"text-align: center;width: 32.4707%\">XI, Art. 73 do Regimento Geral<\/td><\/tr><tr><td style=\"text-align: center;width: 26.1905%\">Conselhos das Unidade de Ensino \/ Conselhos Diretores<\/td><td style=\"text-align: center;width: 14.6023%\">N\u00e3o<\/td><td style=\"text-align: center;width: 13.0984%\">N\u00e3o<\/td><td style=\"text-align: center;width: 12.6641%\">N\u00e3o<\/td><td style=\"text-align: center;width: 32.4707%\">\u00a0<\/td><\/tr><tr><td style=\"text-align: center;width: 26.1905%\">Colegiados Departamentais<\/td><td style=\"text-align: center;width: 14.6023%\">N\u00e3o<\/td><td style=\"text-align: center;width: 13.0984%\">N\u00e3o<\/td><td style=\"text-align: center;width: 12.6641%\">N\u00e3o<\/td><td style=\"text-align: center;width: 32.4707%\">\u00a0<\/td><\/tr><tr><td style=\"text-align: center;width: 26.1905%\">Colegiados de Cursos (Gradua\u00e7\u00e3o \/ P\u00f3s-Gradua\u00e7\u00e3o)<\/td><td style=\"text-align: center;width: 14.6023%\">N\u00e3o<\/td><td style=\"text-align: center;width: 13.0984%\">N\u00e3o<\/td><td style=\"text-align: center;width: 12.6641%\">N\u00e3o<\/td><td style=\"text-align: center;width: 32.4707%\">\u00a0<\/td><\/tr><tr><td style=\"text-align: center;width: 26.1905%\">Departamentos Did\u00e1ticos \/Chefes<\/td><td style=\"text-align: center;width: 14.6023%\">N\u00e3o<\/td><td style=\"text-align: center;width: 13.0984%\">N\u00e3o<\/td><td style=\"text-align: center;width: 12.6641%\">N\u00e3o<\/td><td style=\"text-align: center;width: 32.4707%\">\u00a0<\/td><\/tr><\/tbody><\/table>\t\t\t\t\t\t<\/div>\n\t\t\t\t<\/div>\n\t\t\t\t\t<\/div>\n\t\t<\/div>\n\t\t\t\t\t<\/div>\n\t\t<\/section>\n\t\t\t\t<\/div>\n\t\t","protected":false},"excerpt":{"rendered":"<p>ATOS NORMATIVOS UNIDADES RESOLU\u00c7\u00d5ES PORTARIAS NORMATIVAS INSTRU\u00c7\u00d5ES NORMATIVAS FUNDAMENTO LEGAL CONSU Sim N\u00e3o N\u00e3o Artigo 13 do Estatuto da UFSM e no Artigo 6\u00ba do Regimento Geral da UFSM CEPE Sim N\u00e3o N\u00e3o Artigo 18 do Estatuto da UFSM CONCUR Sim N\u00e3o N\u00e3o Artigo 21 do Estatuto da UFSM UFSM (Reitor) N\u00e3o Sim Sim Artigo [&hellip;]<\/p>\n","protected":false},"author":6742,"featured_media":0,"parent":0,"menu_order":0,"comment_status":"closed","ping_status":"closed","template":"","meta":{"footnotes":""},"categories":[],"tags":[],"class_list":["post-5922","page","type-page","status-publish","hentry"],"acf":[],"_links":{"self":[{"href":"https:\/\/www.ufsm.br\/pro-reitorias\/proplan\/wp-json\/wp\/v2\/pages\/5922","targetHints":{"allow":["GET"]}}],"collection":[{"href":"https:\/\/www.ufsm.br\/pro-reitorias\/proplan\/wp-json\/wp\/v2\/pages"}],"about":[{"href":"https:\/\/www.ufsm.br\/pro-reitorias\/proplan\/wp-json\/wp\/v2\/types\/page"}],"author":[{"embeddable":true,"href":"https:\/\/www.ufsm.br\/pro-reitorias\/proplan\/wp-json\/wp\/v2\/users\/6742"}],"replies":[{"embeddable":true,"href":"https:\/\/www.ufsm.br\/pro-reitorias\/proplan\/wp-json\/wp\/v2\/comments?post=5922"}],"version-history":[{"count":0,"href":"https:\/\/www.ufsm.br\/pro-reitorias\/proplan\/wp-json\/wp\/v2\/pages\/5922\/revisions"}],"wp:attachment":[{"href":"https:\/\/www.ufsm.br\/pro-reitorias\/proplan\/wp-json\/wp\/v2\/media?parent=5922"}],"wp:term":[{"taxonomy":"category","embeddable":true,"href":"https:\/\/www.ufsm.br\/pro-reitorias\/proplan\/wp-json\/wp\/v2\/categories?post=5922"},{"taxonomy":"post_tag","embeddable":true,"href":"https:\/\/www.ufsm.br\/pro-reitorias\/proplan\/wp-json\/wp\/v2\/tags?post=5922"}],"curies":[{"name":"wp","href":"https:\/\/api.w.org\/{rel}","templated":true}]}}