{"id":6038,"date":"2024-08-26T09:12:25","date_gmt":"2024-08-26T12:12:25","guid":{"rendered":"https:\/\/www.ufsm.br\/pro-reitorias\/proplan\/?page_id=6038"},"modified":"2025-08-18T14:27:09","modified_gmt":"2025-08-18T17:27:09","slug":"resolucao-ufsm-n-171-2024","status":"publish","type":"page","link":"https:\/\/www.ufsm.br\/pro-reitorias\/proplan\/resolucao-ufsm-n-171-2024","title":{"rendered":"RESOLU\u00c7\u00c3O UFSM N\u00b0 171\/2024"},"content":{"rendered":"\t\t<div data-elementor-type=\"wp-page\" data-elementor-id=\"6038\" class=\"elementor elementor-6038\">\n\t\t\t\t\t\t<section class=\"elementor-section elementor-top-section elementor-element elementor-element-5e91a6e elementor-section-boxed elementor-section-height-default elementor-section-height-default\" data-id=\"5e91a6e\" data-element_type=\"section\">\n\t\t\t\t\t\t<div class=\"elementor-container elementor-column-gap-default\">\n\t\t\t\t\t<div class=\"elementor-column elementor-col-100 elementor-top-column elementor-element elementor-element-8aaef6c\" data-id=\"8aaef6c\" data-element_type=\"column\">\n\t\t\t<div class=\"elementor-widget-wrap elementor-element-populated\">\n\t\t\t\t\t\t<div class=\"elementor-element elementor-element-6a3bf0f elementor-widget elementor-widget-html\" data-id=\"6a3bf0f\" data-element_type=\"widget\" data-widget_type=\"html.default\">\n\t\t\t\t<div class=\"elementor-widget-container\">\n\t\t\t\r\n\r\n\r\n<title><b>RESOLU\u00c7\u00c3O UFSM N. 171, DE 16 DE AGOSTO DE 2024<\/b><\/title>\r\n\r\n\r\n<div align=\"center\"><img decoding=\"async\" src=\"https:\/\/www.ufsm.br\/pro-reitorias\/proplan\/wp-content\/uploads\/sites\/344\/2019\/09\/brasao-da-republica-do-brasil-logo.png\" alt=\"Bras\u00e3o Rep\u00fablica Federativa do Brasil\" width=\"6%\" height=\"6%\"><\/div>\r\n\r\n<h1><font color=\"blue\"><font size=\"5\"><div align=\"center\">MINIST\u00c9RIO DA EDUCA\u00c7\u00c3O<\/div><\/font><\/font><\/H1>\r\n<p><b><font color=\"0000blue\"><div align=\"center\">UNIVERSIDADE FEDERAL DE SANTA MARIA<\/b><\/div><\/font><\/p>\r\n<p><div align=\"center\"><b><a href=\"https:\/\/portal.ufsm.br\/documentos\/publico\/documento.html?id=15159875\" target=\"_blank\"><font color=\"blue\">RESOLU\u00c7\u00c3O UFSM N\u00b0 171, DE 16 DE AGOSTO DE 2024<\/font><\/a><\/b><\/div><\/p>\r\n<br>\r\n\r\n\r\n<p style=\"margin-left: 9cm;text-align: justify;color: #800000\">Altera o art. 2\u00b0 e par\u00e1grafo 4\u00b0 do art. 6\u00b0, da Resolu\u00e7\u00e3o n\u00b0 112, de 14 de dezembro de 2022, que regulamenta o Concurso P\u00fablico para ingresso no Quadro do Magist\u00e9rio Superior da Universidade Federal de Santa Maria (UFSM), de acordo com a legisla\u00e7\u00e3o vigente.\r\n<\/p>\r\n\r\n\r\n<br><div align=\"justify\"><font color=\"black\">\r\n    Alterada pela <a href=\"https:\/\/www.ufsm.br\/pro-reitorias\/proplan\/resolucao-ufsm-n-199-2025\" target=\"_blank\"><font color=\"blue\"><u>Resolu\u00e7\u00e3o UFSM N\u00b0 199\/2025<\/u><\/font><\/a><\/p>\r\n<br>\r\n<p>\r\n  O REITOR DA UNIVERSIDADE FEDERAL DE SANTA MARIA, no uso de suas atribui\u00e7\u00f5es legais que lhe confere o art. 30 do \r\n  <a href=\"https:\/\/www.ufsm.br\/pro-reitorias\/proplan\/estatuto-ufsm-2010\" target=\"_blank\"><font color=\"blue\"><u>Estatuto da Universidade Federal de Santa Maria<\/u><\/font><\/a> \r\n  com as adequa\u00e7\u00f5es aprovadas pela \r\n  <a href=\"https:\/\/www.ufsm.br\/pro-reitorias\/proplan\/resolucao-n-037-2010\" target=\"_blank\"><font color=\"blue\"><u>Resolu\u00e7\u00e3o UFSM n\u00b0 037, \r\n  de 30 de novembro de 2010<\/u><\/font><\/a>, aprovado pela \r\n  <a href=\"https:\/\/www.ufsm.br\/app\/uploads\/2018\/08\/Estatuto-da-UFSM.pdf\" target=\"_blank\"><font color=\"blue\"><u>Portaria n\u00b0 156, de 12 de mar\u00e7o de 2014<\/u><\/font><\/a>, e publicado no Di\u00e1rio Oficial da Uni\u00e3o em 13 de mar\u00e7o de 2014, tendo em vista o que consta na\r\n  <a href=\"https:\/\/www.planalto.gov.br\/CCIVIL_03\/\/\/\/\/_Ato2011-2014\/2012\/Lei\/L12772.htm\" target=\"_blank\"><font color=\"blue\"><u>Lei n\u00b0 12.772\/2012, de 28 de dezembro de 2012<\/u><\/font><\/a>, que disp\u00f5e sobre a estrutura\u00e7\u00e3o do Plano de Carreiras e Cargos de Magist\u00e9rio Federal, e subsequentes altera\u00e7\u00f5es dadas pela\r\n  <a href=\"https:\/\/www.planalto.gov.br\/ccivil_03\/%5C_ato2011-2014\/2013\/Lei\/L12863.htm\" target=\"_blank\"><font color=\"blue\"><u>Lei n\u00b0 12.863, de 24 de setembro de 2013<\/u><\/font><\/a>, a manifesta\u00e7\u00e3o da Procuradoria Jur\u00eddica da UFSM, por meio da \r\n NOTA n\u00ba 00194\/2023\/PROJUR\/PFUFSM\/PGF\/AGU&lt;, referente \u00e0 consulta encaminhada no processo NUP 23081.073120\/2023-73, e o que consta no processo\r\n  <a href=\"https:\/\/portal.ufsm.br\/documentos\/publico\/processo\/documento.html?idDocumento=15073002\" target=\"_blank\"><font color=\"blue\"><u>23081.060181\/2024-51<\/u><\/font><\/a>, resolve:<\/p>\r\n<br>\r\n<p>Art. 1\u00b0 Alterar o art. 2\u00b0 e par\u00e1grafo 4\u00b0 do art. 6\u00b0, da <a href=\"https:\/\/www.ufsm.br\/pro-reitorias\/proplan\/resolucao-ufsm-n-112-2022\" target=\"_blank\"><font color=\"blue\"><u>Resolu\u00e7\u00e3o UFSM n\u00b0 112, de 14 de dezembro de 2022<\/u><\/font><\/a>, que regulamenta o Concurso P\u00fablico para ingresso no Quadro do Magist\u00e9rio Superior da Universidade Federal de Santa Maria (UFSM), de acordo com a legisla\u00e7\u00e3o vigente. <p>\r\n\r\n<p>Art. 2\u00b0 O art. 2\u00b0 da <a href=\"https:\/\/www.ufsm.br\/pro-reitorias\/proplan\/resolucao-ufsm-n-112-2022\" target=\"_blank\"><font color=\"blue\"><u>Resolu\u00e7\u00e3o UFSM n\u00b0 112, de 14 de dezembro de 2022<\/u><\/font><\/a>, passa a vigorar com a seguinte reda\u00e7\u00e3o: <\/p>\r\n<ul><ul><ul>\r\n<p>\"(...) <\/p>\r\n\r\n<p>Art. 2\u00b0 O requisito de titula\u00e7\u00e3o para ingresso na Carreira de Magist\u00e9rio Superior na classe de Professor(a) Adjunto(a) \u00e9 o t\u00edtulo de Doutor(a) na \u00e1rea objeto do concurso. <\/p>\r\n\r\n<p>(...)\" (NR)<\/p>\r\n\r\n<p>(...) <\/p>\r\n<\/ul><\/ul><\/ul>\r\n<p><s>Art. 3\u00b0 O par\u00e1grafo 4\u00b0 do art. 6\u00b0, da <a href=\"https:\/\/www.ufsm.br\/pro-reitorias\/proplan\/resolucao-ufsm-n-112-2022\" target=\"_blank\"><font color=\"blue\"><u>Resolu\u00e7\u00e3o n\u00b0 112<\/u><\/font><\/a> passa a vigorar com a seguinte reda\u00e7\u00e3o: <\/p>\r\n<ul><ul><ul>\r\n<p>\"(...) <\/p>\r\n\r\n\r\n<p>\u00a7 4\u00b0 A defini\u00e7\u00e3o do requisito para ingresso no cargo \u2013 Gradua\u00e7\u00e3o em \u00e1reas espec\u00edficas (opcional) e doutorado na \u00e1rea objeto do concurso e\/ou em outras \u00e1reas da tabela da CAPES definidas no edital, a ser confirmado no momento da posse, ser\u00e1 realizada pelo Colegiado do Departamento Did\u00e1tico ou Departamento de Ensino (ou equivalente). <\/p>\r\n\r\n\r\n<p>(...)\" (NR) <\/s> (Revogado pela <a href=\"https:\/\/www.ufsm.br\/pro-reitorias\/proplan\/resolucao-ufsm-n-199-2025\" target=\"_blank\"><font color=\"blue\"><u>Resolu\u00e7\u00e3o UFSM N\u00b0 199\/2025<\/u>) <\/p><\/font><\/a><\/p>\r\n<\/ul><\/ul><\/ul>\r\n<p>Art. 4\u00b0 A inobserv\u00e2ncia ao disposto nesta Resolu\u00e7\u00e3o n\u00e3o constitui escusa v\u00e1lida para o descumprimento da norma nem resulta em sua invalidade. <\/p>\r\n\r\n<p>Art. 5\u00b0 Esta Resolu\u00e7\u00e3o entra em vigor na data de sua assinatura, de acordo com o que prev\u00ea o par\u00e1grafo 2\u00b0 do art. 16 do \r\n<a href=\"https:\/\/www.planalto.gov.br\/ccivil_03\/_ato2023-2026\/2024\/decreto\/d12002.htm\"><font color=\"blue\"><u>Decreto n\u00b0 12.002, de 22 de abril de 2024<\/u><\/font><\/a>. <\/p>\r\n\r\n<p>Par\u00e1grafo \u00fanico. Havendo qualquer modifica\u00e7\u00e3o legislativa, ou ainda, advindo qualquer situa\u00e7\u00e3o legal que impacte na legalidade da presente Resolu\u00e7\u00e3o, a mesma se aplica de imediato.<\/p>\r\n\r\n<br>\r\n<p>Luciano Schuch<\/p>\r\n<p>Reitor<\/p>\r\n<br>\r\n\r\n<p><font color=\"red0000\">Este texto n\u00e3o substitui o documento original, publicado no Portal de Documentos.<\/font> Dispon\u00edvel em: <a href=\"https:\/\/portal.ufsm.br\/documentos\/publico\/documento.html?id=15159875\" target=\"_blank\"><font color=\"blue\"> https:\/\/portal.ufsm.br\/documentos\/publico\/documento.html?id=15159875 <\/font><\/a><\/p>\t\t<\/div>\n\t\t\t\t<\/div>\n\t\t\t\t\t<\/div>\n\t\t<\/div>\n\t\t\t\t\t<\/div>\n\t\t<\/section>\n\t\t\t\t<\/div>\n\t\t","protected":false},"excerpt":{"rendered":"<p>RESOLU\u00c7\u00c3O UFSM N. 171, DE 16 DE AGOSTO DE 2024 MINIST\u00c9RIO DA EDUCA\u00c7\u00c3O UNIVERSIDADE FEDERAL DE SANTA MARIA RESOLU\u00c7\u00c3O UFSM N\u00b0 171, DE 16 DE AGOSTO DE 2024 Altera o art. 2\u00b0 e par\u00e1grafo 4\u00b0 do art. 6\u00b0, da Resolu\u00e7\u00e3o n\u00b0 112, de 14 de dezembro de 2022, que regulamenta o Concurso P\u00fablico para ingresso [&hellip;]<\/p>\n","protected":false},"author":4883,"featured_media":0,"parent":0,"menu_order":0,"comment_status":"closed","ping_status":"closed","template":"","meta":{"footnotes":""},"categories":[],"tags":[],"class_list":["post-6038","page","type-page","status-publish","hentry"],"acf":[],"_links":{"self":[{"href":"https:\/\/www.ufsm.br\/pro-reitorias\/proplan\/wp-json\/wp\/v2\/pages\/6038","targetHints":{"allow":["GET"]}}],"collection":[{"href":"https:\/\/www.ufsm.br\/pro-reitorias\/proplan\/wp-json\/wp\/v2\/pages"}],"about":[{"href":"https:\/\/www.ufsm.br\/pro-reitorias\/proplan\/wp-json\/wp\/v2\/types\/page"}],"author":[{"embeddable":true,"href":"https:\/\/www.ufsm.br\/pro-reitorias\/proplan\/wp-json\/wp\/v2\/users\/4883"}],"replies":[{"embeddable":true,"href":"https:\/\/www.ufsm.br\/pro-reitorias\/proplan\/wp-json\/wp\/v2\/comments?post=6038"}],"version-history":[{"count":0,"href":"https:\/\/www.ufsm.br\/pro-reitorias\/proplan\/wp-json\/wp\/v2\/pages\/6038\/revisions"}],"wp:attachment":[{"href":"https:\/\/www.ufsm.br\/pro-reitorias\/proplan\/wp-json\/wp\/v2\/media?parent=6038"}],"wp:term":[{"taxonomy":"category","embeddable":true,"href":"https:\/\/www.ufsm.br\/pro-reitorias\/proplan\/wp-json\/wp\/v2\/categories?post=6038"},{"taxonomy":"post_tag","embeddable":true,"href":"https:\/\/www.ufsm.br\/pro-reitorias\/proplan\/wp-json\/wp\/v2\/tags?post=6038"}],"curies":[{"name":"wp","href":"https:\/\/api.w.org\/{rel}","templated":true}]}}