{"id":6096,"date":"2024-10-07T16:24:57","date_gmt":"2024-10-07T19:24:57","guid":{"rendered":"https:\/\/www.ufsm.br\/pro-reitorias\/proplan\/?page_id=6096"},"modified":"2026-01-12T12:23:23","modified_gmt":"2026-01-12T15:23:23","slug":"portaria-normativa-ufsm-n-87-2024","status":"publish","type":"page","link":"https:\/\/www.ufsm.br\/pro-reitorias\/proplan\/portaria-normativa-ufsm-n-87-2024","title":{"rendered":"Portaria Normativa UFSM N.87\/2024"},"content":{"rendered":"\t\t<div data-elementor-type=\"wp-page\" data-elementor-id=\"6096\" class=\"elementor elementor-6096\">\n\t\t\t\t\t\t<section class=\"elementor-section elementor-top-section elementor-element elementor-element-d6c5e17 elementor-section-boxed elementor-section-height-default elementor-section-height-default\" data-id=\"d6c5e17\" data-element_type=\"section\">\n\t\t\t\t\t\t<div class=\"elementor-container elementor-column-gap-default\">\n\t\t\t\t\t<div class=\"elementor-column elementor-col-100 elementor-top-column elementor-element elementor-element-61085b5\" data-id=\"61085b5\" data-element_type=\"column\">\n\t\t\t<div class=\"elementor-widget-wrap elementor-element-populated\">\n\t\t\t\t\t\t<div class=\"elementor-element elementor-element-455797d elementor-widget elementor-widget-html\" data-id=\"455797d\" data-element_type=\"widget\" data-widget_type=\"html.default\">\n\t\t\t\t<div class=\"elementor-widget-container\">\n\t\t\t\r\n\r\n\r\n<title><b>PORTARIA NORMATIVA UFSM N\u00b0 087, DE 07 DE OUTUBRO DE 2024<\/b><\/title>\r\n\r\n\r\n<div align=\"center\"><img decoding=\"async\" src=\"https:\/\/www.ufsm.br\/pro-reitorias\/proplan\/wp-content\/uploads\/sites\/344\/2019\/09\/brasao-da-republica-do-brasil-logo.png\" alt=\"Bras\u00e3o Rep\u00fablica Federativa do Brasil\" width=\"6%\" height=\"6%\"><\/div>  <h1><font color=\"blue\"><font size=\"5\"><div align=\"center\">MINIST\u00c9RIO DA EDUCA\u00c7\u00c3O<\/div><\/font><\/font><\/H1>\r\n\r\n<b><font color=\"0000blue\"><div align=\"center\">UNIVERSIDADE FEDERAL DE SANTA MARIA<\/div><\/font><\/b>\r\n<p><div align=\"center\"><b><a href=\"https:\/\/portal.ufsm.br\/documentos\/publico\/documento.html?id=15221855\" target=\"_blank\"><font color=\"blue\">PORTARIA NORMATIVA UFSM N\u00b0 087, DE 07 DE OUTUBRO DE 2024 <\/font><\/a><\/b><\/div>\r\n<br>\r\n\r\n<p style=\"margin-left: 9cm;text-align: justify;color: #800000\">Aprova a cria\u00e7\u00e3o do \u00f3rg\u00e3o colegiado denominado Comiss\u00e3o Central para elabora\u00e7\u00e3o da Revis\u00e3o do Plano de Metas, referente ao PDI 2016-2026, vinculado ao Gabinete do Reitor, na estrutura organizacional da Universidade Federal de Santa Maria (UFSM).\r\n<\/p>\r\n\r\n\r\n\r\n\r\n<div align=\"justify\"><font color=\"black\">\r\n    <br>\r\n    Documento fora da vig\u00eancia\r\n    <br>\r\n    <br>\r\n<p><s>O REITOR DA UNIVERSIDADE FEDERAL DE SANTA MARIA, no uso de suas atribui\u00e7\u00f5es legais que lhe confere o art. 30 do \r\n  <a href=\"https:\/\/www.ufsm.br\/pro-reitorias\/proplan\/estatuto-ufsm-2010\" target=\"_blank\"><font color=\"blue\"><u>Estatuto da Universidade Federal de Santa Maria<\/u><\/font><\/a> \r\n  com as adequa\u00e7\u00f5es aprovadas pela \r\n  <a href=\"https:\/\/www.ufsm.br\/pro-reitorias\/proplan\/resolucao-n-037-2010\" target=\"_blank\"><font color=\"blue\"><u>Resolu\u00e7\u00e3o UFSM N. 037<\/u><\/font><\/a>, \r\n  de 30 de novembro de 2010, aprovado pela \r\n  <a href=\"https:\/\/www.ufsm.br\/app\/uploads\/2018\/08\/Estatuto-da-UFSM.pdf\" target=\"_blank\"><font color=\"blue\"><u>Portaria n\u00ba 156<\/u><\/font><\/a>,  de 12 de mar\u00e7o de 2014, e publicado no Di\u00e1rio Oficial da Uni\u00e3o em 13 de mar\u00e7o de 2014, tendo em vista o disposto no \r\n  <a href=\"https:\/\/www.planalto.gov.br\/ccivil_03\/_ato2019-2022\/2019\/decreto\/D9991.htm\" target=\"_blank\"><font color=\"blue\"><u> Decreto n\u00b0 9.991<\/u><\/font><\/a>,\r\n  tendo em vista o <a href=\"https:\/\/www.planalto.gov.br\/ccivil_03\/_ato2015-2018\/2017\/decreto\/D9235.htm\"><font color=\"blue\"><u>Decreto n\u00b0 9.2351<\/u><\/font><\/a>, de 15 de dezembro de 2017, o Regimento da UFSM, disposto na <a href=\"https:\/\/www.ufsm.br\/pro-reitorias\/proplan\/resolucao-n-006-2011\"><font color=\"blue\"><u>Resolu\u00e7\u00e3o UFSM n\u00b0 006<\/u><\/font><\/a>, de 28 de abril de 2011, atualizado pela <a href=\"https:\/\/www.ufsm.br\/pro-reitorias\/proplan\/resolucao-n-016-2019\"><font color=\"blue\"><u>Resolu\u00e7\u00e3o UFSM n\u00b0 016<\/u><\/font><\/a>, de 02 de julho de 2019, e o que consta no processo <a href=\"https:\/\/portal.ufsm.br\/documentos\/publico\/processo\/documento.html?idDocumento=15197932\"><font color=\"blue\"><u>23081.114291\/2024-41<\/u><\/font><\/a>, resolve: <\/p>\r\n\r\n\r\n<p>Art. 1\u00b0  Aprovar a cria\u00e7\u00e3o do \u00f3rg\u00e3o colegiado denominado Comiss\u00e3o Central para elabora\u00e7\u00e3o da Revis\u00e3o do Plano de Metas, referente ao PDI 2016-2026, vinculado ao Gabinete do Reitor, na estrutura organizacional da Universidade Federal de Santa Maria (UFSM).\r\n\r\n<br>\r\n<br>\r\n<p>CAP\u00cdTULO I\r\n<p>DAS COMPET\u00caNCIAS\r\n<br>\r\n<br>\r\n\r\n<p>Art. 2\u00b0  Compete \u00e0 Comiss\u00e3o Central, \u00f3rg\u00e3o colegiado de car\u00e1ter deliberativo:\r\n<p>I \u2013 coordenar e supervisionar as atividades do grupo de trabalho para elabora\u00e7\u00e3o da Revis\u00e3o do Plano de Metas;\r\n<p>II \u2013 divulgar para a comunidade universit\u00e1ria e para a comunidade externa, informa\u00e7\u00f5es sobre o andamento dos trabalhos; \r\n<p>III \u2013 prestar informa\u00e7\u00f5es ao Conselho Universit\u00e1rio acerca do andamento dos trabalhos; \r\n<p>IV \u2013 zelar pela execu\u00e7\u00e3o do cronograma; e\r\n<p>V\u2013 aprovar e encaminhar a proposta do novo Plano de Metas para aprova\u00e7\u00e3o ao Conselho Universit\u00e1rio.\r\n\r\n<br>\r\n<br>\r\n<p>Art. 3\u00b0  S\u00e3o atribui\u00e7\u00f5es do(a) Presidente da Comiss\u00e3o Central:\r\n<p>I \u2013 presidir as reuni\u00f5es;\r\n<p>II \u2013 supervisionar as atividades da comiss\u00e3o; \r\n<p>III \u2013 orientar as discuss\u00f5es e vota\u00e7\u00f5es; \r\n<p>IV \u2013 indicar os(as) membros(as) para a realiza\u00e7\u00e3o de estudos, levantamentos e emiss\u00e3o de pareceres necess\u00e1rios \u00e0 consecu\u00e7\u00e3o da finalidade da comiss\u00e3o;\r\n<p>V \u2013 deliberar ad referendum da comiss\u00e3o, nos casos de urg\u00eancia;\r\n<p>VI \u2013 convidar para participar das reuni\u00f5es e debates, consultado a Comiss\u00e3o Central, sem direito a voto, pessoas que possam contribuir para a discuss\u00e3o dos assuntos tratados; e\r\n<p>VII \u2013 zelar pelo cumprimento das normas desta Portaria.\r\n\r\n<br>\r\n<br>\r\n<p>Art. 4\u00b0  S\u00e3o atribui\u00e7\u00f5es dos(as) membros(as) da Comiss\u00e3o Central:\r\n<p>I \u2013 desempenhar as atribui\u00e7\u00f5es designadas pelo(a) Presidente;\r\n<p>II \u2013 estudar e relatar, nos prazos estabelecidos, as mat\u00e9rias que lhes forem atribu\u00eddas pelo(a) Presidente;\r\n<p>III \u2013 participar das reuni\u00f5es, proferindo voto ou pareceres e manifestando-se a respeito das mat\u00e9rias em discuss\u00e3o; e\r\n<p>IV \u2013 submeter pleitos e assuntos para a pauta.\r\n\r\n<br>\r\n<br>\r\n<p>CAP\u00cdTULO II\r\n<p>DA COMPOSI\u00c7\u00c3O E AUTORIDADE\r\n<br>\r\n<br>\r\n\r\n<p>Art. 5\u00b0  A Comiss\u00e3o Central ser\u00e1 constitu\u00edda pelos(as) seguintes membros(as):\r\n<p>I \u2013 Reitor;\r\n<p>II \u2013 Vice-Reitor(a); \r\n<p>III \u2013 Pr\u00f3-Reitores(as) e seus(uas) suplentes; \r\n<p>IV \u2013 Diretores(as) e seus(uas)suplentes; \r\n<p>V \u2013 Diretores(as) dos Campi fora de sede e seus(uas) suplentes; \r\n<p>VI \u2013 Presidente da Comiss\u00e3o Pr\u00f3pria de Avalia\u00e7\u00e3o (CPA) e seu(ua) suplente; e\r\n<p>VII \u2013 Secret\u00e1rio da Secretaria de Apoio Internacional (SAI) e seu(ua) suplente. \r\n<p>\u00a7 1\u00b0  O(A) Presidente da Comiss\u00e3o ser\u00e1 escolhido(a) entre os(as) membros(as) e designado(a) por Portaria Normativa emitida pelo Reitor da UFSM.\r\n<p>\u00a7 2\u00b0  Na aus\u00eancia do(a) Presidente em uma reuni\u00e3o, a Comiss\u00e3o escolher\u00e1 entre os(as) membros(as) presentes um(a) Presidente para a sess\u00e3o, atrav\u00e9s de vota\u00e7\u00e3o com maioria simples.\r\n<p>\u00a7 3\u00b0  Na aus\u00eancia dos(as) membros(as) titulares, seus(uas) respectivos(as) suplentes os(as) substituir\u00e3o para participar das reuni\u00f5es nos afastamentos ou impedimentos legais.\r\n<p>\u00a7 4\u00b0  Os(As) membros(as) suplentes ser\u00e3o indicados(as) pelos(as) seus(uas) respectivos(as) membros(as) titulares.\r\n<p>\u00a7 5\u00b0  Os(As) membros(as) ter\u00e3o mandato de 1 (um) ano, acompanhando a vig\u00eancia da referida comiss\u00e3o.\r\n<p>\u00a7 6\u00b0  Cada membro(a) poder\u00e1 ser substitu\u00eddo(a) em qualquer \u00e9poca, sempre que houver substitui\u00e7\u00e3o de mandato, ou sempre que houver consenso da maioria, por meio de uma solicita\u00e7\u00e3o escrita do respectivo segmento de representa\u00e7\u00e3o, ou se o(a) pr\u00f3prio(a) representante assim o desejar.\r\n<p>\u00a7 7\u00b0  Na composi\u00e7\u00e3o do referido \u00f3rg\u00e3o colegiado dever\u00e1 ser assegurado, pelo menos 70% (setenta por cento) dos assentos para o segmento docente, conforme disposto no art. 56 da Lei de Diretrizes e Bases (LDB) <a href=\"https:\/\/www.planalto.gov.br\/ccivil_03\/leis\/l9394.htm\"><font color=\"blue\"><u>n\u00b0 9.394\/1996<\/u><\/font><\/a>.\r\n\r\n<br>\r\n<br>\r\n<p>CAP\u00cdTULO III\r\n<p>DO QU\u00d3RUM DE REUNI\u00c3O E DE VOTA\u00c7\u00c3O\r\n<br>\r\n<br>\r\n\r\n<p>Art. 6\u00b0  As reuni\u00f5es acontecer\u00e3o com a presen\u00e7a m\u00ednima da maioria absoluta dos seus(uas) membros(as), considerando-se este n\u00famero o qu\u00f3rum legal para delibera\u00e7\u00e3o e vota\u00e7\u00e3o.\r\n<p>\u00a7 1\u00b0  As delibera\u00e7\u00f5es ser\u00e3o tomadas por maioria simples.\r\n<p>\u00a7 2\u00b0  Quando da ocorr\u00eancia de empate na vota\u00e7\u00e3o, caber\u00e1 ao(\u00e0) Presidente o voto de qualidade.\r\n\r\n<br>\r\n<br>\r\n<p>Art. 7\u00b0  As convoca\u00e7\u00f5es ser\u00e3o feitas por meio de correio eletr\u00f4nico pelo \u00f3rg\u00e3o de apoio administrativo, com anteced\u00eancia m\u00ednima de 48 (quarenta e oito horas), e apresentar\u00e3o a ordem do dia.\r\n<p>Art. 8\u00b0  Havendo n\u00famero legal e declarada aberta a sess\u00e3o, proceder-se-\u00e1 \u00e0 discuss\u00e3o e posterior realiza\u00e7\u00e3o dos pareceres que dever\u00e3o embasar os processos a serem analisados pelo \u00f3rg\u00e3o colegiado em quest\u00e3o.\r\n<p>Par\u00e1grafo \u00fanico. N\u00e3o havendo qu\u00f3rum, os(as) membros(as) ser\u00e3o convocados(as) para nova reuni\u00e3o 48 (quarenta  e oito) horas depois, com a mesma pauta.\r\n\r\n<br>\r\n<br>\r\n<p>CAP\u00cdTULO IV\r\n<p>DA PERIODICIDADE DAS REUNI\u00d5ES\r\n<br>\r\n<br>\r\n\r\n<p>Art. 9\u00b0  A comiss\u00e3o central reunir-se-\u00e1 2 (duas) vezes durante sua vig\u00eancia com datas a serem definidas pelo \u00f3rg\u00e3o de apoio administrativo.\r\n<p>\u00a7 1\u00b0  As reuni\u00f5es ser\u00e3o realizadas preferencialmente por videoconfer\u00eancia.\r\n<p>\u00a7 2\u00b0  Convidados(as) ou participantes provenientes de outros estados ou munic\u00edpios n\u00e3o ter\u00e3o direito a pagamento de di\u00e1rias ou ressarcimento de despesas de deslocamento, em nenhuma hip\u00f3tese.\r\n<p>\u00a7 3\u00b0  A periodicidade das reuni\u00f5es poder\u00e1 ser modificada, conforme o perfil epidemiol\u00f3gico ou necessidade definida pela comiss\u00e3o.\r\n\r\n<br>\r\n<br>\r\n<p>CAP\u00cdTULO V\r\n<p>DO \u00d3RG\u00c3O DE APOIO T\u00c9CNICO E ADMINISTRATIVO \r\n<br>\r\n<br>\r\n<p>Art. 10.  Caber\u00e1 a Coordenadoria de Planejamento e Avalia\u00e7\u00e3o da Pr\u00f3-Reitoria de Planejamento (COPLAI\/PROPLAN):\r\n<p>I \u2013 coordenar e acompanhar as atividades do grupo de trabalho de elabora\u00e7\u00e3o da Revis\u00e3o do Plano de Metas; \r\n<p>II \u2013 convocar reuni\u00f5es ordin\u00e1rias e extraordin\u00e1rias, sempre que necess\u00e1rio; e\r\n<p>III \u2013 realizar apoio t\u00e9cnico e administrativo e demais encaminhamentos para o devido andamento dos trabalhos da referida Comiss\u00e3o.\r\n\r\n<br>\r\n<br>\r\n<p>CAP\u00cdTULO VI\r\n<p>DOS RELAT\u00d3RIOS \r\n<br>\r\n<br>\r\n\r\n<p>Art. 11.  Para fins de transpar\u00eancia, os documentos e a\u00e7\u00f5es elaborados pela Comiss\u00e3o Central ser\u00e3o publicados no Portal Institucional e anexados ao PDI ap\u00f3s aprova\u00e7\u00e3o pelo Conselho Universit\u00e1rio (CONSU).\r\n\r\n<br>\r\n<br>\r\n<p>CAP\u00cdTULO VII\r\n<p>DO TERMO DE CONCLUS\u00c3O DOS TRABALHOS\r\n<br>\r\n<br>\r\n\r\n<p>Art. 12.  A referida Comiss\u00e3o ter\u00e1 car\u00e1ter tempor\u00e1rio com vig\u00eancia de 1 (um) ano, a contar da data de vig\u00eancia desta Portaria, com possibilidade de prorroga\u00e7\u00e3o por igual per\u00edodo de acordo com as necessidades.\r\n\r\n<br>\r\n<br>\r\n<p>CAP\u00cdTULO VIII\r\n<p>DAS DISPOSI\u00c7\u00d5ES GERAIS E TRANSIT\u00d3RIAS\r\n<br>\r\n<br>\r\n\r\n<p>Art. 13.  \u00c9 vedada a divulga\u00e7\u00e3o de discuss\u00f5es em curso sem a pr\u00e9via anu\u00eancia do(a) Presidente.\r\n\r\n<br>\r\n<br>\r\n<p>Art. 14.  A participa\u00e7\u00e3o dos(as) membros(as) deste \u00f3rg\u00e3o colegiado ser\u00e1 considerada presta\u00e7\u00e3o de servi\u00e7o p\u00fablico   relevante e n\u00e3o ser\u00e1 remunerada.\r\n<p>Par\u00e1grafo \u00fanico.  As atividades do colegiado e de seus(uas) membros(as) n\u00e3o poder\u00e3o causar preju\u00edzo \u00e0 presta\u00e7\u00e3o do servi\u00e7o p\u00fablico pelo(a) servidor(a) membro(a) da Comiss\u00e3o.\r\n\r\n<br>\r\n<br>\r\n<p>Art. 15.  A cria\u00e7\u00e3o de subcolegiados por ato deste \u00f3rg\u00e3o colegiado observar\u00e1 o seguinte:\r\n<p>I \u2013 o n\u00famero m\u00e1ximo de seus(uas) membros(as) ser\u00e1 de 5 (cinco) pessoas;\r\n<p>II \u2013 o subcolegiado dever\u00e1 funcionar em car\u00e1ter tempor\u00e1rio e ter dura\u00e7\u00e3o n\u00e3o superior \u00e0 vig\u00eancia desta portaria; e\r\n<p>III \u2013 o n\u00famero m\u00e1ximo de subcolegiados que poder\u00e3o operar simultaneamente ser\u00e1 de 2 (dois).\r\n\r\n<br>\r\n<br>\r\n<p>Art. 16.  A inobserv\u00e2ncia ao disposto nesta Portaria n\u00e3o constitui escusa v\u00e1lida para o descumprimento da norma nem resulta em sua invalidade. \r\n\r\n<br>\r\n<br>\r\n<p>Art. 17. Esta Portaria Normativa entra em vigor na data de sua assinatura, de acordo com o que prev\u00ea o par\u00e1grafo 2\u00b0 do art. 16 do \r\n<a href=\"https:\/\/www.planalto.gov.br\/ccivil_03\/_ato2023-2026\/2024\/decreto\/d12002.htm\"><font color=\"blue\"><u>Decreto n\u00b0 12.002<\/u><\/font><\/a>, de 22 de abril de 2024. \r\n<p>Par\u00e1grafo \u00fanico. Havendo qualquer modifica\u00e7\u00e3o legislativa, ou ainda, advindo qualquer situa\u00e7\u00e3o legal que impacte na legalidade da presente Portaria, a mesma se aplica de imediato.\r\n\r\n<br>\r\n<br>\r\n<p>Luciano Schuch,<\/p>\r\n<p>Reitor.<\/p>\r\n<br>\r\n<br>\r\n\r\n<p><font color=\"red0000\">Este texto n\u00e3o substitui o documento original, publicado no Portal de Documentos. Dispon\u00edvel em:\r\n<a href=\"https:\/\/portal.ufsm.br\/documentos\/publico\/documento.html?id=15221855\"><font color=\"blue\"><u>https:\/\/portal.ufsm.br\/documentos\/publico\/documento.html?id=15221855<\/u><\/font><\/a><\/s>\r\n\t\t<\/div>\n\t\t\t\t<\/div>\n\t\t\t\t\t<\/div>\n\t\t<\/div>\n\t\t\t\t\t<\/div>\n\t\t<\/section>\n\t\t\t\t<\/div>\n\t\t","protected":false},"excerpt":{"rendered":"<p>PORTARIA NORMATIVA UFSM N\u00b0 087, DE 07 DE OUTUBRO DE 2024 MINIST\u00c9RIO DA EDUCA\u00c7\u00c3O UNIVERSIDADE FEDERAL DE SANTA MARIA PORTARIA NORMATIVA UFSM N\u00b0 087, DE 07 DE OUTUBRO DE 2024 Aprova a cria\u00e7\u00e3o do \u00f3rg\u00e3o colegiado denominado Comiss\u00e3o Central para elabora\u00e7\u00e3o da Revis\u00e3o do Plano de Metas, referente ao PDI 2016-2026, vinculado ao Gabinete do [&hellip;]<\/p>\n","protected":false},"author":6742,"featured_media":0,"parent":0,"menu_order":0,"comment_status":"closed","ping_status":"closed","template":"","meta":{"footnotes":""},"categories":[],"tags":[],"class_list":["post-6096","page","type-page","status-publish","hentry"],"acf":[],"_links":{"self":[{"href":"https:\/\/www.ufsm.br\/pro-reitorias\/proplan\/wp-json\/wp\/v2\/pages\/6096","targetHints":{"allow":["GET"]}}],"collection":[{"href":"https:\/\/www.ufsm.br\/pro-reitorias\/proplan\/wp-json\/wp\/v2\/pages"}],"about":[{"href":"https:\/\/www.ufsm.br\/pro-reitorias\/proplan\/wp-json\/wp\/v2\/types\/page"}],"author":[{"embeddable":true,"href":"https:\/\/www.ufsm.br\/pro-reitorias\/proplan\/wp-json\/wp\/v2\/users\/6742"}],"replies":[{"embeddable":true,"href":"https:\/\/www.ufsm.br\/pro-reitorias\/proplan\/wp-json\/wp\/v2\/comments?post=6096"}],"version-history":[{"count":0,"href":"https:\/\/www.ufsm.br\/pro-reitorias\/proplan\/wp-json\/wp\/v2\/pages\/6096\/revisions"}],"wp:attachment":[{"href":"https:\/\/www.ufsm.br\/pro-reitorias\/proplan\/wp-json\/wp\/v2\/media?parent=6096"}],"wp:term":[{"taxonomy":"category","embeddable":true,"href":"https:\/\/www.ufsm.br\/pro-reitorias\/proplan\/wp-json\/wp\/v2\/categories?post=6096"},{"taxonomy":"post_tag","embeddable":true,"href":"https:\/\/www.ufsm.br\/pro-reitorias\/proplan\/wp-json\/wp\/v2\/tags?post=6096"}],"curies":[{"name":"wp","href":"https:\/\/api.w.org\/{rel}","templated":true}]}}