{"id":6175,"date":"2024-11-06T10:57:58","date_gmt":"2024-11-06T13:57:58","guid":{"rendered":"https:\/\/www.ufsm.br\/pro-reitorias\/proplan\/?page_id=6175"},"modified":"2025-08-18T16:45:29","modified_gmt":"2025-08-18T19:45:29","slug":"resolucao-ufsm-n-179-2024-2","status":"publish","type":"page","link":"https:\/\/www.ufsm.br\/pro-reitorias\/proplan\/resolucao-ufsm-n-179-2024-2","title":{"rendered":"RESOLU\u00c7\u00c3O UFSM N\u00b0 179\/2024"},"content":{"rendered":"\t\t<div data-elementor-type=\"wp-page\" data-elementor-id=\"6175\" class=\"elementor elementor-6175\">\n\t\t\t\t\t\t<section class=\"elementor-section elementor-top-section elementor-element elementor-element-3f94ccd elementor-section-boxed elementor-section-height-default elementor-section-height-default\" data-id=\"3f94ccd\" data-element_type=\"section\">\n\t\t\t\t\t\t<div class=\"elementor-container elementor-column-gap-default\">\n\t\t\t\t\t<div class=\"elementor-column elementor-col-100 elementor-top-column elementor-element elementor-element-f2ab151\" data-id=\"f2ab151\" data-element_type=\"column\">\n\t\t\t<div class=\"elementor-widget-wrap elementor-element-populated\">\n\t\t\t\t\t\t<div class=\"elementor-element elementor-element-2455a3d elementor-widget elementor-widget-html\" data-id=\"2455a3d\" data-element_type=\"widget\" data-widget_type=\"html.default\">\n\t\t\t\t<div class=\"elementor-widget-container\">\n\t\t\t\r\n\r\n\r\n<title><b>RESOLU\u00c7\u00c3O N\u00b0 179, DE 23 DE OUTUBRO DE 2024<\/b><\/title>\r\n\r\n\r\n<div align=\"center\"><img decoding=\"async\" src=\"https:\/\/www.ufsm.br\/pro-reitorias\/proplan\/wp-content\/uploads\/sites\/344\/2019\/09\/brasao-da-republica-do-brasil-logo.png\" alt=\"Bras\u00e3o Rep\u00fablica Federativa do Brasil\" width=\"6%\" height=\"6%\"><\/div>\r\n\r\n<h1><font color=\"blue\"><font size=\"5\"><div align=\"center\">MINIST\u00c9RIO DA EDUCA\u00c7\u00c3O<\/div><\/font><\/font><\/H1>\r\n<p><b><font color=\"0000blue\"><div align=\"center\">UNIVERSIDADE FEDERAL DE SANTA MARIA<\/b><\/div><\/font><\/p>\r\n<p><div align=\"center\"><b><a href=\"https:\/\/portal.ufsm.br\/documentos\/publico\/documento.html?id=15253459\" target=\"_blank\"><font color=\"blue\">RESOLU\u00c7\u00c3O N\u00b0 179, DE 23 DE OUTUBRO DE 2024<\/font><\/a><\/b><\/div><\/p>\r\n<br>\r\n\r\n\r\n<p style=\"margin-left: 9cm;text-align: justify;color: #800000\">Aprova a cria\u00e7\u00e3o do Curso de Engenharia Civil e Ambiental, em n\u00edveis de mestrado e doutorado acad\u00eamico (PPGECAM), do Centro de Tecnologia (CT) no \u00e2mbito da Universidade Federal de Santa Maria  (UFSM).\r\n<\/p>\r\n\r\n<font color=\"black\">\r\n\r\n\r\n\r\n\r\n<br><div align=\"justify\"><font color=\"black\">\r\n<p>\r\nO REITOR DA UNIVERSIDADE FEDERAL DE SANTA MARIA, no uso de suas atribui\u00e7\u00f5es legais que lhe confere o art. 30 do <a href=\"https:\/\/www.ufsm.br\/pro-reitorias\/proplan\/estatuto-ufsm-2010\" target=\"_blank\"><font color=\"blue\"><u>Estatuto da Universidade Federal de Santa Maria<\/u><\/font><\/a> com as adequa\u00e7\u00f5es aprovadas pela <a href=\"https:\/\/www.ufsm.br\/pro-reitorias\/proplan\/resolucao-n-037-2010\" target=\"_blank\"><font color=\"blue\"><u>Resolu\u00e7\u00e3o UFSM n\u00b0 037, de 30 de novembro de 2010<\/u><\/font><\/a>, aprovado pela <a href=\"https:\/\/www.ufsm.br\/app\/uploads\/2018\/08\/Estatuto-da-UFSM.pdf\" target=\"_blank\"><font color=\"blue\"><u>Portaria n\u00b0 156, de 12 de mar\u00e7o de 2014<\/u><\/font><\/a>, e publicado no Di\u00e1rio Oficial da Uni\u00e3o em 13 de mar\u00e7o de 2014, tendo em vista a <a href=\"https:\/\/www.in.gov.br\/en\/web\/dou\/-\/portaria-n-883-de-30-de-agosto-de-2024-582079954\" target=\"_blank\"><font color=\"blue\"><u>Portaria do Minist\u00e9rio da Educa\u00e7\u00e3o n\u00b0 883, de 30 de agosto de 2024<\/u><\/font><\/a>, o <a href=\"http:\/\/portal.mec.gov.br\/index.php?option=com_docman&amp;view=download&amp;alias=260761-pces421-24&amp;category_slug=julho-2024&amp;Itemid=30192\" target=\"_blank\"><font color=\"blue\"><u>Parecer CNE\/CES n\u00b0 421\/2024<\/u><\/font><\/a>, aprovado em 3 de julho de 2024, a <a href=\"https:\/\/www.ufsm.br\/pro-reitorias\/proplan\/resolucao-ufsm-n-139-2023\" target=\"_blank\"><font color=\"blue\"><u>Resolu\u00e7\u00e3o UFSM n\u00b0 139, de 29 de agosto de 2023<\/u><\/font><\/a>, e o que consta nos processos <a href=\"https:\/\/portal.ufsm.br\/documentos\/publico\/processo\/documento.html?idDocumento=15173149\" target=\"_blank\"><font color=\"blue\"><u>23081.101136\/2024-64<\/u><\/font><\/a>  e <a href=\"https:\/\/portal.ufsm.br\/documentos\/publico\/processo\/documento.html?idDocumento=14813205\" target=\"_blank\"><font color=\"blue\"><u>23081.119455\/2023-45<\/u><\/font><\/a>, resolve::\r\n<\/p>\r\n<br>\r\n\r\n<p>Art. 1\u00b0 Aprovar a cria\u00e7\u00e3o do Curso de Engenharia Civil e Ambiental, em n\u00edveis de mestrado e doutorado acad\u00eamico (PPGECAM), do Centro de Tecnologia (CT) no \u00e2mbito da Universidade Federal de Santa Maria (UFSM).\r\n<p>Art. 2\u00b0  A Fun\u00e7\u00e3o Comissionada de Coordenador de Curso (FCC) dispon\u00edvel, decorrente da fus\u00e3o dos cursos de P\u00f3s-Gradua\u00e7\u00e3o em Engenharia Ambiental (PPGEAmb) e de P\u00f3s-Gradu\u00e7\u00e3o em Engenharia Civil (PPGEC), ser\u00e1 alocada na Coordena\u00e7\u00e3o do Curso de Nutri\u00e7\u00e3o do Centro de Ci\u00eancias da Sa\u00fade (CCS) da UFSM.\r\n<p>Art. 3\u00b0  O Artigo 7\u00b0 da <a href=\"https:\/\/www.ufsm.br\/pro-reitorias\/proplan\/resolucao-ufsm-n-076-2022\" target=\"_blank\"><font color=\"blue\"><u>Resolu\u00e7\u00e3o UFSM n\u00b0 076, de 31 de janeiro de 2022<\/u><\/font><\/a>, passa a vigorar com a seguinte reda\u00e7\u00e3o:\r\n<br>\r\n<br>\r\n<p style=\"margin-left: 2.5cm\">\u201c(...)\r\n<p style=\"margin-left: 2.5cm\">\u201cArt. 7\u00b0  Os cursos de P\u00f3s-Gradua\u00e7\u00e3o, com situa\u00e7\u00e3o \u201cem atividade\u201d, do Centro de Tecnologia (CT), s\u00e3o:\r\n<p style=\"margin-left: 2.5cm\">(...)\r\n<p style=\"margin-left: 2.5cm\">V \u2013 Engenharia Civil e Ambiental, em n\u00edveis de Mestrado e Doutorado Acad\u00eamico;\r\n<p style=\"margin-left: 2.5cm\">VI - Engenharia El\u00e9trica, em n\u00edveis de Mestrado e Doutorado Acad\u00eamico; \r\n<p style=\"margin-left: 2.5cm\">VII - Engenharia Mec\u00e2nica, em n\u00edvel de Mestrado Acad\u00eamico; \r\n<p style=\"margin-left: 2.5cm\">VIII- Engenharia de Produ\u00e7\u00e3o, em n\u00edveis de Mestrado e Doutorado Acad\u00eamico;\r\n<p style=\"margin-left: 2.5cm\">IX- Engenharia Qu\u00edmica, em n\u00edveis de Mestrado e Doutorado Acad\u00eamico; e\r\n<p style=\"margin-left: 2.5cm\">X- M\u00eddias na Educa\u00e7\u00e3o\/EAD, em n\u00edvel de Especializa\u00e7\u00e3o.\r\n<p style=\"margin-left: 2.5cm\">(...)\u201d\r\n<p style=\"margin-left: 2.5cm\">(NR)\r\n<br>\r\n<br>\r\n<p>Art. 4\u00b0  O Artigo 4\u00b0 da <a href=\"https:\/\/www.ufsm.br\/pro-reitorias\/proplan\/resolucao-n-029-2020\" target=\"_blank\"><font color=\"blue\"><u>Resolu\u00e7\u00e3o UFSM n\u00b0 029, de 05 de novembro de 2020<\/u><\/font><\/a>, passa a vigorar com a seguinte reda\u00e7\u00e3o:\r\n<br>\r\n<br>\r\n<p style=\"margin-left: 2.5cm\">\u201c(...)\r\n<p style=\"margin-left: 2.5cm\">Art. 4\u00b0  Os cursos de Gradua\u00e7\u00e3o, com situa\u00e7\u00e3o \u201cem atividade\u201d, do Centro de Ci\u00eancias da Sa\u00fade (CCS), s\u00e3o:\r\n<p style=\"margin-left: 2.5cm\">(...)\r\n<p style=\"margin-left: 2.5cm\">VI \u2013 Odontologia; \r\n<p style=\"margin-left: 2.5cm\">VII \u2013 Terapia Ocupacional; e\r\n<p style=\"margin-left: 2.5cm\">VIII \u2013 Nutri\u00e7\u00e3o.\r\n<p style=\"margin-left: 2.5cm\">(...)\u201d\r\n<p style=\"margin-left: 2.5cm\">(NR)\r\n<br>\r\n<br>\r\n\r\n<p>Art. 5\u00b0  Caber\u00e1:\r\n<p>I \u2013 \u00e0 Coordenadoria de Planejamento Administrativo (COPLAD\/PROPLAN) proceder \u00e0s altera\u00e7\u00f5es nos Sistemas de Estruturantes da Institui\u00e7\u00e3o; e\r\n<p>II \u2013 \u00e0 Pr\u00f3-Reitoria de P\u00f3s-Gradua\u00e7\u00e3o e Pesquisa (PRPGP) os ajustes acad\u00eamicos necess\u00e1rios.\r\n<p>III \u2013 \u00e0 Pr\u00f3-Reitoria de Gest\u00e3o de Pessoas (PROGEP) o remanejo das Fun\u00e7\u00f5es Comissionadas de Coordenador de Curso (FCC);\r\n<p>Art. 6\u00b0 A inobserv\u00e2ncia ao disposto nesta Resolu\u00e7\u00e3o n\u00e3o constitui escusa v\u00e1lida para o descumprimento da norma nem resulta em sua invalidade.\r\n<p>Art. 7\u00b0 Esta Resolu\u00e7\u00e3o entra em vigor em 02 de Dezembro de 2024, de acordo o <a href=\"https:\/\/www.planalto.gov.br\/ccivil_03\/_ato2023-2026\/2024\/decreto\/d12002.htm\"><font color=\"blue\"><u>Decreto n\u00b0 12.002, de 22 de abril de 2024<\/u><\/font><\/a>, art. 17, inciso IV.\r\n<p>Par\u00e1grafo \u00fanico. Havendo qualquer modifica\u00e7\u00e3o legislativa, ou ainda, advindo qualquer situa\u00e7\u00e3o legal que impacte na legalidade da presente Resolu\u00e7\u00e3o, a mesma se aplica de imediato.\r\n<\/s>\r\n<br>\r\n<br>\r\n<p>Luciano Schuch<\/p>\r\n<p>Reitor<\/p>\r\n<br>\r\n\r\n<p><font color=\"red0000\">Este texto n\u00e3o substitui o documento original, publicado no Portal de Documentos.<\/font> Dispon\u00edvel em: <a href=\"https:\/\/portal.ufsm.br\/documentos\/publico\/documento.html?id=15253459\" target=\"_blank\"><font color=\"blue\">https:\/\/portal.ufsm.br\/documentos\/publico\/documento.html?id=15253459<\/font><\/a><\/p>\t\t<\/div>\n\t\t\t\t<\/div>\n\t\t\t\t\t<\/div>\n\t\t<\/div>\n\t\t\t\t\t<\/div>\n\t\t<\/section>\n\t\t\t\t<\/div>\n\t\t","protected":false},"excerpt":{"rendered":"<p>RESOLU\u00c7\u00c3O N\u00b0 179, DE 23 DE OUTUBRO DE 2024 MINIST\u00c9RIO DA EDUCA\u00c7\u00c3O UNIVERSIDADE FEDERAL DE SANTA MARIA RESOLU\u00c7\u00c3O N\u00b0 179, DE 23 DE OUTUBRO DE 2024 Aprova a cria\u00e7\u00e3o do Curso de Engenharia Civil e Ambiental, em n\u00edveis de mestrado e doutorado acad\u00eamico (PPGECAM), do Centro de Tecnologia (CT) no \u00e2mbito da Universidade Federal de [&hellip;]<\/p>\n","protected":false},"author":6742,"featured_media":0,"parent":0,"menu_order":0,"comment_status":"closed","ping_status":"closed","template":"","meta":{"footnotes":""},"categories":[],"tags":[],"class_list":["post-6175","page","type-page","status-publish","hentry"],"acf":[],"_links":{"self":[{"href":"https:\/\/www.ufsm.br\/pro-reitorias\/proplan\/wp-json\/wp\/v2\/pages\/6175","targetHints":{"allow":["GET"]}}],"collection":[{"href":"https:\/\/www.ufsm.br\/pro-reitorias\/proplan\/wp-json\/wp\/v2\/pages"}],"about":[{"href":"https:\/\/www.ufsm.br\/pro-reitorias\/proplan\/wp-json\/wp\/v2\/types\/page"}],"author":[{"embeddable":true,"href":"https:\/\/www.ufsm.br\/pro-reitorias\/proplan\/wp-json\/wp\/v2\/users\/6742"}],"replies":[{"embeddable":true,"href":"https:\/\/www.ufsm.br\/pro-reitorias\/proplan\/wp-json\/wp\/v2\/comments?post=6175"}],"version-history":[{"count":0,"href":"https:\/\/www.ufsm.br\/pro-reitorias\/proplan\/wp-json\/wp\/v2\/pages\/6175\/revisions"}],"wp:attachment":[{"href":"https:\/\/www.ufsm.br\/pro-reitorias\/proplan\/wp-json\/wp\/v2\/media?parent=6175"}],"wp:term":[{"taxonomy":"category","embeddable":true,"href":"https:\/\/www.ufsm.br\/pro-reitorias\/proplan\/wp-json\/wp\/v2\/categories?post=6175"},{"taxonomy":"post_tag","embeddable":true,"href":"https:\/\/www.ufsm.br\/pro-reitorias\/proplan\/wp-json\/wp\/v2\/tags?post=6175"}],"curies":[{"name":"wp","href":"https:\/\/api.w.org\/{rel}","templated":true}]}}