{"id":6432,"date":"2025-02-27T08:11:14","date_gmt":"2025-02-27T11:11:14","guid":{"rendered":"https:\/\/www.ufsm.br\/pro-reitorias\/proplan\/?page_id=6432"},"modified":"2025-08-21T11:45:36","modified_gmt":"2025-08-21T14:45:36","slug":"instrucao-normativa-pre-ufsm-n-001-2025","status":"publish","type":"page","link":"https:\/\/www.ufsm.br\/pro-reitorias\/proplan\/instrucao-normativa-pre-ufsm-n-001-2025","title":{"rendered":"INSTRU\u00c7\u00c3O NORMATIVA PRE\/UFSM N\u00b0 001\/2025"},"content":{"rendered":"\t\t<div data-elementor-type=\"wp-page\" data-elementor-id=\"6432\" class=\"elementor elementor-6432\">\n\t\t\t\t\t\t<section class=\"elementor-section elementor-top-section elementor-element elementor-element-5de7c7c elementor-section-boxed elementor-section-height-default elementor-section-height-default\" data-id=\"5de7c7c\" data-element_type=\"section\">\n\t\t\t\t\t\t<div class=\"elementor-container elementor-column-gap-default\">\n\t\t\t\t\t<div class=\"elementor-column elementor-col-100 elementor-top-column elementor-element elementor-element-3421623\" data-id=\"3421623\" data-element_type=\"column\">\n\t\t\t<div class=\"elementor-widget-wrap elementor-element-populated\">\n\t\t\t\t\t\t<div class=\"elementor-element elementor-element-bb03595 elementor-widget elementor-widget-html\" data-id=\"bb03595\" data-element_type=\"widget\" data-widget_type=\"html.default\">\n\t\t\t\t<div class=\"elementor-widget-container\">\n\t\t\t<br><div align=\"justify\"><font color=\"black\">\r\n<div align=\"center\">\r\n<img decoding=\"async\" src=\"https:\/\/www.ufsm.br\/pro-reitorias\/proplan\/wp-content\/uploads\/sites\/344\/2019\/09\/brasao-da-republica-do-brasil-logo.png\" alt=\"Bras\u00e3o Rep\u00fablica Federativa do Brasil\" width=\"6%\" height=\"6%\" style=\"text-align: justify\">\r\n<\/div>    \r\n<h1 style=\"text-align: justify\">\r\n<font color=\"blue\">\r\n<font size=\"5\">\r\n<\/font>\r\n<\/font>\r\n<div align=\"center\">\r\n<font color=\"blue\" style=\"text-align: justify\">\r\n<font size=\"5\">MINIST\u00c9RIO DA EDUCA\u00c7\u00c3O<\/font>\r\n<\/font>\r\n<\/div>\r\n<\/h1>\r\n<p>\r\n<b>\r\n<font color=\"0000blue\">\r\n<\/font>\r\n<\/b>\r\n<\/p>\r\n<div align=\"center\">\r\n<b style=\"text-align: justify\">\r\n<font color=\"0000blue\">UNIVERSIDADE FEDERAL DE SANTA MARIA<\/font>\r\n<\/b>\r\n<\/div>\r\n<p>\r\n<\/p>\r\n<p>\r\n<b>\r\n<font color=\"0000blue\">\r\n<\/font>\r\n<\/b>\r\n<\/p>\r\n<div align=\"center\">\r\n<b style=\"text-align: justify\">\r\n<font color=\"0000blue\">PR\u00d3-REITORIA DE EXTENS\u00c3O<\/font>\r\n<\/b>\r\n<\/div>\r\n<p>\r\n<\/p>\r\n\r\n<p>\r\n<\/p>\r\n<div align=\"center\">\r\n<b style=\"text-align: justify\">\r\n<a href=\"https:\/\/portal.ufsm.br\/documentos\/publico\/documento.html?idDocumento=15352964\" style=\"color: blue !important;text-decoration: underline !important\" data-elementor-preserved=\"true\" target=\"_blank\">\r\n<font color=\"blue\">INSTRU\u00c7\u00c3O NORMATIVA PRE\/UFSM N\u00b0 001, DE 26 DE FEVEREIRO DE 2025 <\/font>\r\n<\/a>\r\n<\/b>\r\n<\/div>\r\n<p>\r\n<\/p>\r\n<br>\r\n<ul>\r\n<p>\r\n<\/p>\r\n<div align=\"justify\">\r\n<font color=\"800000\">\r\n    <div style=\"color: #800000;width: 60%;margin-left: auto;margin-right: 0;text-align: justify;font-weight: normal\">\r\n      Regulamenta a Resolu\u00e7\u00e3o UFSM n\u00b0 176, de 03 de outubro de 2024, referente \u00e0 concess\u00e3o de aux\u00edlios financeiros para discentes, no \u00e2mbito da Pr\u00f3-Reitoria de Extens\u00e3o (PRE) da Universidade Federal de Santa Maria (UFSM).\r\n    <\/div>\r\n<\/font>\r\n<\/div>\r\n<p>\r\n<\/p> \r\n<\/ul>\r\n\r\n<div>Alterada pela <a href=\"https:\/\/www.ufsm.br\/pro-reitorias\/proplan\/instrucao-normativa-pre-ufsm-n-002-2025\" style=\"color: blue !important;text-decoration: underline !important\" data-elementor-preserved=\"true\">INSTRU\u00c7\u00c3O NORMATIVA PRE\/UFSM N. 003\/2025<\/a>\r\n<\/div>\r\n<br>\r\n<p>A PR\u00d3-REITORA ADJUNTA DE EXTENS\u00c3O DA UNIVERSIDADE FEDERAL DE SANTA MARIA, no uso de suas atribui\u00e7\u00f5es legais que lhe confere o Art. 18 do <a href=\"https:\/\/www.ufsm.br\/pro-reitorias\/proplan\/regimento-geral-da-ufsm-com-alteracoes-compiladas-pela-resolucao-n-016-2019\" style=\"color: blue !important;text-decoration: underline !important\" data-elementor-preserved=\"true\">Regimento Geral da UFSM<\/a>, tendo em vista o disposto na <a href=\"https:\/\/www2.camara.leg.br\/legin\/fed\/lei\/2014\/lei-13005-25-junho-2014-778970-publicacaooriginal-144468-pl.html\" style=\"color: blue !important;text-decoration: underline !important\" data-elementor-preserved=\"true\">Lei n\u00b0 13.005<\/a>, de 25 de junho de 2014, no <a href=\"https:\/\/www.planalto.gov.br\/ccivil_03\/_ato2023-2026\/2024\/decreto\/d12002.htm\" style=\"color: blue !important;text-decoration: underline !important\" data-elementor-preserved=\"true\">Decreto n\u00b0 12.002<\/a>, de 22 de abril de 2024, na <a href=\"https:\/\/www.ufsm.br\/pro-reitorias\/proplan\/resolucao-n-006-2019\" style=\"color: blue !important;text-decoration: underline !important\" data-elementor-preserved=\"true\">Resolu\u00e7\u00e3o UFSM n\u00b0 006<\/a>, de 29 de abril de 2019, na <a href=\"https:\/\/www.ufsm.br\/pro-reitorias\/proplan\/resolucao-ufsm-n-176-2024\" style=\"color: blue !important;text-decoration: underline !important\" data-elementor-preserved=\"true\">Resolu\u00e7\u00e3o UFSM n\u00b0 176<\/a>, de 03 de outubro de 2024, e o que consta no <a href=\"https:\/\/portal.ufsm.br\/documentos\/publico\/processo\/documento.html?idDocumento=15332465\" style=\"color: blue !important;text-decoration: underline !important\" data-elementor-preserved=\"true\">Processo n\u00b0 23081.010396\/2025-11<\/a>, resolve:<\/p>\r\n<p>Art. 1\u00b0&nbsp; Regulamentar a <a href=\"https:\/\/www.ufsm.br\/pro-reitorias\/proplan\/resolucao-ufsm-n-176-2024\" style=\"color: blue !important;text-decoration: underline !important\" data-elementor-preserved=\"true\">Resolu\u00e7\u00e3o UFSM n\u00b0 176<\/a>, de 03 de outubro de 2024, referente \u00e0 concess\u00e3o de aux\u00edlios financeiros para discentes, no \u00e2mbito da Pr\u00f3-Reitoria de Extens\u00e3o (PRE) da Universidade Federal de Santa Maria (UFSM).<\/p>\r\n<p>Paragrafo \u00fanico.&nbsp; A origem das verbas que ir\u00e3o custear os respectivos pagamentos previstos nesta Instru\u00e7\u00e3o Normativa (IN) ser\u00e1 de recursos pr\u00f3prios do or\u00e7amento da Universidade Federal de Santa Maria (UFSM).<\/p>\r\n<p>Art. 2\u00b0&nbsp; Para fins desta Instru\u00e7\u00e3o Normativa, os aux\u00edlios financeiros s\u00e3o classificados em 3 (tr\u00eas) categorias:<\/p>\r\n<p>I \u2013 bolsas estudantis de extens\u00e3o: s\u00e3o aquelas decorrentes da aplica\u00e7\u00e3o de recursos or\u00e7ament\u00e1rios que atendam demandas para execu\u00e7\u00e3o das atividades previstas nas a\u00e7\u00f5es de extens\u00e3o, devidamente registradas no Portal de Projetos da UFSM, contemplando discentes das seguintes categorias:<\/p>\r\n<p>a) bolsa de inicia\u00e7\u00e3o extensionista: destinada a estudantes do Ensino M\u00e9dio de escolas de educa\u00e7\u00e3o b\u00e1sica, internos(as) e externos(as), desde que vinculados(as) a uma a\u00e7\u00e3o de extens\u00e3o registrada no Portal de Projetos da UFSM, visando uma forma\u00e7\u00e3o inclusiva e transformadora;<\/p>\r\n<p>b) bolsa de incentivo \u00e0 extens\u00e3o: destinada a estudantes regularmente matriculados(as) em cursos de gradua\u00e7\u00e3o da UFSM, visando fomentar a participa\u00e7\u00e3o discente em a\u00e7\u00f5es de extens\u00e3o universit\u00e1ria;<\/p>\r\n<p>c) bolsa de inser\u00e7\u00e3o social: destinada a estudantes regularmente matriculados(as) em cursos de p\u00f3sgradua\u00e7\u00e3o da UFSM, visando ampliar o impacto e a visibilidade das atividades da p\u00f3s-gradua\u00e7\u00e3o na sociedade; e<\/p>\r\n<p>d) bolsa de suporte \u00e0 extens\u00e3o: destinada a estudantes de qualquer n\u00edvel (m\u00e9dio, gradua\u00e7\u00e3o e p\u00f3sgradua\u00e7\u00e3o), a qual \u00e9 dividida em 2 (duas) subcategorias:<\/p>\r\n<p>1. pontual: atua\u00e7\u00e3o em eventos, feiras e atendimentos a demandas espec\u00edficas da Pr\u00f3-Reitoria de Extens\u00e3o (PRE); e&nbsp;<\/p>\r\n<p>2. cont\u00ednua: atua\u00e7\u00e3o em espa\u00e7os de planejamento e desenvolvimento de atividades de suporte \u00e0 extens\u00e3o da PRE.<\/p>\r\n<p>II \u2013 benef\u00edcios: referem-se a recursos ou vantagens adicionais concedidas a discentes para apoiar suas necessidades, financeiras e sociais, bem como para facilitar o cumprimento das atividades extensionistas, contemplando as seguintes categorias:<\/p>\r\n<p>a) aquisi\u00e7\u00e3o de materiais art\u00edsticos-pedag\u00f3gicos para o desenvolvimento das pr\u00e1ticas extensionistas;<\/p>\r\n<p>b) alimenta\u00e7\u00e3o durante o desenvolvimento das pr\u00e1ticas extensionistas; e<\/p>\r\n<p>c) transporte para o desenvolvimento das pr\u00e1ticas extensionistas, na impossibilidade de atendimento pelo N\u00facleo de Transporte da UFSM.<\/p>\r\n<p>III \u2013 aux\u00edlios eventuais: correspondem a aux\u00edlios financeiros destinados a discentes para participa\u00e7\u00e3o em eventos, em conson\u00e2ncia com a <a href=\"https:\/\/www.ufsm.br\/pro-reitorias\/proplan\/resolucao-ufsm-n-176-2024\" style=\"color: blue !important;text-decoration: underline !important\" data-elementor-preserved=\"true\">Resolu\u00e7\u00e3o UFSM n\u00b0 176<\/a>, de 03 de outubro de 2024, art. 12, \u00a7 1\u00b0, podendo ser concedido na forma de:<\/p>\r\n<p>a) passagens e transporte;<\/p>\r\n<p>b) di\u00e1rias;<\/p>\r\n<p>c) inscri\u00e7\u00f5es para eventos; ou<\/p>\r\n<p>d) valor pecuni\u00e1rio parcial ou global a ser estipulado pela Pr\u00f3-Reitoria de Extens\u00e3o conforme local de realiza\u00e7\u00e3o, dura\u00e7\u00e3o e rela\u00e7\u00e3o com a extens\u00e3o, respeitando o disposto nos incisos V, VI e VII do art. 3\u00b0 desta Instru\u00e7\u00e3o Normativa.<\/p>\r\n<p>Art. 3\u00b0&nbsp; Para fins de pagamento dos aux\u00edlios financeiros de que trata esta Instru\u00e7\u00e3o Normativa, s\u00e3o considerados os seguintes valores:<\/p>\r\n<p>\r\n<strike>I \u2013 bolsa de inicia\u00e7\u00e3o extensionista: o valor mensal da bolsa correspondente a 12 (doze) horas semanais de atua\u00e7\u00e3o ser\u00e1 de R$ 300,00 (trezentos reais);<\/strike>\r\n<\/p>\r\n<p>\r\n<strike>II \u2013 bolsa de incentivo \u00e0 extens\u00e3o: o valor mensal da bolsa correspondente a 16 (dezesseis) horas semanais de atua\u00e7\u00e3o ser\u00e1 de R$ 400,00 (quatrocentos reais) e a correspondente a 20 (vinte) horas semanais ser\u00e1 de R$ 500,00 (quinhentos reais);<\/strike> (<a href=\"https:\/\/www.ufsm.br\/pro-reitorias\/proplan\/instrucao-normativa-pre-ufsm-n-002-2025\" style=\"color: blue !important;text-decoration: underline !important\" data-elementor-preserved=\"true\">Reda\u00e7\u00e3o alterada pela Instru\u00e7\u00e3o Normativa PRE\/UFSM N. 003\/2025<\/a>)<\/p>\r\n<p style=\"text-align: justify\">\r\n<span lang=\"PT\" style=\"text-align: justify\">I \u2013 bolsa de\r\ninicia\u00e7\u00e3o extensionista: o valor mensal da bolsa correspondente a 12 (doze)\r\nhoras semanais de atua\u00e7\u00e3o ser\u00e1 de R$ 420,00 (quatrocentos e vinte reais);<\/span>\r\n<\/p>\r\n<p>\r\n\r\n\r\n\r\n\r\n\r\n\r\n\r\n\r\n\r\n\r\n\r\n\r\n<!--StartFragment-->\r\n\r\n\r\n\r\n<span lang=\"PT\">II \u2013 bolsa de incentivo \u00e0 extens\u00e3o: o valor mensal da bolsa\r\ncorrespondente a 16 (dezesseis) horas semanais de atua\u00e7\u00e3o ser\u00e1 de R$ 560,00\r\n(quinhentos e sessenta reais) e a correspondente a 20 (vinte) horas semanais\r\nser\u00e1 de R$ 700,00 (setecentos reais);&nbsp;<\/span>(<a href=\"https:\/\/www.ufsm.br\/pro-reitorias\/proplan\/instrucao-normativa-pre-ufsm-n-002-2025\" style=\"color: blue !important;text-decoration: underline !important\" data-elementor-preserved=\"true\">Reda\u00e7\u00e3o dada pela Instru\u00e7\u00e3o Normativa PRE\/UFSM N. 003\/2025<\/a>)<!--EndFragment-->\r\n<\/p>\r\n<!--StartFragment-->\r\n<!--EndFragment-->\r\n<p>III \u2013 bolsa de inser\u00e7\u00e3o social: o valor mensal da bolsa correspondente a 12 (doze) horas semanais de atua\u00e7\u00e3o ser\u00e1 de R$ 570,00 (quinhentos e setenta reais) e a correspondente a 20 (vinte) horas semanais ser\u00e1 de R$ 950,00 (novecentos e cinquenta reais);<\/p>\r\n<p>IV \u2013 bolsa de suporte \u00e0 extens\u00e3o:<\/p>\r\n<p>a) pontual: valor de R$ 80,00 (oitenta reais) por discente e por turno de atividade de extens\u00e3o; e<\/p>\r\n<p>b) cont\u00ednua: o valor da bolsa e da carga hor\u00e1ria segue o padr\u00e3o das categorias dispostas nos incisos I, II e III deste artigo.<\/p>\r\n<p>V \u2013 aquisi\u00e7\u00e3o de materiais art\u00edsticos-pedag\u00f3gicos para o desenvolvimento das pr\u00e1ticas extensionistas: valor de refer\u00eancia de R$ 50,00 (cinquenta reais) por discente e por atividade de extens\u00e3o;<\/p>\r\n<p>VI \u2013 alimenta\u00e7\u00e3o durante o desenvolvimento das pr\u00e1ticas extensionistas: valor de refer\u00eancia de R$ 30,00 (trinta reais) por refei\u00e7\u00e3o, por discente e por atividade de extens\u00e3o; e<\/p>\r\n<p>VII \u2013 transporte para o desenvolvimento das pr\u00e1ticas extensionistas, na impossibilidade de atendimento pelo N\u00facleo de Transporte da UFSM: valor de refer\u00eancia de R$ 20,00 (vinte reais) por discente e por atividade de extens\u00e3o, no caso de deslocamento no per\u00edmetro urbano dos munic\u00edpios onde a UFSM possui campus e, nos demais casos, ser\u00e1 praticado o valor das tarifas intermunicipais.&nbsp;<\/p>\r\n<p>\u00a7 1\u00b0&nbsp; No caso de a atua\u00e7\u00e3o do(a) bolsista ultrapassar a carga hor\u00e1ria semanal descrita nos incisos IV, al\u00ednea b, deste artigo, e considerando o limite de 40 (quarenta) horas semanais estabelecido no art. 9\u00b0 da <a href=\"https:\/\/www.ufsm.br\/pro-reitorias\/proplan\/resolucao-ufsm-n-176-2024\" style=\"color: blue !important;text-decoration: underline !important\" data-elementor-preserved=\"true\">Resolu\u00e7\u00e3o UFSM n\u00b0 176<\/a>, de 03 de outubro de 2024, o valor da bolsa poder\u00e1 ser superior ao valor definido nesta Instru\u00e7\u00e3o Normativa, desde que calculado proporcionalmente conforme o n\u00famero de horas trabalhadas pelo(a) bolsista, devendo o(a) servidor(a) respons\u00e1vel pela atua\u00e7\u00e3o do(a) discente, neste caso, apresentar ao N\u00facleo de Apoio Or\u00e7ament\u00e1rio da PRE documento justificando o pagamento de valor superior aos limites estabelecidos, de acordo com o modelo disposto no <a href=\"https:\/\/www.ufsm.br\/pro-reitorias\/proplan\/anexo-i-da-instrucao-normativa-pre-ufsm-n-001-2025\" style=\"color: blue !important;text-decoration: underline !important\" data-elementor-preserved=\"true\">Anexo I<\/a> desta Instru\u00e7\u00e3o Normativa.<\/p>\r\n<p>\u00a7 2\u00b0&nbsp; A solicita\u00e7\u00e3o de qualquer das categorias de benef\u00edcios dever\u00e1 ser prevista quando da submiss\u00e3o da a\u00e7\u00e3o nos editais da Pr\u00f3-Reitoria de Extens\u00e3o e vir acompanhada de justificativa.<\/p>\r\n<p>\u00a7 3\u00b0&nbsp; A concess\u00e3o de benef\u00edcios ser\u00e1 realizada conforme disponibilidade or\u00e7ament\u00e1ria da Pr\u00f3-Reitoria de Extens\u00e3o.<\/p>\r\n<p>\u00a7 4\u00b0&nbsp; Independente da forma de recebimento, haver\u00e1 a necessidade de presta\u00e7\u00e3o de contas das despesas executadas referentes aos benef\u00edcios e aux\u00edlios eventuais de que trata esta Instru\u00e7\u00e3o Normativa, por meio de apresenta\u00e7\u00e3o de declara\u00e7\u00e3o, conforme o modelo disposto no <a href=\"https:\/\/www.ufsm.br\/pro-reitorias\/proplan\/anexo-ii-da-instrucao-normativa-pre-ufsm-n-001-2025\" style=\"color: blue !important;text-decoration: underline !important\" data-elementor-preserved=\"true\">Anexo II<\/a> desta Instru\u00e7\u00e3o Normativa, emitida pelo(a) coordenador(a) da a\u00e7\u00e3o de extens\u00e3o para o setor concedente, sendo que a n\u00e3o entrega implicar\u00e1 a\u00e7\u00e3o administrativa interna e a devolu\u00e7\u00e3o dos valores concedidos.<\/p>\r\n<p>Art. 4\u00b0&nbsp; Conforme a <a href=\"https:\/\/www.ufsm.br\/pro-reitorias\/proplan\/resolucao-ufsm-n-176-2024\" style=\"color: blue !important;text-decoration: underline !important\" data-elementor-preserved=\"true\">Resolu\u00e7\u00e3o UFSM n\u00b0 176<\/a>, de 03 de outubro de 2024, o valor de refer\u00eancia utilizado nesta IN \u00e9 correspondente a 65% (sessenta e cinco por cento) do sal\u00e1rio m\u00ednimo nacional vigente.<\/p>\r\n<p>Art. 5\u00b0&nbsp; A concess\u00e3o dos aux\u00edlios financeiros mencionados no art. 2\u00b0 desta Instru\u00e7\u00e3o Normativa n\u00e3o gera v\u00ednculo empregat\u00edcio com a UFSM.<\/p>\r\n<p>Art. 6\u00b0&nbsp; A inobserv\u00e2ncia ao disposto nesta Instru\u00e7\u00e3o Normativa n\u00e3o constitui escusa v\u00e1lida para o descumprimento da norma nem resulta em sua invalidade.&nbsp;<\/p>\r\n<p>Art. 7\u00b0&nbsp; Esta Instru\u00e7\u00e3o Normativa entra em vigor na data de sua publica\u00e7\u00e3o, de acordo com o que prev\u00ea o&nbsp;<a href=\"https:\/\/www.planalto.gov.br\/ccivil_03\/_ato2023-2026\/2024\/decreto\/d12002.htm\" style=\"color: blue !important;text-decoration: underline !important\" data-elementor-preserved=\"true\">Decreto n\u00b0 12.002<\/a>, de 22 de abril de 2024, art. 18, IV.&nbsp; &nbsp;<\/p>\r\n<br>\r\n\r\n<p>Jaciele Carine Vidor Sell<\/p>\r\n<p>Pr\u00f3-Reitora Adjunta de Extens\u00e3o da UFSM<\/p>\r\n<br>\r\n\r\n<p>\r\n<font color=\"red0000\">Este texto n\u00e3o substitui o documento original, publicado no Portal de Documentos.<\/font> Dispon\u00edvel em: <a href=\"https:\/\/portal.ufsm.br\/documentos\/publico\/documento.html?idDocumento=15352964\" style=\"color: blue !important;text-decoration: underline !important\" data-elementor-preserved=\"true\">\r\n<font color=\"blue\"> https:\/\/portal.ufsm.br\/documentos\/publico\/documento.html?idDocumento=15352964<\/font>\r\n<\/a>\r\n<\/p>\r\n<\/font><\/div>\t\t<\/div>\n\t\t\t\t<\/div>\n\t\t\t\t\t<\/div>\n\t\t<\/div>\n\t\t\t\t\t<\/div>\n\t\t<\/section>\n\t\t\t\t<\/div>\n\t\t","protected":false},"excerpt":{"rendered":"<p>MINIST\u00c9RIO DA EDUCA\u00c7\u00c3O UNIVERSIDADE FEDERAL DE SANTA MARIA PR\u00d3-REITORIA DE EXTENS\u00c3O INSTRU\u00c7\u00c3O NORMATIVA PRE\/UFSM N\u00b0 001, DE 26 DE FEVEREIRO DE 2025 Regulamenta a Resolu\u00e7\u00e3o UFSM n\u00b0 176, de 03 de outubro de 2024, referente \u00e0 concess\u00e3o de aux\u00edlios financeiros para discentes, no \u00e2mbito da Pr\u00f3-Reitoria de Extens\u00e3o (PRE) da Universidade Federal de Santa Maria [&hellip;]<\/p>\n","protected":false},"author":1466,"featured_media":0,"parent":0,"menu_order":0,"comment_status":"closed","ping_status":"closed","template":"","meta":{"footnotes":""},"categories":[],"tags":[],"class_list":["post-6432","page","type-page","status-publish","hentry"],"acf":[],"_links":{"self":[{"href":"https:\/\/www.ufsm.br\/pro-reitorias\/proplan\/wp-json\/wp\/v2\/pages\/6432","targetHints":{"allow":["GET"]}}],"collection":[{"href":"https:\/\/www.ufsm.br\/pro-reitorias\/proplan\/wp-json\/wp\/v2\/pages"}],"about":[{"href":"https:\/\/www.ufsm.br\/pro-reitorias\/proplan\/wp-json\/wp\/v2\/types\/page"}],"author":[{"embeddable":true,"href":"https:\/\/www.ufsm.br\/pro-reitorias\/proplan\/wp-json\/wp\/v2\/users\/1466"}],"replies":[{"embeddable":true,"href":"https:\/\/www.ufsm.br\/pro-reitorias\/proplan\/wp-json\/wp\/v2\/comments?post=6432"}],"version-history":[{"count":0,"href":"https:\/\/www.ufsm.br\/pro-reitorias\/proplan\/wp-json\/wp\/v2\/pages\/6432\/revisions"}],"wp:attachment":[{"href":"https:\/\/www.ufsm.br\/pro-reitorias\/proplan\/wp-json\/wp\/v2\/media?parent=6432"}],"wp:term":[{"taxonomy":"category","embeddable":true,"href":"https:\/\/www.ufsm.br\/pro-reitorias\/proplan\/wp-json\/wp\/v2\/categories?post=6432"},{"taxonomy":"post_tag","embeddable":true,"href":"https:\/\/www.ufsm.br\/pro-reitorias\/proplan\/wp-json\/wp\/v2\/tags?post=6432"}],"curies":[{"name":"wp","href":"https:\/\/api.w.org\/{rel}","templated":true}]}}